{"id":5060,"date":"2025-06-28T17:01:51","date_gmt":"2025-06-28T15:01:51","guid":{"rendered":"https:\/\/uj.adatbank.ro\/lexikon\/termek\/bogdan-theodor-a-%c2%a7\/"},"modified":"2025-06-28T17:01:51","modified_gmt":"2025-06-28T15:01:51","slug":"bogdan-theodor-a-%c2%a7","status":"publish","type":"product","link":"https:\/\/uj.adatbank.ro\/lexikon\/termek\/bogdan-theodor-a-%c2%a7\/","title":{"rendered":"BOGDAN Theodor A., \u00a7"},"content":{"rendered":"<p>Farag\u00f3, 1877. febr. 21., \u2020 Farag\u00f3, 1945. jan. 17.: tan\u00edt\u00f3, n\u00e9prajzkutat\u00f3. \u2013 Tanult sz\u00fcl\u0151fal\u00faj\u00e1ban majd Bal\u00e1zsfalv\u00e1n v\u00e9gzett l\u00edc.-ot \u00e9s tan\u00edt\u00f3k\u00e9pz\u0151t (1892\u201396). Tan\u00edtott Mez\u0151s\u00e1msondon (1896\u2013), Marosfelfaluban (1897\u2013), Sz\u00e1szr\u00e9genben, Tancson \u00e9s meg\u00e1llapodott Beszterc\u00e9n (1903\u2013). L\u00e9trehozta a Biblioteca s\u0103teanului c. sorozatot, az Astra akt\u00edv tagja volt; kiadta a Glasul poporului c. hetilapot R\u00e9genben (1923\u201331). A Mez\u0151s\u00e9gen, G\u00f6rg\u00e9nyben, R\u00e9gen k\u00f6rny\u00e9k\u00e9n \u00e9s a Maros v\u00f6lgy\u00e9ben n\u00e9pk\u00f6lt\u00e9si gy\u0171jt\u00e9st is v\u00e9gzett, amelynek term\u00e9s\u00e9t a Balade alese, culese din gura poporului din Transilvania c.-mel adott ki, \u00e9s el\u0151sz\u00f3val l\u00e1ttott el (1901). Balade \u015fi legende poporale c. k\u00e9ziratos k\u00f6tet\u00e9vel szerepelt az ASTRA ki\u00e1ll\u00edt\u00e1s\u00e1n Szebenben (1905). R\u00e9genben a \u015etefan cel Mare folkl\u00f3rgy\u0171jtem\u00e9nye kiad\u00e1sa miatt l\u00e1z\u00edt\u00f3nak min\u0151s\u00edtett\u00e9k \u00e9s letart\u00f3ztatt\u00e1k. Anyagi t\u00e1mogat\u00f3t azonban nem tal\u00e1lt, ez\u00e9rt gy\u0171jtem\u00e9ny\u00e9nek nagy r\u00e9sze k\u00e9ziratban \u00e9s a kor sajt\u00f3j\u00e1ban sz\u00e9tsz\u00f3rva maradt meg: Versei, cikkei a Calendarul poporului, Familia, Foaia poporului, Gazeta Transilvaniei, Revista Bistri\u0163ei, Revista ilustrat\u0103, Tribuna poporulu, Luceaf\u0103rul, Tribuna c. foly\u00f3iratokan jelentek meg. N\u00e9pk\u00f6lt\u00e9szeti gy\u0171jt\u0151munk\u00e1ss\u00e1ga jelent\u0151s, ez\u00e9rt Andrei \u015eaguna d\u00edjjal jutalmazt\u00e1k (1905). \u2013 <strong>F. m.:<\/strong> Balade alese, culese din gura poporului transilvan (Bistri\u0163a, 1901); Colinde alese din C\u00e2mpia Ardealului (Bistri\u0163a, 1901); \u015etefan cel Mare. Tradi\u0163ii, legende, balade, colinde (Bra\u015fov, 1904); 212 balade \u015fi legende populare (1905); Cunoa\u015fterea p\u0103m\u00eentului \u015fi gunoirea lui (Bra\u015fov, 1905); Anecdote. \u0162\u0103ranul, jidanul \u015fi mocanul despre sborul lui Vlaicu (Bistri\u0163a, 1912); Legenda pa\u015ftelui (Buc., 1967). <br \/><strong>Irod.:<\/strong> B\u00edr\u00f3 Don\u00e1t; Cosma; F\u0103r\u0103g\u0103u; Guly\u00e1s; Profiluri mure\u015fene. 1.; Szab\u00f3 Mih\u00e1ly: A r\u00e9geni sajt\u00f3 t\u00f6rt\u00e9net\u00e9b\u0151l (2.) (V. \u00edZ., 1983. m\u00e1rc. 27.); \u015eerban 2006; Tanco<\/br><\/p>\n","protected":false},"excerpt":{"rendered":"<p>Farag\u00f3, 1877. febr. 21., \u2020 Farag\u00f3, 1945. jan. 17.: tan\u00edt\u00f3, n\u00e9prajzkutat\u00f3. \u2013 Tanult sz\u00fcl\u0151fal\u00faj\u00e1ban majd Bal\u00e1zsfalv\u00e1n v\u00e9gzett l\u00edc.-ot \u00e9s tan\u00edt\u00f3k\u00e9pz\u0151t (1892\u201396). Tan\u00edtott Mez\u0151s\u00e1msondon (1896\u2013), Marosfelfaluban (1897\u2013), Sz\u00e1szr\u00e9genben, Tancson \u00e9s meg\u00e1llapodott Beszterc\u00e9n (1903\u2013). L\u00e9trehozta a Biblioteca s\u0103teanului c. sorozatot, az Astra akt\u00edv tagja volt; kiadta a Glasul poporului c. hetilapot R\u00e9genben (1923\u201331). A Mez\u0151s\u00e9gen, G\u00f6rg\u00e9nyben, R\u00e9gen [&hellip;]<\/p>\n","protected":false},"featured_media":0,"comment_status":"open","ping_status":"closed","template":"","meta":[],"product_brand":[],"product_cat":[137],"product_tag":[],"class_list":{"0":"post-5060","1":"product","2":"type-product","3":"status-publish","5":"product_cat-maros-megyei-eletrajzi-lexikon","7":"first","8":"instock","9":"shipping-taxable","10":"product-type-simple"},"_links":{"self":[{"href":"https:\/\/uj.adatbank.ro\/lexikon\/wp-json\/wp\/v2\/product\/5060","targetHints":{"allow":["GET"]}}],"collection":[{"href":"https:\/\/uj.adatbank.ro\/lexikon\/wp-json\/wp\/v2\/product"}],"about":[{"href":"https:\/\/uj.adatbank.ro\/lexikon\/wp-json\/wp\/v2\/types\/product"}],"replies":[{"embeddable":true,"href":"https:\/\/uj.adatbank.ro\/lexikon\/wp-json\/wp\/v2\/comments?post=5060"}],"wp:attachment":[{"href":"https:\/\/uj.adatbank.ro\/lexikon\/wp-json\/wp\/v2\/media?parent=5060"}],"wp:term":[{"taxonomy":"product_brand","embeddable":true,"href":"https:\/\/uj.adatbank.ro\/lexikon\/wp-json\/wp\/v2\/product_brand?post=5060"},{"taxonomy":"product_cat","embeddable":true,"href":"https:\/\/uj.adatbank.ro\/lexikon\/wp-json\/wp\/v2\/product_cat?post=5060"},{"taxonomy":"product_tag","embeddable":true,"href":"https:\/\/uj.adatbank.ro\/lexikon\/wp-json\/wp\/v2\/product_tag?post=5060"}],"curies":[{"name":"wp","href":"https:\/\/api.w.org\/{rel}","templated":true}]}}

<p>Faragó, 1877. febr. 21., † Faragó, 1945. jan. 17.: tanító, néprajzkutató. – Tanult szülőfalújában majd Balázsfalván végzett líc.-ot és tanítóképzőt (1892–96). Tanított Mezősámsondon (1896–), Marosfelfaluban (1897–), Szászrégenben, Tancson és megállapodott Besztercén (1903–). Létrehozta a Biblioteca săteanului c. sorozatot, az Astra aktív tagja volt; kiadta a Glasul poporului c. hetilapot Régenben (1923–31). A Mezőségen, Görgényben, Régen környékén és a Maros völgyében népköltési gyűjtést is végzett, amelynek termését a Balade alese, culese din gura poporului din Transilvania c.-mel adott ki, és előszóval láttott el (1901). Balade şi legende poporale c. kéziratos kötetével szerepelt az ASTRA kiállításán Szebenben (1905). Régenben a Ştefan cel Mare folklórgyűjteménye kiadása miatt lázítónak minősítették és letartóztatták. Anyagi támogatót azonban nem talált, ezért gyűjteményének nagy része kéziratban és a kor sajtójában szétszórva maradt meg: Versei, cikkei a Calendarul poporului, Familia, Foaia poporului, Gazeta Transilvaniei, Revista Bistriţei, Revista ilustrată, Tribuna poporulu, Luceafărul, Tribuna c. folyóiratokan jelentek meg. Népköltészeti gyűjtőmunkássága jelentős, ezért Andrei Şaguna díjjal jutalmazták (1905). – <strong>F. m.:</strong> Balade alese, culese din gura poporului transilvan (Bistriţa, 1901); Colinde alese din Câmpia Ardealului (Bistriţa, 1901); Ştefan cel Mare. Tradiţii, legende, balade, colinde (Braşov, 1904); 212 balade şi legende populare (1905); Cunoaşterea pămîntului şi gunoirea lui (Braşov, 1905); Anecdote. Ţăranul, jidanul şi mocanul despre sborul lui Vlaicu (Bistriţa, 1912); Legenda paştelui (Buc., 1967). <br /><strong>Irod.:</strong> Bíró Donát; Cosma; Fărăgău; Gulyás; Profiluri mureşene. 1.; Szabó Mihály: A régeni sajtó történetéből (2.) (V. íZ., 1983. márc. 27.); Şerban 2006; Tanco</br></p>

<p>Faragó, 1877. febr. 21., † Faragó, 1945. jan. 17.: tanító, néprajzkutató. – Tanult szülőfalújában majd Balázsfalván végzett líc.-ot és tanítóképzőt (1892–96). Tanított Mezősámsondon (1896–), Marosfelfaluban (1897–), Szászrégenben, Tancson és megállapodott Besztercén (1903–). Létrehozta a Biblioteca săteanului c. sorozatot, az Astra aktív tagja volt; kiadta a Glasul poporului c. hetilapot Régenben (1923–31). A Mezőségen, Görgényben, Régen [&hellip;]</p>
