{"id":5062,"date":"2025-06-28T17:01:55","date_gmt":"2025-06-28T15:01:55","guid":{"rendered":"https:\/\/uj.adatbank.ro\/lexikon\/termek\/bogdanffy-bela-szamosujvari\/"},"modified":"2025-06-28T17:01:55","modified_gmt":"2025-06-28T15:01:55","slug":"bogdanffy-bela-szamosujvari","status":"publish","type":"product","link":"https:\/\/uj.adatbank.ro\/lexikon\/termek\/bogdanffy-bela-szamosujvari\/","title":{"rendered":"BOGD\u00c1NFFY B\u00e9la, szamos\u00fajv\u00e1ri"},"content":{"rendered":"<p>Ny\u00e1r\u00e1dszereda, 1887. \u00e1pr. 18., \u2020 ? : husz\u00e1rezredes. \u2013 Dr. B. Mikl\u00f3s \u00e9s Simay M\u00e1ria fia. \u2013 A Ludovika Akad. elv\u00e9gz\u00e9se ut\u00e1n megkezdte t\u00e9nyleges szolg\u00e1lat\u00e1t a kv.-i 21. honv\u00e9d gyalogezredn\u00e9l (1907. aug. 18. \u2013), majd a honv\u00e9d lovass\u00e1ghoz ker\u00fclt (1910). Az I. vh.-ban a harct\u00e9ren volt (1914. aug. 10. \u2013 1916. m\u00e1j. 20. \u00e9s 1917. okt. 15. \u2013) a 9. husz\u00e1rezred k\u00f6tel\u00e9k\u00e9ben. Hadifogs\u00e1ga 10 h\u00f3napig tartott. Sz\u00e1zadoss\u00e1 l\u00e9ptett\u00e9k el\u0151 (1920. m\u00e1j. 1.), ezredes (1936. nov. 1.). Nyugd\u00edjazt\u00e1k (1943. febr. 1.). Sz\u00e9kesfeh\u00e9rv\u00e1r, \u00d3dalmand voltak \u00e1llom\u00e1shelyei, majd Kaposv\u00e1ron \u00e9lt. <br \/><strong>Irod.:<\/strong> Bene-Szab\u00f3; Koszta<\/br><\/p>\n","protected":false},"excerpt":{"rendered":"<p>Ny\u00e1r\u00e1dszereda, 1887. \u00e1pr. 18., \u2020 ? : husz\u00e1rezredes. \u2013 Dr. B. Mikl\u00f3s \u00e9s Simay M\u00e1ria fia. \u2013 A Ludovika Akad. elv\u00e9gz\u00e9se ut\u00e1n megkezdte t\u00e9nyleges szolg\u00e1lat\u00e1t a kv.-i 21. honv\u00e9d gyalogezredn\u00e9l (1907. aug. 18. \u2013), majd a honv\u00e9d lovass\u00e1ghoz ker\u00fclt (1910). Az I. vh.-ban a harct\u00e9ren volt (1914. aug. 10. \u2013 1916. m\u00e1j. 20. \u00e9s 1917. [&hellip;]<\/p>\n","protected":false},"featured_media":0,"comment_status":"open","ping_status":"closed","template":"","meta":[],"product_brand":[],"product_cat":[137],"product_tag":[],"class_list":{"0":"post-5062","1":"product","2":"type-product","3":"status-publish","5":"product_cat-maros-megyei-eletrajzi-lexikon","7":"first","8":"instock","9":"shipping-taxable","10":"product-type-simple"},"_links":{"self":[{"href":"https:\/\/uj.adatbank.ro\/lexikon\/wp-json\/wp\/v2\/product\/5062","targetHints":{"allow":["GET"]}}],"collection":[{"href":"https:\/\/uj.adatbank.ro\/lexikon\/wp-json\/wp\/v2\/product"}],"about":[{"href":"https:\/\/uj.adatbank.ro\/lexikon\/wp-json\/wp\/v2\/types\/product"}],"replies":[{"embeddable":true,"href":"https:\/\/uj.adatbank.ro\/lexikon\/wp-json\/wp\/v2\/comments?post=5062"}],"wp:attachment":[{"href":"https:\/\/uj.adatbank.ro\/lexikon\/wp-json\/wp\/v2\/media?parent=5062"}],"wp:term":[{"taxonomy":"product_brand","embeddable":true,"href":"https:\/\/uj.adatbank.ro\/lexikon\/wp-json\/wp\/v2\/product_brand?post=5062"},{"taxonomy":"product_cat","embeddable":true,"href":"https:\/\/uj.adatbank.ro\/lexikon\/wp-json\/wp\/v2\/product_cat?post=5062"},{"taxonomy":"product_tag","embeddable":true,"href":"https:\/\/uj.adatbank.ro\/lexikon\/wp-json\/wp\/v2\/product_tag?post=5062"}],"curies":[{"name":"wp","href":"https:\/\/api.w.org\/{rel}","templated":true}]}}

BOGDÁNFFY Béla, szamosújvári

<p>Nyárádszereda, 1887. ápr. 18., † ? : huszárezredes. – Dr. B. Miklós és Simay Mária fia. – A Ludovika Akad. elvégzése után megkezdte tényleges szolgálatát a kv.-i 21. honvéd gyalogezrednél (1907. aug. 18. –), majd a honvéd lovassághoz került (1910). Az I. vh.-ban a harctéren volt (1914. aug. 10. – 1916. máj. 20. és 1917. okt. 15. –) a 9. huszárezred kötelékében. Hadifogsága 10 hónapig tartott. Századossá léptették elő (1920. máj. 1.), ezredes (1936. nov. 1.). Nyugdíjazták (1943. febr. 1.). Székesfehérvár, Ódalmand voltak állomáshelyei, majd Kaposváron élt. <br /><strong>Irod.:</strong> Bene-Szabó; Koszta</br></p>

<p>Nyárádszereda, 1887. ápr. 18., † ? : huszárezredes. – Dr. B. Miklós és Simay Mária fia. – A Ludovika Akad. elvégzése után megkezdte tényleges szolgálatát a kv.-i 21. honvéd gyalogezrednél (1907. aug. 18. –), majd a honvéd lovassághoz került (1910). Az I. vh.-ban a harctéren volt (1914. aug. 10. – 1916. máj. 20. és 1917. [&hellip;]</p>
