{"id":5069,"date":"2025-06-28T17:02:09","date_gmt":"2025-06-28T15:02:09","guid":{"rendered":"https:\/\/uj.adatbank.ro\/lexikon\/termek\/bogner-wilhelm-joseph\/"},"modified":"2025-06-28T17:02:09","modified_gmt":"2025-06-28T15:02:09","slug":"bogner-wilhelm-joseph","status":"publish","type":"product","link":"https:\/\/uj.adatbank.ro\/lexikon\/termek\/bogner-wilhelm-joseph\/","title":{"rendered":"BOGNER Wilhelm Joseph"},"content":{"rendered":"<p>Sz\u00e1szr\u00e9gen, ? \u2020 ? : hadnagy. \u2013 Alhadnagyk\u00e9nt a mv.-i 51. gyalogezredben szolg\u00e1lt, ahol hadnagyi (1854), f\u0151hadnagyi (1866), kapit\u00e1nyi rangot \u00e9rt el (1869), \u00e9s tan\u00e1r is volt a Gyalogos Isk.-ban (1862\u2013). Mv.-r\u0151l ugyanolyan rangban Kass\u00e1ra helyezt\u00e9k a Fels\u0151bb Katonai Isk.-ba (1866\u2013). B\u00e9csbe helyezt\u00e9k magyartan\u00e1rnak a neustadti Katonai Akad.-ra (1870\u2013). Nyugd\u00edjba vonult (1872\u2013). <br \/><strong>Irod.:<\/strong> Reghin, militari<\/br><\/p>\n","protected":false},"excerpt":{"rendered":"<p>Sz\u00e1szr\u00e9gen, ? \u2020 ? : hadnagy. \u2013 Alhadnagyk\u00e9nt a mv.-i 51. gyalogezredben szolg\u00e1lt, ahol hadnagyi (1854), f\u0151hadnagyi (1866), kapit\u00e1nyi rangot \u00e9rt el (1869), \u00e9s tan\u00e1r is volt a Gyalogos Isk.-ban (1862\u2013). Mv.-r\u0151l ugyanolyan rangban Kass\u00e1ra helyezt\u00e9k a Fels\u0151bb Katonai Isk.-ba (1866\u2013). B\u00e9csbe helyezt\u00e9k magyartan\u00e1rnak a neustadti Katonai Akad.-ra (1870\u2013). Nyugd\u00edjba vonult (1872\u2013). Irod.: Reghin, militari<\/p>\n","protected":false},"featured_media":0,"comment_status":"open","ping_status":"closed","template":"","meta":[],"product_brand":[],"product_cat":[137],"product_tag":[],"class_list":{"0":"post-5069","1":"product","2":"type-product","3":"status-publish","5":"product_cat-maros-megyei-eletrajzi-lexikon","7":"first","8":"instock","9":"shipping-taxable","10":"product-type-simple"},"_links":{"self":[{"href":"https:\/\/uj.adatbank.ro\/lexikon\/wp-json\/wp\/v2\/product\/5069","targetHints":{"allow":["GET"]}}],"collection":[{"href":"https:\/\/uj.adatbank.ro\/lexikon\/wp-json\/wp\/v2\/product"}],"about":[{"href":"https:\/\/uj.adatbank.ro\/lexikon\/wp-json\/wp\/v2\/types\/product"}],"replies":[{"embeddable":true,"href":"https:\/\/uj.adatbank.ro\/lexikon\/wp-json\/wp\/v2\/comments?post=5069"}],"wp:attachment":[{"href":"https:\/\/uj.adatbank.ro\/lexikon\/wp-json\/wp\/v2\/media?parent=5069"}],"wp:term":[{"taxonomy":"product_brand","embeddable":true,"href":"https:\/\/uj.adatbank.ro\/lexikon\/wp-json\/wp\/v2\/product_brand?post=5069"},{"taxonomy":"product_cat","embeddable":true,"href":"https:\/\/uj.adatbank.ro\/lexikon\/wp-json\/wp\/v2\/product_cat?post=5069"},{"taxonomy":"product_tag","embeddable":true,"href":"https:\/\/uj.adatbank.ro\/lexikon\/wp-json\/wp\/v2\/product_tag?post=5069"}],"curies":[{"name":"wp","href":"https:\/\/api.w.org\/{rel}","templated":true}]}}