{"id":5080,"date":"2025-06-28T17:02:29","date_gmt":"2025-06-28T15:02:29","guid":{"rendered":"https:\/\/uj.adatbank.ro\/lexikon\/termek\/boianciuc-roman-%c2%a7\/"},"modified":"2025-06-28T17:02:29","modified_gmt":"2025-06-28T15:02:29","slug":"boianciuc-roman-%c2%a7","status":"publish","type":"product","link":"https:\/\/uj.adatbank.ro\/lexikon\/termek\/boianciuc-roman-%c2%a7\/","title":{"rendered":"BOIANCIUC Roman, \u00a7"},"content":{"rendered":"<p>Cern\u0103u\u0163i, 1912. szept. 7., \u2020\u00a0Sz\u00e1szr\u00e9gen, 1998.: heged\u0171k\u00e9sz\u00edt\u0151 mester. \u2013 A Tito kommunista diktat\u00far\u00e1ja el\u0151l menek\u00fclt csal\u00e1dj\u00e1val Rom\u00e1ni\u00e1ba. A bukovinai szakmai-m\u0171v\u00e9szeti iskol\u00e1ban tanult szobr\u00e1szatot. Katonas\u00e1g ut\u00e1n visszah\u00edvt\u00e1k tan\u00edtani az iskol\u00e1j\u00e1ba, ahol a hangszer\u00e9szeti szak fejleszt\u00e9s\u00e9vel b\u00edzt\u00e1k meg, itt k\u00e9sz\u00edtette az els\u0151 hangszereket. Sz\u00e1szr\u00e9genben telepedett le (1951. aug. 23. \u2013), mert halotta, hogy a G\u00f6rg\u00e9nyi-havasokban tal\u00e1lhat\u00f3 a legjobb hangszerfa. A r\u00e9geni Hora Hangszergy\u00e1rban dolgozott (1928\u2013), vezet\u0151je (1951\u201353). El\u0151bb egy h\u00e1rom munk\u00e1st foglalkoztat\u00f3 heged\u0171gy\u00e1rt\u00f3 m\u0171helyt hozott l\u00e9tre (Bora Ferenc, Mih\u00e1ly S\u00e1ndor \u00e9s Hajd\u00fa Domokossal, 1951\u2013), hangszer alkatr\u00e9szt gy\u00e1rt\u00f3 m\u0171helyt \u00e1talak\u00edtotta heged\u0171k\u00e9sz\u00edt\u0151 m\u0171helly\u00e9, beindult a heged\u0171k sz\u00e9riagy\u00e1rt\u00e1sa (1951. nov. \u2013). A hangszergy\u00e1rt\u00e1sban munkat\u00e1rsai voltak: De\u00e1k Mikl\u00f3s, Pozsonyi Istv\u00e1n, Kiss Zsigmond, Sepsi Istv\u00e1n, Maroscher Guszt\u00e1v. Gy\u00e1rtottak itt mandolint, git\u00e1rt, csell\u00f3t, b\u00f6g\u0151t, br\u00e1cs\u00e1t, heged\u0171t. A heged\u0171k\u00e9sz\u00edt\u0151 mesterek eg\u00e9sz sor\u00e1t k\u00e9pezte, nevelte ki, ezzel megalapozta a hangszeripart Sz\u00e1szr\u00e9genben, a m\u0171helyb\u0151l modern hangszergy\u00e1r keletkezett. 50 \u00e9ven kereszt\u00fcl az egyetlen hangszergy\u00e1r volt az orsz\u00e1gban. Az els\u0151 rom\u00e1niai hangszerk\u00e9sz\u00edt\u0151, akinek sorozatgy\u00e1rt\u00e1sban siker\u00fclt heged\u0171t, br\u00e1cs\u00e1t, git\u00e1rt, nagyb\u0151g\u0151t, mandolint \u00e9s balalajk\u00e1t k\u00e9sz\u00edtenie. Sz\u00e1mos k\u00fclf\u00f6ldi ki\u00e1ll\u00edt\u00e1son \u00e9s versenyen vett r\u00e9szt Belgiumban, Lengyelo.-, Olaszo.-ban \u00e9s t\u00f6bb diploma tulajdonosa. Nyugd\u00edjba vonult (1975. febr. 1. \u2013), de tov\u00e1bb dolgozott, \u00e9s a buk.-i Rom\u00e1n Opera zenekara r\u00e9sz\u00e9re m\u00e9g elk\u00e9sz\u00edtett 48 hangszert. \u00c1llami d\u00edjas, a Szocialista Munka H\u0151se. <br \/><strong>Irod.:<\/strong> B\u00edr\u00f3 Don\u00e1t; L\u0103z\u0103roiu; Regh. Cult. 4.; Tal\u00e1lka Li\u00e9ge-ben (V. Z., 1966. szept. 9.); T\u00f3falvi Zolt\u00e1n: A hangszerfa titkai (\u00daj \u00c9let, 6. sz., 1986); T. T.: B. R., a hangszerk\u00e9sz\u00edt\u00e9s kiv\u00e1l\u00f3 mestere (V. Z., 1957. aug. 22.); Veress Margit: Mesterek \u2013 mesterm\u0171vek (V. Z., 1964. dec. 30.); Zsigmond S\u00e1ndor: A heged\u0171k v\u00e1rosa (Sz\u00e1szr\u00e9gen \u00e9s vid\u00e9ke, 2. sz., 1912.)<\/br><\/p>\n","protected":false},"excerpt":{"rendered":"<p>Cern\u0103u\u0163i, 1912. szept. 7., \u2020\u00a0Sz\u00e1szr\u00e9gen, 1998.: heged\u0171k\u00e9sz\u00edt\u0151 mester. \u2013 A Tito kommunista diktat\u00far\u00e1ja el\u0151l menek\u00fclt csal\u00e1dj\u00e1val Rom\u00e1ni\u00e1ba. A bukovinai szakmai-m\u0171v\u00e9szeti iskol\u00e1ban tanult szobr\u00e1szatot. Katonas\u00e1g ut\u00e1n visszah\u00edvt\u00e1k tan\u00edtani az iskol\u00e1j\u00e1ba, ahol a hangszer\u00e9szeti szak fejleszt\u00e9s\u00e9vel b\u00edzt\u00e1k meg, itt k\u00e9sz\u00edtette az els\u0151 hangszereket. Sz\u00e1szr\u00e9genben telepedett le (1951. aug. 23. \u2013), mert halotta, hogy a G\u00f6rg\u00e9nyi-havasokban tal\u00e1lhat\u00f3 a [&hellip;]<\/p>\n","protected":false},"featured_media":0,"comment_status":"open","ping_status":"closed","template":"","meta":[],"product_brand":[],"product_cat":[137],"product_tag":[],"class_list":{"0":"post-5080","1":"product","2":"type-product","3":"status-publish","5":"product_cat-maros-megyei-eletrajzi-lexikon","7":"first","8":"instock","9":"shipping-taxable","10":"product-type-simple"},"_links":{"self":[{"href":"https:\/\/uj.adatbank.ro\/lexikon\/wp-json\/wp\/v2\/product\/5080","targetHints":{"allow":["GET"]}}],"collection":[{"href":"https:\/\/uj.adatbank.ro\/lexikon\/wp-json\/wp\/v2\/product"}],"about":[{"href":"https:\/\/uj.adatbank.ro\/lexikon\/wp-json\/wp\/v2\/types\/product"}],"replies":[{"embeddable":true,"href":"https:\/\/uj.adatbank.ro\/lexikon\/wp-json\/wp\/v2\/comments?post=5080"}],"wp:attachment":[{"href":"https:\/\/uj.adatbank.ro\/lexikon\/wp-json\/wp\/v2\/media?parent=5080"}],"wp:term":[{"taxonomy":"product_brand","embeddable":true,"href":"https:\/\/uj.adatbank.ro\/lexikon\/wp-json\/wp\/v2\/product_brand?post=5080"},{"taxonomy":"product_cat","embeddable":true,"href":"https:\/\/uj.adatbank.ro\/lexikon\/wp-json\/wp\/v2\/product_cat?post=5080"},{"taxonomy":"product_tag","embeddable":true,"href":"https:\/\/uj.adatbank.ro\/lexikon\/wp-json\/wp\/v2\/product_tag?post=5080"}],"curies":[{"name":"wp","href":"https:\/\/api.w.org\/{rel}","templated":true}]}}