{"id":5086,"date":"2025-06-28T17:02:40","date_gmt":"2025-06-28T15:02:40","guid":{"rendered":"https:\/\/uj.adatbank.ro\/lexikon\/termek\/boila-danila-%c2%a7\/"},"modified":"2025-06-28T17:02:40","modified_gmt":"2025-06-28T15:02:40","slug":"boila-danila-%c2%a7","status":"publish","type":"product","link":"https:\/\/uj.adatbank.ro\/lexikon\/termek\/boila-danila-%c2%a7\/","title":{"rendered":"BOIL\u0102 D\u0103nil\u0103, \u00a7"},"content":{"rendered":"<p>Gog\u00e1nv\u00e1ralja, 1881, \u2020\u00a0?: keresked\u0151, polg\u00e1rmester. \u2013 Apja j\u00e1r\u00e1sb\u00edr\u00f3s\u00e1gi tisztvisel\u0151 volt. A gimn. elv\u00e9gz\u00e9se ut\u00e1n kereskedelmi p\u00e1ly\u00e1ra l\u00e9pett. Dics\u0151szentm\u00e1rtonban \u00f6n\u00e1ll\u00f3 keresked\u0151 lett (1902\u2013). Hivatalos k\u00fcld\u00f6tt volt a gyulafeh\u00e9rv\u00e1ri nagygy\u0171l\u00e9sen (1918. dec. 1). Nagy szerepet j\u00e1tszott a dics\u0151szentm\u00e1rtoni nemzeti g\u00e1rda megszervez\u00e9s\u00e9ben \u00e9s m\u0171k\u00f6d\u00e9s\u00e9ben, a g\u00e1rd\u00e1t h\u00e1rom h\u00f3napon \u00e1t \u00e9lelmiszerrel l\u00e1tta el Egyhang\u00falag polg\u00e1rmesterr\u00e9 v\u00e1lasztott\u00e1k (1930\u2013). Sokat f\u00e1radozott a lakoss\u00e1g \u00e9rdekei\u00e9rt, el\u0151seg\u00edtette a v\u00e1ros gazdas\u00e1gi, kultur\u00e1lis fejl\u0151d\u00e9s\u00e9t. A Nemzeti Paraszt P\u00e1rt megyei bizotts\u00e1g\u00e1nak tagja, a keresked\u0151k egyes\u00fclet\u00e9nek d\u00edszeln\u00f6ke, r\u00e9szt vett az ASTRA rom\u00e1n kult\u00faregylet \u00e9s m\u00e1s egyes\u00fcletek m\u00fak\u00f6d\u00e9s\u00e9ben. <br \/><strong>Irod.:<\/strong> Bosoanc\u0103; Ki kicsoda\u00a0?<\/br><\/p>\n","protected":false},"excerpt":{"rendered":"<p>Gog\u00e1nv\u00e1ralja, 1881, \u2020\u00a0?: keresked\u0151, polg\u00e1rmester. \u2013 Apja j\u00e1r\u00e1sb\u00edr\u00f3s\u00e1gi tisztvisel\u0151 volt. A gimn. elv\u00e9gz\u00e9se ut\u00e1n kereskedelmi p\u00e1ly\u00e1ra l\u00e9pett. Dics\u0151szentm\u00e1rtonban \u00f6n\u00e1ll\u00f3 keresked\u0151 lett (1902\u2013). Hivatalos k\u00fcld\u00f6tt volt a gyulafeh\u00e9rv\u00e1ri nagygy\u0171l\u00e9sen (1918. dec. 1). Nagy szerepet j\u00e1tszott a dics\u0151szentm\u00e1rtoni nemzeti g\u00e1rda megszervez\u00e9s\u00e9ben \u00e9s m\u0171k\u00f6d\u00e9s\u00e9ben, a g\u00e1rd\u00e1t h\u00e1rom h\u00f3napon \u00e1t \u00e9lelmiszerrel l\u00e1tta el Egyhang\u00falag polg\u00e1rmesterr\u00e9 v\u00e1lasztott\u00e1k (1930\u2013). Sokat f\u00e1radozott [&hellip;]<\/p>\n","protected":false},"featured_media":0,"comment_status":"open","ping_status":"closed","template":"","meta":[],"product_brand":[],"product_cat":[137],"product_tag":[],"class_list":{"0":"post-5086","1":"product","2":"type-product","3":"status-publish","5":"product_cat-maros-megyei-eletrajzi-lexikon","7":"first","8":"instock","9":"shipping-taxable","10":"product-type-simple"},"_links":{"self":[{"href":"https:\/\/uj.adatbank.ro\/lexikon\/wp-json\/wp\/v2\/product\/5086","targetHints":{"allow":["GET"]}}],"collection":[{"href":"https:\/\/uj.adatbank.ro\/lexikon\/wp-json\/wp\/v2\/product"}],"about":[{"href":"https:\/\/uj.adatbank.ro\/lexikon\/wp-json\/wp\/v2\/types\/product"}],"replies":[{"embeddable":true,"href":"https:\/\/uj.adatbank.ro\/lexikon\/wp-json\/wp\/v2\/comments?post=5086"}],"wp:attachment":[{"href":"https:\/\/uj.adatbank.ro\/lexikon\/wp-json\/wp\/v2\/media?parent=5086"}],"wp:term":[{"taxonomy":"product_brand","embeddable":true,"href":"https:\/\/uj.adatbank.ro\/lexikon\/wp-json\/wp\/v2\/product_brand?post=5086"},{"taxonomy":"product_cat","embeddable":true,"href":"https:\/\/uj.adatbank.ro\/lexikon\/wp-json\/wp\/v2\/product_cat?post=5086"},{"taxonomy":"product_tag","embeddable":true,"href":"https:\/\/uj.adatbank.ro\/lexikon\/wp-json\/wp\/v2\/product_tag?post=5086"}],"curies":[{"name":"wp","href":"https:\/\/api.w.org\/{rel}","templated":true}]}}

BOILĂ Dănilă, §

<p>Gogánváralja, 1881, † ?: kereskedő, polgármester. – Apja járásbírósági tisztviselő volt. A gimn. elvégzése után kereskedelmi pályára lépett. Dicsőszentmártonban önálló kereskedő lett (1902–). Hivatalos küldött volt a gyulafehérvári nagygyűlésen (1918. dec. 1). Nagy szerepet játszott a dicsőszentmártoni nemzeti gárda megszervezésében és működésében, a gárdát három hónapon át élelmiszerrel látta el Egyhangúlag polgármesterré választották (1930–). Sokat fáradozott a lakosság érdekeiért, elősegítette a város gazdasági, kulturális fejlődését. A Nemzeti Paraszt Párt megyei bizottságának tagja, a kereskedők egyesületének díszelnöke, részt vett az ASTRA román kultúregylet és más egyesületek múködésében. <br /><strong>Irod.:</strong> Bosoancă; Ki kicsoda ?</br></p>

<p>Gogánváralja, 1881, † ?: kereskedő, polgármester. – Apja járásbírósági tisztviselő volt. A gimn. elvégzése után kereskedelmi pályára lépett. Dicsőszentmártonban önálló kereskedő lett (1902–). Hivatalos küldött volt a gyulafehérvári nagygyűlésen (1918. dec. 1). Nagy szerepet játszott a dicsőszentmártoni nemzeti gárda megszervezésében és működésében, a gárdát három hónapon át élelmiszerrel látta el Egyhangúlag polgármesterré választották (1930–). Sokat fáradozott [&hellip;]</p>
