{"id":5089,"date":"2025-06-28T17:02:45","date_gmt":"2025-06-28T15:02:45","guid":{"rendered":"https:\/\/uj.adatbank.ro\/lexikon\/termek\/boila-zaharia-alnevei-george-ohabeanu-aral-chazi\/"},"modified":"2025-06-28T17:02:45","modified_gmt":"2025-06-28T15:02:45","slug":"boila-zaharia-alnevei-george-ohabeanu-aral-chazi","status":"publish","type":"product","link":"https:\/\/uj.adatbank.ro\/lexikon\/termek\/boila-zaharia-alnevei-george-ohabeanu-aral-chazi\/","title":{"rendered":"BOIL\u0102 Zaharia, \u00e1lnevei: George Oh\u0103beanu, Aral Chazi"},"content":{"rendered":"<p>Dics\u0151szentm\u00e1rton, 1892. nov. 29., \u2020\u00a01976.: jog\u00e1sz, \u00fajs\u00e1g\u00edr\u00f3. \u2013 Bal\u00e1zsfalv\u00e1n \u00e9retts\u00e9gizett, Bp.-en v\u00e9gzett jogot, ahol a jogtudom\u00e1nyok doktora c. is kapta (1918). A m. korm\u00e1ny mellett m\u0171k\u00f6d\u0151 Rom\u00e1n Nemzeti Tan\u00e1cs \/ Consiliului National Roman f\u0151titk\u00e1ra (1928 \u0151sz). \u00dajs\u00e1g\u00edr\u00f3k\u00e9nt a Patria c. lapn\u00e1l jelentkezett (1919\u2013). A kv.-i Rom\u00e2nia nou\u0103 foly\u00f3irat igazgat\u00f3ja. Prefektus Kisk\u00fck\u00fcll\u0151 vm. (1928. nov.), Hunyad vm-ben k\u00e9pvisl\u0151nek v\u00e1lasztott\u00e1k (1932. szept.). Letart\u00f3ztatt\u00e1k (1942) \u00e9s a Tg. Jiu-i l\u00e1gerbe intern\u00e1lt\u00e1k. Szil\u00e1gy megy\u00e9ben a R. Nemzeti Paprasztp\u00e1rt jel\u0151ltje (1946. nov.). A kommunista Rom\u00e1ni\u00e1ban t\u00f6bbsz\u00f6r is bez\u00e1rt\u00e1k (1947\u201348, 1950\u201356 vagyonelkobz\u00e1ssal, 1961\u201363). H\u00e1rom gyermek\u00e9t \u00e9s Nicolae Balot\u0103 bar\u00e1tj\u00e1t is letart\u00f3ztatt\u00e1k, mert a rom\u00e1niai emberi jogok megtipr\u00e1s\u00e1r\u00f3l sz\u00e1nd\u00e9koztak memorandumot Nyugatra k\u00fcldeni (1956). Meg\u00edrta visszaeml\u00e9kez\u00e9seit (1973\u201374), de a f\u0151szerepl\u0151 nem \u00f6nmaga, hanem Iuliu Maniu. \u2013 <strong>F. m.:<\/strong> Catechizmul rom\u00e2nului cinstit (Cluj, 1920); Un braconier politic: O Goga ( Blaj, 1924); Chestiunea averilor biserice\u015fti (1928); A b\u0103tut ceasul ! isc.: G. Oh\u0103beanu (Dicios\u00e2nmartin, 1933); <strong>t\u00e1rssz.:<\/strong> Amintiri despre Iuliu Maniu (Cluj, 1998). <br \/><strong>Irod.:<\/strong> Dics\u0151szentm\u00e1rton r\u00e9gi arca; Fola; Intelectuali rom.; Ioni\u0163oiu 2; Politics and political parties in Roumania (London, 1936); Predescu; Todea 2013; http: \/\/www. zf. ro\/ziarul-de-duminica\/memorii-i\u20132968746\/<\/br><\/p>\n","protected":false},"excerpt":{"rendered":"<p>Dics\u0151szentm\u00e1rton, 1892. nov. 29., \u2020\u00a01976.: jog\u00e1sz, \u00fajs\u00e1g\u00edr\u00f3. \u2013 Bal\u00e1zsfalv\u00e1n \u00e9retts\u00e9gizett, Bp.-en v\u00e9gzett jogot, ahol a jogtudom\u00e1nyok doktora c. is kapta (1918). A m. korm\u00e1ny mellett m\u0171k\u00f6d\u0151 Rom\u00e1n Nemzeti Tan\u00e1cs \/ Consiliului National Roman f\u0151titk\u00e1ra (1928 \u0151sz). \u00dajs\u00e1g\u00edr\u00f3k\u00e9nt a Patria c. lapn\u00e1l jelentkezett (1919\u2013). A kv.-i Rom\u00e2nia nou\u0103 foly\u00f3irat igazgat\u00f3ja. Prefektus Kisk\u00fck\u00fcll\u0151 vm. (1928. nov.), Hunyad [&hellip;]<\/p>\n","protected":false},"featured_media":0,"comment_status":"open","ping_status":"closed","template":"","meta":[],"product_brand":[],"product_cat":[137],"product_tag":[],"class_list":{"0":"post-5089","1":"product","2":"type-product","3":"status-publish","5":"product_cat-maros-megyei-eletrajzi-lexikon","7":"first","8":"instock","9":"shipping-taxable","10":"product-type-simple"},"_links":{"self":[{"href":"https:\/\/uj.adatbank.ro\/lexikon\/wp-json\/wp\/v2\/product\/5089","targetHints":{"allow":["GET"]}}],"collection":[{"href":"https:\/\/uj.adatbank.ro\/lexikon\/wp-json\/wp\/v2\/product"}],"about":[{"href":"https:\/\/uj.adatbank.ro\/lexikon\/wp-json\/wp\/v2\/types\/product"}],"replies":[{"embeddable":true,"href":"https:\/\/uj.adatbank.ro\/lexikon\/wp-json\/wp\/v2\/comments?post=5089"}],"wp:attachment":[{"href":"https:\/\/uj.adatbank.ro\/lexikon\/wp-json\/wp\/v2\/media?parent=5089"}],"wp:term":[{"taxonomy":"product_brand","embeddable":true,"href":"https:\/\/uj.adatbank.ro\/lexikon\/wp-json\/wp\/v2\/product_brand?post=5089"},{"taxonomy":"product_cat","embeddable":true,"href":"https:\/\/uj.adatbank.ro\/lexikon\/wp-json\/wp\/v2\/product_cat?post=5089"},{"taxonomy":"product_tag","embeddable":true,"href":"https:\/\/uj.adatbank.ro\/lexikon\/wp-json\/wp\/v2\/product_tag?post=5089"}],"curies":[{"name":"wp","href":"https:\/\/api.w.org\/{rel}","templated":true}]}}

BOILĂ Zaharia, álnevei: George Ohăbeanu, Aral Chazi

<p>Dicsőszentmárton, 1892. nov. 29., † 1976.: jogász, újságíró. – Balázsfalván érettségizett, Bp.-en végzett jogot, ahol a jogtudományok doktora c. is kapta (1918). A m. kormány mellett működő Román Nemzeti Tanács / Consiliului National Roman főtitkára (1928 ősz). Újságíróként a Patria c. lapnál jelentkezett (1919–). A kv.-i România nouă folyóirat igazgatója. Prefektus Kisküküllő vm. (1928. nov.), Hunyad vm-ben képvislőnek választották (1932. szept.). Letartóztatták (1942) és a Tg. Jiu-i lágerbe internálták. Szilágy megyében a R. Nemzeti Paprasztpárt jelőltje (1946. nov.). A kommunista Romániában többször is bezárták (1947–48, 1950–56 vagyonelkobzással, 1961–63). Három gyermekét és Nicolae Balotă barátját is letartóztatták, mert a romániai emberi jogok megtiprásáról szándékoztak memorandumot Nyugatra küldeni (1956). Megírta visszaemlékezéseit (1973–74), de a főszereplő nem önmaga, hanem Iuliu Maniu. – <strong>F. m.:</strong> Catechizmul românului cinstit (Cluj, 1920); Un braconier politic: O Goga ( Blaj, 1924); Chestiunea averilor bisericeşti (1928); A bătut ceasul ! isc.: G. Ohăbeanu (Diciosânmartin, 1933); <strong>társsz.:</strong> Amintiri despre Iuliu Maniu (Cluj, 1998). <br /><strong>Irod.:</strong> Dicsőszentmárton régi arca; Fola; Intelectuali rom.; Ioniţoiu 2; Politics and political parties in Roumania (London, 1936); Predescu; Todea 2013; http: //www. zf. ro/ziarul-de-duminica/memorii-i–2968746/</br></p>

<p>Dicsőszentmárton, 1892. nov. 29., † 1976.: jogász, újságíró. – Balázsfalván érettségizett, Bp.-en végzett jogot, ahol a jogtudományok doktora c. is kapta (1918). A m. kormány mellett működő Román Nemzeti Tanács / Consiliului National Roman főtitkára (1928 ősz). Újságíróként a Patria c. lapnál jelentkezett (1919–). A kv.-i România nouă folyóirat igazgatója. Prefektus Kisküküllő vm. (1928. nov.), Hunyad [&hellip;]</p>
