{"id":5093,"date":"2025-06-28T17:02:56","date_gmt":"2025-06-28T15:02:56","guid":{"rendered":"https:\/\/uj.adatbank.ro\/lexikon\/termek\/bojoru-ioan-%c2%a7-bojor-ioan\/"},"modified":"2025-06-28T17:02:56","modified_gmt":"2025-06-28T15:02:56","slug":"bojoru-ioan-%c2%a7-bojor-ioan","status":"publish","type":"product","link":"https:\/\/uj.adatbank.ro\/lexikon\/termek\/bojoru-ioan-%c2%a7-bojor-ioan\/","title":{"rendered":"BOJORU Ioan, \u00a7 Bojor Ioan"},"content":{"rendered":"<p>\u00c1rd\u00e1ny, 1885. m\u00e1rc. 20., \u2020 Mv., 1967. j\u00fal. 4.: tan\u00e1r. \u2013 Nasz\u00f3don a gimn.-ban tanult (1904-08), term\u00e9szetrajz- f\u00f6ldrajz szakon a kv.-i egyetemen v\u00e9gzett, Nagyv\u00e1radon szerzett tan\u00e1ri k\u00e9pes\u00edt\u00e9st (1910). Tan\u00e1rk\u00e9nt m\u0171k\u00f6d\u00f6tt Nagyv\u00e1radon (1910), Nasz\u00f3don (1911\u2013). Els\u0151 ig.-ja volt a sz\u00e1szr\u00e9geni \u201eFlorea Bogdan\u201d L\u00edc.-nak (ma ez a Petru Maior L\u00edc.), amely r\u00f6vid ideig m\u0171k\u00f6d\u00f6tt (1920. nov. 6. \u2013 1924). Kiadta az iskola \u00e9vk\u00f6nyv\u00e9t: Anuarul liceului rom. de stat din Reghin c.-mel (1920\u201335). Tan\u00e1ri munk\u00e1ja mellett \u00e9rt\u00e9kes n\u00e9pk\u00f6lt\u00e9szeti gy\u0171jt\u0151munk\u00e1t is v\u00e9gzett \u00e9s v\u00e9geztettett a tanul\u00f3ival is (1924\u201340, majd 1945\u201355). Mv.-en az Al. Papiu Ilarian L\u00edc. f\u00f6ldrajz \u00e9s term\u00e9szetrajz-tan\u00e1ra. Alap\u00edtv\u00e1nyt l\u00e9tes\u00edtett a szeg\u00e9nysors\u00fa tanl\u00f3k megseg\u00edt\u00e9s\u00e9re. T\u00f6bb mint 35 tudom\u00e1nyos munka \u00e9s tank\u00f6nyvszerz\u0151 volt. Tanulm\u00e1ny\u00e1t: Contribu\u0163iuni geografice referitore la jude\u0163ul Mure\u015f k\u00f6z\u00f6lte az Anuarul Liceului Al. Papiu Ilarian (1930\u20131931). Mint megyei tan\u00e1csos \u00e9s a tan\u00fcgyi miniszt\u00e9rium k\u00e9pvisel\u0151je javasolta egy szobor fel\u00e1ll\u00edt\u00e1s\u00e1t Mv.-en Al. Papiu Ilarian tisztelet\u00e9re, javaslat\u00e1t elfogadt\u00e1k (1927), \u00e9s k\u00f6zadakoz\u00e1sb\u00f3l Faur Schmidt, buk.-i szobr\u00e1sz alkot\u00e1s\u00e1t, Al. Papiu Ilarian szobr\u00e1t, felavatt\u00e1k (1930. dec. 1.). <strong>F. m.:<\/strong> Amintiri din revolu\u0163ie (1918); Fondurile gr\u0103nicere\u015fti n\u0103s\u0103udene; Centenarul na\u015fterii, semicentenarul mor\u0163ii neobositului istoriograf Al. Papiu Ilarian (Tg. M., 1930); Contribu\u0163ii geografice referitoare la jude\u0163ul Mure\u015f (Tg. M., 1931); Amintirea directorului Ioan Boca, 1881\u20131935. (Tg. M., 1937); Planeta Venus; C\u0103rbunele; \u00cenv\u0103\u0163\u0103m\u00e2ntul agricol; Orografia \u015fi vegeta\u0163ia jude\u0163ului Mure\u015f; Sovata; Referin\u0163e geografice-geologice asupra C\u0103limanilor. <br \/><strong>Irod.:<\/strong> Anuarul Liceului Al. Papiu Ilarian (1930\u20131931; 1919\u20131969); Ciortea; Cosma; Costea 1999; Dasc\u0103li mure\u015feni, 2.; Dasc\u0103lii Papiului; Guly\u00e1s; Predescu; Profiluri reghinene; Regh. Cult. (10., 2010); \u015eerban 2006; Todea\u2013F\u00fcl\u00f6p\u2013Avram<\/br><\/p>\n","protected":false},"excerpt":{"rendered":"<p>\u00c1rd\u00e1ny, 1885. m\u00e1rc. 20., \u2020 Mv., 1967. j\u00fal. 4.: tan\u00e1r. \u2013 Nasz\u00f3don a gimn.-ban tanult (1904-08), term\u00e9szetrajz- f\u00f6ldrajz szakon a kv.-i egyetemen v\u00e9gzett, Nagyv\u00e1radon szerzett tan\u00e1ri k\u00e9pes\u00edt\u00e9st (1910). Tan\u00e1rk\u00e9nt m\u0171k\u00f6d\u00f6tt Nagyv\u00e1radon (1910), Nasz\u00f3don (1911\u2013). Els\u0151 ig.-ja volt a sz\u00e1szr\u00e9geni \u201eFlorea Bogdan\u201d L\u00edc.-nak (ma ez a Petru Maior L\u00edc.), amely r\u00f6vid ideig m\u0171k\u00f6d\u00f6tt (1920. nov. 6. [&hellip;]<\/p>\n","protected":false},"featured_media":0,"comment_status":"open","ping_status":"closed","template":"","meta":[],"product_brand":[],"product_cat":[137],"product_tag":[],"class_list":{"0":"post-5093","1":"product","2":"type-product","3":"status-publish","5":"product_cat-maros-megyei-eletrajzi-lexikon","7":"first","8":"instock","9":"shipping-taxable","10":"product-type-simple"},"_links":{"self":[{"href":"https:\/\/uj.adatbank.ro\/lexikon\/wp-json\/wp\/v2\/product\/5093","targetHints":{"allow":["GET"]}}],"collection":[{"href":"https:\/\/uj.adatbank.ro\/lexikon\/wp-json\/wp\/v2\/product"}],"about":[{"href":"https:\/\/uj.adatbank.ro\/lexikon\/wp-json\/wp\/v2\/types\/product"}],"replies":[{"embeddable":true,"href":"https:\/\/uj.adatbank.ro\/lexikon\/wp-json\/wp\/v2\/comments?post=5093"}],"wp:attachment":[{"href":"https:\/\/uj.adatbank.ro\/lexikon\/wp-json\/wp\/v2\/media?parent=5093"}],"wp:term":[{"taxonomy":"product_brand","embeddable":true,"href":"https:\/\/uj.adatbank.ro\/lexikon\/wp-json\/wp\/v2\/product_brand?post=5093"},{"taxonomy":"product_cat","embeddable":true,"href":"https:\/\/uj.adatbank.ro\/lexikon\/wp-json\/wp\/v2\/product_cat?post=5093"},{"taxonomy":"product_tag","embeddable":true,"href":"https:\/\/uj.adatbank.ro\/lexikon\/wp-json\/wp\/v2\/product_tag?post=5093"}],"curies":[{"name":"wp","href":"https:\/\/api.w.org\/{rel}","templated":true}]}}

<p>Árdány, 1885. márc. 20., † Mv., 1967. júl. 4.: tanár. – Naszódon a gimn.-ban tanult (1904-08), természetrajz- földrajz szakon a kv.-i egyetemen végzett, Nagyváradon szerzett tanári képesítést (1910). Tanárként működött Nagyváradon (1910), Naszódon (1911–). Első ig.-ja volt a szászrégeni „Florea Bogdan” Líc.-nak (ma ez a Petru Maior Líc.), amely rövid ideig működött (1920. nov. 6. – 1924). Kiadta az iskola évkönyvét: Anuarul liceului rom. de stat din Reghin c.-mel (1920–35). Tanári munkája mellett értékes népköltészeti gyűjtőmunkát is végzett és végeztettett a tanulóival is (1924–40, majd 1945–55). Mv.-en az Al. Papiu Ilarian Líc. földrajz és természetrajz-tanára. Alapítványt létesített a szegénysorsú tanlók megsegítésére. Több mint 35 tudományos munka és tankönyvszerző volt. Tanulmányát: Contribuţiuni geografice referitore la judeţul Mureş közölte az Anuarul Liceului Al. Papiu Ilarian (1930–1931). Mint megyei tanácsos és a tanügyi minisztérium képviselője javasolta egy szobor felállítását Mv.-en Al. Papiu Ilarian tiszteletére, javaslatát elfogadták (1927), és közadakozásból Faur Schmidt, buk.-i szobrász alkotását, Al. Papiu Ilarian szobrát, felavatták (1930. dec. 1.). <strong>F. m.:</strong> Amintiri din revoluţie (1918); Fondurile grănicereşti năsăudene; Centenarul naşterii, semicentenarul morţii neobositului istoriograf Al. Papiu Ilarian (Tg. M., 1930); Contribuţii geografice referitoare la judeţul Mureş (Tg. M., 1931); Amintirea directorului Ioan Boca, 1881–1935. (Tg. M., 1937); Planeta Venus; Cărbunele; Învăţământul agricol; Orografia şi vegetaţia judeţului Mureş; Sovata; Referinţe geografice-geologice asupra Călimanilor. <br /><strong>Irod.:</strong> Anuarul Liceului Al. Papiu Ilarian (1930–1931; 1919–1969); Ciortea; Cosma; Costea 1999; Dascăli mureşeni, 2.; Dascălii Papiului; Gulyás; Predescu; Profiluri reghinene; Regh. Cult. (10., 2010); Şerban 2006; Todea–Fülöp–Avram</br></p>

<p>Árdány, 1885. márc. 20., † Mv., 1967. júl. 4.: tanár. – Naszódon a gimn.-ban tanult (1904-08), természetrajz- földrajz szakon a kv.-i egyetemen végzett, Nagyváradon szerzett tanári képesítést (1910). Tanárként működött Nagyváradon (1910), Naszódon (1911–). Első ig.-ja volt a szászrégeni „Florea Bogdan” Líc.-nak (ma ez a Petru Maior Líc.), amely rövid ideig működött (1920. nov. 6. [&hellip;]</p>
