{"id":5096,"date":"2025-06-28T17:03:03","date_gmt":"2025-06-28T15:03:03","guid":{"rendered":"https:\/\/uj.adatbank.ro\/lexikon\/termek\/bojte-mozes\/"},"modified":"2025-06-28T17:03:03","modified_gmt":"2025-06-28T15:03:03","slug":"bojte-mozes","status":"publish","type":"product","link":"https:\/\/uj.adatbank.ro\/lexikon\/termek\/bojte-mozes\/","title":{"rendered":"B\u00d6JTE M\u00f3zes"},"content":{"rendered":"<p>? \u2020 Cs\u00e1v\u00e1s, 1783.: ref. lelk\u00e9sz. \u2013 Mv.-en subscrib\u00e1lt (1751). Sz\u00f6v\u00e9rden volt lelk\u00e9sz, majd Cs\u00e1v\u00e1son (1773\u201383), megszak\u00edtotta szolg\u00e1lat\u00e1t \u00e9s Baselben (1775) \u00e9s Z\u00fcrichben (1776) peregrin\u00e1lt. <br \/><strong>Irod.:<\/strong> K\u00fck\u00fcll\u0151i Ref. Egyh\u00e1zm. 1.<\/br><\/p>\n","protected":false},"excerpt":{"rendered":"<p>? \u2020 Cs\u00e1v\u00e1s, 1783.: ref. lelk\u00e9sz. \u2013 Mv.-en subscrib\u00e1lt (1751). Sz\u00f6v\u00e9rden volt lelk\u00e9sz, majd Cs\u00e1v\u00e1son (1773\u201383), megszak\u00edtotta szolg\u00e1lat\u00e1t \u00e9s Baselben (1775) \u00e9s Z\u00fcrichben (1776) peregrin\u00e1lt. Irod.: K\u00fck\u00fcll\u0151i Ref. Egyh\u00e1zm. 1.<\/p>\n","protected":false},"featured_media":0,"comment_status":"open","ping_status":"closed","template":"","meta":[],"product_brand":[],"product_cat":[137],"product_tag":[],"class_list":{"0":"post-5096","1":"product","2":"type-product","3":"status-publish","5":"product_cat-maros-megyei-eletrajzi-lexikon","7":"first","8":"instock","9":"shipping-taxable","10":"product-type-simple"},"_links":{"self":[{"href":"https:\/\/uj.adatbank.ro\/lexikon\/wp-json\/wp\/v2\/product\/5096","targetHints":{"allow":["GET"]}}],"collection":[{"href":"https:\/\/uj.adatbank.ro\/lexikon\/wp-json\/wp\/v2\/product"}],"about":[{"href":"https:\/\/uj.adatbank.ro\/lexikon\/wp-json\/wp\/v2\/types\/product"}],"replies":[{"embeddable":true,"href":"https:\/\/uj.adatbank.ro\/lexikon\/wp-json\/wp\/v2\/comments?post=5096"}],"wp:attachment":[{"href":"https:\/\/uj.adatbank.ro\/lexikon\/wp-json\/wp\/v2\/media?parent=5096"}],"wp:term":[{"taxonomy":"product_brand","embeddable":true,"href":"https:\/\/uj.adatbank.ro\/lexikon\/wp-json\/wp\/v2\/product_brand?post=5096"},{"taxonomy":"product_cat","embeddable":true,"href":"https:\/\/uj.adatbank.ro\/lexikon\/wp-json\/wp\/v2\/product_cat?post=5096"},{"taxonomy":"product_tag","embeddable":true,"href":"https:\/\/uj.adatbank.ro\/lexikon\/wp-json\/wp\/v2\/product_tag?post=5096"}],"curies":[{"name":"wp","href":"https:\/\/api.w.org\/{rel}","templated":true}]}}