{"id":5098,"date":"2025-06-28T17:03:10","date_gmt":"2025-06-28T15:03:10","guid":{"rendered":"https:\/\/uj.adatbank.ro\/lexikon\/termek\/bojthe-andor\/"},"modified":"2025-06-28T17:03:10","modified_gmt":"2025-06-28T15:03:10","slug":"bojthe-andor","status":"publish","type":"product","link":"https:\/\/uj.adatbank.ro\/lexikon\/termek\/bojthe-andor\/","title":{"rendered":"B\u00d6JTHE Andor"},"content":{"rendered":"<p>Erd\u0151csin\u00e1d, 1897. j\u00fal. 12. \u2020 ? : ref. lelk\u00e9sz. \u2013 Apja B. \u00d6d\u00f6n ref. lelk\u00e9sz. \u2013 Mv.-en a Ref. Koll.-ban \u00e9s Kv.-on a ref. teol\u00f3gi\u00e1n szerzett oklevelet (1921). Brass\u00f3ban k\u00e1pl\u00e1n (1920. j\u00fal. 1. \u201322. j\u00fan. 30.), lelk\u00e9sz Magyarherep\u00e9n (1922\u201324), Marosj\u00e1r\u00e1ban (1925\u201332) \u00e9s a filia Kisilly\u00e9ben h. tan\u00edt\u00f3 (1926\u201328), majd Kisf\u00fclp\u00f6s\u00f6n (1933. jan. 1. \u2013 1958. j\u00fan. 30.) volt lelk\u00e9sz. Nyugd\u00edjbavonul\u00e1sa ut\u00e1n \u00e1ll\u00edtotta \u00f6ssze, \u00edrta meg a G\u00f6rg\u00e9nyi ev. ref. egyh\u00e1zmegye t\u00f6rt\u00e9nete c. jelent\u0151s munk\u00e1j\u00e1t, ami k\u00e9ziratban maradt. K\u00e9t fontos tanulm\u00e1nya is megjelent ebben a t\u00e9m\u00e1ban: Kereszty\u00e9n \u00e9let a G\u00f6rg\u00e9ny ment\u00e9n s a G\u00f6rg\u00e9nyi Reform\u00e1tus Egyh\u00e1zmegye 300 \u00e9ves m\u00faltj\u00e1ban (Reform\u00e1tus Szemle, Kv., 1957); \u201eA Marosi egyh\u00e1zmegy\u00e9be\u201d visszaker\u00fclt \u201eG\u00f6rg\u00e9nyi ev. ref. egyh\u00e1zmegye\u201d esperesei 1648 \u00e9s 1968 k\u00f6z\u00f6tt (Reform\u00e1tus Szemle, Kv., 1975.) \u2013 <strong>F. m.:<\/strong> A g\u00f6rg\u00e9nyi ev. ref. egyh\u00e1zmegye t\u00f6rt\u00e9nete [k\u00e9zirat]. <br \/><strong>Irod.:<\/strong> B\u00f6jthe Andor; \u0150sz<\/br><\/p>\n","protected":false},"excerpt":{"rendered":"<p>Erd\u0151csin\u00e1d, 1897. j\u00fal. 12. \u2020 ? : ref. lelk\u00e9sz. \u2013 Apja B. \u00d6d\u00f6n ref. lelk\u00e9sz. \u2013 Mv.-en a Ref. Koll.-ban \u00e9s Kv.-on a ref. teol\u00f3gi\u00e1n szerzett oklevelet (1921). Brass\u00f3ban k\u00e1pl\u00e1n (1920. j\u00fal. 1. \u201322. j\u00fan. 30.), lelk\u00e9sz Magyarherep\u00e9n (1922\u201324), Marosj\u00e1r\u00e1ban (1925\u201332) \u00e9s a filia Kisilly\u00e9ben h. tan\u00edt\u00f3 (1926\u201328), majd Kisf\u00fclp\u00f6s\u00f6n (1933. jan. 1. \u2013 1958. [&hellip;]<\/p>\n","protected":false},"featured_media":0,"comment_status":"open","ping_status":"closed","template":"","meta":[],"product_brand":[],"product_cat":[137],"product_tag":[],"class_list":{"0":"post-5098","1":"product","2":"type-product","3":"status-publish","5":"product_cat-maros-megyei-eletrajzi-lexikon","7":"first","8":"instock","9":"shipping-taxable","10":"product-type-simple"},"_links":{"self":[{"href":"https:\/\/uj.adatbank.ro\/lexikon\/wp-json\/wp\/v2\/product\/5098","targetHints":{"allow":["GET"]}}],"collection":[{"href":"https:\/\/uj.adatbank.ro\/lexikon\/wp-json\/wp\/v2\/product"}],"about":[{"href":"https:\/\/uj.adatbank.ro\/lexikon\/wp-json\/wp\/v2\/types\/product"}],"replies":[{"embeddable":true,"href":"https:\/\/uj.adatbank.ro\/lexikon\/wp-json\/wp\/v2\/comments?post=5098"}],"wp:attachment":[{"href":"https:\/\/uj.adatbank.ro\/lexikon\/wp-json\/wp\/v2\/media?parent=5098"}],"wp:term":[{"taxonomy":"product_brand","embeddable":true,"href":"https:\/\/uj.adatbank.ro\/lexikon\/wp-json\/wp\/v2\/product_brand?post=5098"},{"taxonomy":"product_cat","embeddable":true,"href":"https:\/\/uj.adatbank.ro\/lexikon\/wp-json\/wp\/v2\/product_cat?post=5098"},{"taxonomy":"product_tag","embeddable":true,"href":"https:\/\/uj.adatbank.ro\/lexikon\/wp-json\/wp\/v2\/product_tag?post=5098"}],"curies":[{"name":"wp","href":"https:\/\/api.w.org\/{rel}","templated":true}]}}

BÖJTHE Andor

<p>Erdőcsinád, 1897. júl. 12. † ? : ref. lelkész. – Apja B. Ödön ref. lelkész. – Mv.-en a Ref. Koll.-ban és Kv.-on a ref. teológián szerzett oklevelet (1921). Brassóban káplán (1920. júl. 1. –22. jún. 30.), lelkész Magyarherepén (1922–24), Marosjárában (1925–32) és a filia Kisillyében h. tanító (1926–28), majd Kisfülpösön (1933. jan. 1. – 1958. jún. 30.) volt lelkész. Nyugdíjbavonulása után állította össze, írta meg a Görgényi ev. ref. egyházmegye története c. jelentős munkáját, ami kéziratban maradt. Két fontos tanulmánya is megjelent ebben a témában: Keresztyén élet a Görgény mentén s a Görgényi Református Egyházmegye 300 éves múltjában (Református Szemle, Kv., 1957); „A Marosi egyházmegyébe” visszakerült „Görgényi ev. ref. egyházmegye” esperesei 1648 és 1968 között (Református Szemle, Kv., 1975.) – <strong>F. m.:</strong> A görgényi ev. ref. egyházmegye története [kézirat]. <br /><strong>Irod.:</strong> Böjthe Andor; Ősz</br></p>

<p>Erdőcsinád, 1897. júl. 12. † ? : ref. lelkész. – Apja B. Ödön ref. lelkész. – Mv.-en a Ref. Koll.-ban és Kv.-on a ref. teológián szerzett oklevelet (1921). Brassóban káplán (1920. júl. 1. –22. jún. 30.), lelkész Magyarherepén (1922–24), Marosjárában (1925–32) és a filia Kisillyében h. tanító (1926–28), majd Kisfülpösön (1933. jan. 1. – 1958. [&hellip;]</p>
