{"id":5099,"date":"2025-06-28T17:03:14","date_gmt":"2025-06-28T15:03:14","guid":{"rendered":"https:\/\/uj.adatbank.ro\/lexikon\/termek\/bojthe-bela-angyalosi\/"},"modified":"2025-06-28T17:03:14","modified_gmt":"2025-06-28T15:03:14","slug":"bojthe-bela-angyalosi","status":"publish","type":"product","link":"https:\/\/uj.adatbank.ro\/lexikon\/termek\/bojthe-bela-angyalosi\/","title":{"rendered":"B\u00d6JTHE B\u00e9la, angyalosi"},"content":{"rendered":"<p>Szolokma, 1862., \u2020\u00a0? : igazgat\u00f3-tan\u00edt\u00f3. \u2013 A nemesi el\u0151nevet Bethlen G\u00e1bor adom\u00e1nyozta a csal\u00e1dnak. Tanulm\u00e1nyait Sz\u00e9kelyudvarhelyen \u00e9s Sz\u00e9kelykereszt\u00faron v\u00e9gezte (1884). Mikol\u00e1n kezdett tan\u00edtani, onnan Als\u00f3s\u00f3falva, majd Fels\u0151s\u00f3falv\u00e1ra ker\u00fclt \u00e9s igazgat\u00f3 lett (1888). Nyugalomba vonult miniszteri elismer\u00e9ssal (1926). A Hitelsz\u00f6vetkezet megalap\u00edt\u00f3ja, \u00fcgyvezet\u0151 igazgat\u00f3, k\u00f6nyvel\u0151 volt. Gy\u00fcm\u00f6lcs\u00e9szeti \u00e9s gazdas\u00e1gi tanfolyamot v\u00e9gzett, virilis megyei bizotts\u00e1gi tag volt. <br \/><strong>Irod.:<\/strong> Sz\u00e9kelyf\u00f6ld \u00ed.k.<\/br><\/p>\n","protected":false},"excerpt":{"rendered":"<p>Szolokma, 1862., \u2020\u00a0? : igazgat\u00f3-tan\u00edt\u00f3. \u2013 A nemesi el\u0151nevet Bethlen G\u00e1bor adom\u00e1nyozta a csal\u00e1dnak. Tanulm\u00e1nyait Sz\u00e9kelyudvarhelyen \u00e9s Sz\u00e9kelykereszt\u00faron v\u00e9gezte (1884). Mikol\u00e1n kezdett tan\u00edtani, onnan Als\u00f3s\u00f3falva, majd Fels\u0151s\u00f3falv\u00e1ra ker\u00fclt \u00e9s igazgat\u00f3 lett (1888). Nyugalomba vonult miniszteri elismer\u00e9ssal (1926). A Hitelsz\u00f6vetkezet megalap\u00edt\u00f3ja, \u00fcgyvezet\u0151 igazgat\u00f3, k\u00f6nyvel\u0151 volt. Gy\u00fcm\u00f6lcs\u00e9szeti \u00e9s gazdas\u00e1gi tanfolyamot v\u00e9gzett, virilis megyei bizotts\u00e1gi tag volt. Irod.: [&hellip;]<\/p>\n","protected":false},"featured_media":0,"comment_status":"open","ping_status":"closed","template":"","meta":[],"product_brand":[],"product_cat":[137],"product_tag":[],"class_list":{"0":"post-5099","1":"product","2":"type-product","3":"status-publish","5":"product_cat-maros-megyei-eletrajzi-lexikon","7":"first","8":"instock","9":"shipping-taxable","10":"product-type-simple"},"_links":{"self":[{"href":"https:\/\/uj.adatbank.ro\/lexikon\/wp-json\/wp\/v2\/product\/5099","targetHints":{"allow":["GET"]}}],"collection":[{"href":"https:\/\/uj.adatbank.ro\/lexikon\/wp-json\/wp\/v2\/product"}],"about":[{"href":"https:\/\/uj.adatbank.ro\/lexikon\/wp-json\/wp\/v2\/types\/product"}],"replies":[{"embeddable":true,"href":"https:\/\/uj.adatbank.ro\/lexikon\/wp-json\/wp\/v2\/comments?post=5099"}],"wp:attachment":[{"href":"https:\/\/uj.adatbank.ro\/lexikon\/wp-json\/wp\/v2\/media?parent=5099"}],"wp:term":[{"taxonomy":"product_brand","embeddable":true,"href":"https:\/\/uj.adatbank.ro\/lexikon\/wp-json\/wp\/v2\/product_brand?post=5099"},{"taxonomy":"product_cat","embeddable":true,"href":"https:\/\/uj.adatbank.ro\/lexikon\/wp-json\/wp\/v2\/product_cat?post=5099"},{"taxonomy":"product_tag","embeddable":true,"href":"https:\/\/uj.adatbank.ro\/lexikon\/wp-json\/wp\/v2\/product_tag?post=5099"}],"curies":[{"name":"wp","href":"https:\/\/api.w.org\/{rel}","templated":true}]}}

BÖJTHE Béla, angyalosi

<p>Szolokma, 1862., † ? : igazgató-tanító. – A nemesi előnevet Bethlen Gábor adományozta a családnak. Tanulmányait Székelyudvarhelyen és Székelykeresztúron végezte (1884). Mikolán kezdett tanítani, onnan Alsósófalva, majd Felsősófalvára került és igazgató lett (1888). Nyugalomba vonult miniszteri elismeréssal (1926). A Hitelszövetkezet megalapítója, ügyvezető igazgató, könyvelő volt. Gyümölcsészeti és gazdasági tanfolyamot végzett, virilis megyei bizottsági tag volt. <br /><strong>Irod.:</strong> Székelyföld í.k.</br></p>

<p>Szolokma, 1862., † ? : igazgató-tanító. – A nemesi előnevet Bethlen Gábor adományozta a családnak. Tanulmányait Székelyudvarhelyen és Székelykeresztúron végezte (1884). Mikolán kezdett tanítani, onnan Alsósófalva, majd Felsősófalvára került és igazgató lett (1888). Nyugalomba vonult miniszteri elismeréssal (1926). A Hitelszövetkezet megalapítója, ügyvezető igazgató, könyvelő volt. Gyümölcsészeti és gazdasági tanfolyamot végzett, virilis megyei bizottsági tag volt. Irod.: [&hellip;]</p>
