{"id":5100,"date":"2025-06-28T17:03:15","date_gmt":"2025-06-28T15:03:15","guid":{"rendered":"https:\/\/uj.adatbank.ro\/lexikon\/termek\/bojthe-janos-sarpataki\/"},"modified":"2025-06-28T17:03:15","modified_gmt":"2025-06-28T15:03:15","slug":"bojthe-janos-sarpataki","status":"publish","type":"product","link":"https:\/\/uj.adatbank.ro\/lexikon\/termek\/bojthe-janos-sarpataki\/","title":{"rendered":"B\u00d6JTHE J\u00e1nos, s\u00e1rpataki"},"content":{"rendered":"<p>Mv., 1902. j\u00fal. 24., \u2020\u00a0? : mintaiskola igazgat\u00f3. \u2013 A nemesi el\u0151nevet Apaffi erd\u00e9lyi fejedelem adom\u00e1nyozta a csal\u00e1dnak. \u2013 Tanulm\u00e1nyait Nagyenyeden v\u00e9gezte (1922). Tan\u00edt\u00f3 p\u00e1lyafut\u00e1s\u00e1t Szenth\u00e1roms\u00e1gon kezdte, tan\u00edtott m\u00e9g Nagyerny\u00e9ben, Nagyk\u00e1rolyban \u00e9s K\u00fcsm\u00f6d\u00f6n. Mv.-en a M. Kir. \u00c1llami Tan\u00edt\u00f3k\u00e9pz\u0151 Int\u00e9zet \u00e9s L\u00edc. mintaiskola igazgat\u00f3 (1940\u2013), r\u00e9szt vett a dal\u00e1rda \u00e9s a sportegyes\u00fclet, valamint az \u00f6nk\u00e9pz\u0151k\u00f6r vezet\u00e9s\u00e9ben. A II. vh.-ban tart. z\u00e1szl\u00f3si rangban vett r\u00e9szt. <br \/><strong>Irod.:<\/strong> Berekm\u00e9ri; Szab\u00f3 K. Attila; Sz\u00e9kelyf\u00f6ld \u00ed. k<\/br><\/p>\n","protected":false},"excerpt":{"rendered":"<p>Mv., 1902. j\u00fal. 24., \u2020\u00a0? : mintaiskola igazgat\u00f3. \u2013 A nemesi el\u0151nevet Apaffi erd\u00e9lyi fejedelem adom\u00e1nyozta a csal\u00e1dnak. \u2013 Tanulm\u00e1nyait Nagyenyeden v\u00e9gezte (1922). Tan\u00edt\u00f3 p\u00e1lyafut\u00e1s\u00e1t Szenth\u00e1roms\u00e1gon kezdte, tan\u00edtott m\u00e9g Nagyerny\u00e9ben, Nagyk\u00e1rolyban \u00e9s K\u00fcsm\u00f6d\u00f6n. Mv.-en a M. Kir. \u00c1llami Tan\u00edt\u00f3k\u00e9pz\u0151 Int\u00e9zet \u00e9s L\u00edc. mintaiskola igazgat\u00f3 (1940\u2013), r\u00e9szt vett a dal\u00e1rda \u00e9s a sportegyes\u00fclet, valamint az \u00f6nk\u00e9pz\u0151k\u00f6r [&hellip;]<\/p>\n","protected":false},"featured_media":0,"comment_status":"open","ping_status":"closed","template":"","meta":[],"product_brand":[],"product_cat":[137],"product_tag":[],"class_list":{"0":"post-5100","1":"product","2":"type-product","3":"status-publish","5":"product_cat-maros-megyei-eletrajzi-lexikon","7":"first","8":"instock","9":"shipping-taxable","10":"product-type-simple"},"_links":{"self":[{"href":"https:\/\/uj.adatbank.ro\/lexikon\/wp-json\/wp\/v2\/product\/5100","targetHints":{"allow":["GET"]}}],"collection":[{"href":"https:\/\/uj.adatbank.ro\/lexikon\/wp-json\/wp\/v2\/product"}],"about":[{"href":"https:\/\/uj.adatbank.ro\/lexikon\/wp-json\/wp\/v2\/types\/product"}],"replies":[{"embeddable":true,"href":"https:\/\/uj.adatbank.ro\/lexikon\/wp-json\/wp\/v2\/comments?post=5100"}],"wp:attachment":[{"href":"https:\/\/uj.adatbank.ro\/lexikon\/wp-json\/wp\/v2\/media?parent=5100"}],"wp:term":[{"taxonomy":"product_brand","embeddable":true,"href":"https:\/\/uj.adatbank.ro\/lexikon\/wp-json\/wp\/v2\/product_brand?post=5100"},{"taxonomy":"product_cat","embeddable":true,"href":"https:\/\/uj.adatbank.ro\/lexikon\/wp-json\/wp\/v2\/product_cat?post=5100"},{"taxonomy":"product_tag","embeddable":true,"href":"https:\/\/uj.adatbank.ro\/lexikon\/wp-json\/wp\/v2\/product_tag?post=5100"}],"curies":[{"name":"wp","href":"https:\/\/api.w.org\/{rel}","templated":true}]}}

BÖJTHE János, sárpataki

<p>Mv., 1902. júl. 24., † ? : mintaiskola igazgató. – A nemesi előnevet Apaffi erdélyi fejedelem adományozta a családnak. – Tanulmányait Nagyenyeden végezte (1922). Tanító pályafutását Szentháromságon kezdte, tanított még Nagyernyében, Nagykárolyban és Küsmödön. Mv.-en a M. Kir. Állami Tanítóképző Intézet és Líc. mintaiskola igazgató (1940–), részt vett a dalárda és a sportegyesület, valamint az önképzőkör vezetésében. A II. vh.-ban tart. zászlósi rangban vett részt. <br /><strong>Irod.:</strong> Berekméri; Szabó K. Attila; Székelyföld í. k</br></p>

<p>Mv., 1902. júl. 24., † ? : mintaiskola igazgató. – A nemesi előnevet Apaffi erdélyi fejedelem adományozta a családnak. – Tanulmányait Nagyenyeden végezte (1922). Tanító pályafutását Szentháromságon kezdte, tanított még Nagyernyében, Nagykárolyban és Küsmödön. Mv.-en a M. Kir. Állami Tanítóképző Intézet és Líc. mintaiskola igazgató (1940–), részt vett a dalárda és a sportegyesület, valamint az önképzőkör [&hellip;]</p>
