{"id":5103,"date":"2025-06-28T17:03:22","date_gmt":"2025-06-28T15:03:22","guid":{"rendered":"https:\/\/uj.adatbank.ro\/lexikon\/termek\/bojthi-terezia-szarhegyi-gr-lazar-adamne\/"},"modified":"2025-06-28T17:03:22","modified_gmt":"2025-06-28T15:03:22","slug":"bojthi-terezia-szarhegyi-gr-lazar-adamne","status":"publish","type":"product","link":"https:\/\/uj.adatbank.ro\/lexikon\/termek\/bojthi-terezia-szarhegyi-gr-lazar-adamne\/","title":{"rendered":"B\u00d6JTHI Ter\u00e9zia, sz\u00e1rhegyi gr. L\u00e1z\u00e1r \u00c1d\u00e1mn\u00e9"},"content":{"rendered":"<p>? \u2020 1802.: f\u00f6ldbirtokos. \u2013 F\u00e9rje m\u00e1sodik feles\u00e9ge (1762\u20131778), akinek hal\u00e1la ut\u00e1n 24 \u00e9vet \u00e9lt \u00f6zvegys\u00e9gben, n\u00e9h\u00e1ny \u00e9vig pap b\u00e1tyja n\u00e1la lakott. \u2013 Sz\u00e9kelyv\u00e9ck\u00e9n f\u00f6ldbirtokos, megjav\u00edttatta a r\u00e9gi templom orgon\u00e1j\u00e1t (1773). Patr\u00f3nusa a sz\u00e9kelyv\u00e9ckei \u00faj r. k. \u00e9p\u00edt\u00e9s\u00e9nek, ahol a pl\u00e9b\u00e1nos b\u00e1tyja, B\u00f6jthi Antal volt, aki megtervezte \u00e9s kivitelezte a templom \u00e9p\u00edt\u00e9s\u00e9t (1790\u201391). A templom felszerel\u00e9s\u00e9ben is jelent\u0151s r\u00e9szt v\u00e1llalt, \u00faj orgon\u00e1t vett (1793), ez\u00fcst kelyhet is adom\u00e1nyozott. <br \/><strong>Irod.:<\/strong> Barab\u00e1s Kisanna: B. A., a magyar nyelv \u00e9s a sz\u00e9kelyv\u00e9ckei templom pall\u00e9ra = Liber discipulorum<\/br><\/p>\n","protected":false},"excerpt":{"rendered":"<p>? \u2020 1802.: f\u00f6ldbirtokos. \u2013 F\u00e9rje m\u00e1sodik feles\u00e9ge (1762\u20131778), akinek hal\u00e1la ut\u00e1n 24 \u00e9vet \u00e9lt \u00f6zvegys\u00e9gben, n\u00e9h\u00e1ny \u00e9vig pap b\u00e1tyja n\u00e1la lakott. \u2013 Sz\u00e9kelyv\u00e9ck\u00e9n f\u00f6ldbirtokos, megjav\u00edttatta a r\u00e9gi templom orgon\u00e1j\u00e1t (1773). Patr\u00f3nusa a sz\u00e9kelyv\u00e9ckei \u00faj r. k. \u00e9p\u00edt\u00e9s\u00e9nek, ahol a pl\u00e9b\u00e1nos b\u00e1tyja, B\u00f6jthi Antal volt, aki megtervezte \u00e9s kivitelezte a templom \u00e9p\u00edt\u00e9s\u00e9t (1790\u201391). A templom [&hellip;]<\/p>\n","protected":false},"featured_media":0,"comment_status":"open","ping_status":"closed","template":"","meta":[],"product_brand":[],"product_cat":[137],"product_tag":[],"class_list":{"0":"post-5103","1":"product","2":"type-product","3":"status-publish","5":"product_cat-maros-megyei-eletrajzi-lexikon","7":"first","8":"instock","9":"shipping-taxable","10":"product-type-simple"},"_links":{"self":[{"href":"https:\/\/uj.adatbank.ro\/lexikon\/wp-json\/wp\/v2\/product\/5103","targetHints":{"allow":["GET"]}}],"collection":[{"href":"https:\/\/uj.adatbank.ro\/lexikon\/wp-json\/wp\/v2\/product"}],"about":[{"href":"https:\/\/uj.adatbank.ro\/lexikon\/wp-json\/wp\/v2\/types\/product"}],"replies":[{"embeddable":true,"href":"https:\/\/uj.adatbank.ro\/lexikon\/wp-json\/wp\/v2\/comments?post=5103"}],"wp:attachment":[{"href":"https:\/\/uj.adatbank.ro\/lexikon\/wp-json\/wp\/v2\/media?parent=5103"}],"wp:term":[{"taxonomy":"product_brand","embeddable":true,"href":"https:\/\/uj.adatbank.ro\/lexikon\/wp-json\/wp\/v2\/product_brand?post=5103"},{"taxonomy":"product_cat","embeddable":true,"href":"https:\/\/uj.adatbank.ro\/lexikon\/wp-json\/wp\/v2\/product_cat?post=5103"},{"taxonomy":"product_tag","embeddable":true,"href":"https:\/\/uj.adatbank.ro\/lexikon\/wp-json\/wp\/v2\/product_tag?post=5103"}],"curies":[{"name":"wp","href":"https:\/\/api.w.org\/{rel}","templated":true}]}}

BÖJTHI Terézia, szárhegyi gr. Lázár Ádámné

<p>? † 1802.: földbirtokos. – Férje második felesége (1762–1778), akinek halála után 24 évet élt özvegységben, néhány évig pap bátyja nála lakott. – Székelyvéckén földbirtokos, megjavíttatta a régi templom orgonáját (1773). Patrónusa a székelyvéckei új r. k. építésének, ahol a plébános bátyja, Böjthi Antal volt, aki megtervezte és kivitelezte a templom építését (1790–91). A templom felszerelésében is jelentős részt vállalt, új orgonát vett (1793), ezüst kelyhet is adományozott. <br /><strong>Irod.:</strong> Barabás Kisanna: B. A., a magyar nyelv és a székelyvéckei templom palléra = Liber discipulorum</br></p>

<p>? † 1802.: földbirtokos. – Férje második felesége (1762–1778), akinek halála után 24 évet élt özvegységben, néhány évig pap bátyja nála lakott. – Székelyvéckén földbirtokos, megjavíttatta a régi templom orgonáját (1773). Patrónusa a székelyvéckei új r. k. építésének, ahol a plébános bátyja, Böjthi Antal volt, aki megtervezte és kivitelezte a templom építését (1790–91). A templom [&hellip;]</p>
