{"id":5107,"date":"2025-06-28T17:03:32","date_gmt":"2025-06-28T15:03:32","guid":{"rendered":"https:\/\/uj.adatbank.ro\/lexikon\/termek\/bokor-andor-andras\/"},"modified":"2025-06-28T17:03:32","modified_gmt":"2025-06-28T15:03:32","slug":"bokor-andor-andras","status":"publish","type":"product","link":"https:\/\/uj.adatbank.ro\/lexikon\/termek\/bokor-andor-andras\/","title":{"rendered":"BOKOR Andor Andr\u00e1s"},"content":{"rendered":"<p>Kv., 1911., \u2020 Mv., 1974. szept. 9.: rendez\u0151, sz\u00ednigazgat\u00f3. \u2013 A kv.-i Dolgoz\u00f3k Sz\u00ednh\u00e1za m. tagozat\u00e1nak vezet\u0151je (1946\u201348), a sepsiszentgy\u00f6rgyi \u00c1llami M. Sz\u00ednh\u00e1z alap\u00edt\u00f3 ig.-ja (1948\u20131956). A mv.-i Sz\u00e9kely Sz\u00ednh\u00e1z szervez\u0151je (1956\u20131961). Egyfelvon\u00e1sosokat, alkalmi jeleneteket \u00e9s egy-k\u00e9t t\u00e1rsszerz\u0151 k\u00f6zrem\u0171k\u00f6d\u00e9s\u00e9vel k\u00e9t h\u00e1romfelvon\u00e1sos dr\u00e1m\u00e1t \u00edrt. Sz\u00e1mos el\u0151ad\u00e1st rendezett. A Munka\u00e9rdemrend III. fokozat\u00e1val t\u00fcntett\u00e9k ki (1964. aug. 20.). \u2013 <strong>F. r.:<\/strong>: Gow\u2013D\u2019Usseau: M\u00e9lyek a gy\u00f6kerek; M\u00f3ricz Zs.: Rokonok; Bokor\u2013V\u00f6lgyesi: Sz\u00f3lj sz\u00e1m! <br \/><strong>Irod.:<\/strong> A H\u00e9t \u00e9vk\u00f6nyve (1982); Id\u0151t\u00e1r 4.; MSZL; Mv.-i zsid\u00f3 temet\u0151 dok.<\/br><\/p>\n","protected":false},"excerpt":{"rendered":"<p>Kv., 1911., \u2020 Mv., 1974. szept. 9.: rendez\u0151, sz\u00ednigazgat\u00f3. \u2013 A kv.-i Dolgoz\u00f3k Sz\u00ednh\u00e1za m. tagozat\u00e1nak vezet\u0151je (1946\u201348), a sepsiszentgy\u00f6rgyi \u00c1llami M. Sz\u00ednh\u00e1z alap\u00edt\u00f3 ig.-ja (1948\u20131956). A mv.-i Sz\u00e9kely Sz\u00ednh\u00e1z szervez\u0151je (1956\u20131961). Egyfelvon\u00e1sosokat, alkalmi jeleneteket \u00e9s egy-k\u00e9t t\u00e1rsszerz\u0151 k\u00f6zrem\u0171k\u00f6d\u00e9s\u00e9vel k\u00e9t h\u00e1romfelvon\u00e1sos dr\u00e1m\u00e1t \u00edrt. Sz\u00e1mos el\u0151ad\u00e1st rendezett. A Munka\u00e9rdemrend III. fokozat\u00e1val t\u00fcntett\u00e9k ki (1964. aug. 20.). [&hellip;]<\/p>\n","protected":false},"featured_media":0,"comment_status":"open","ping_status":"closed","template":"","meta":[],"product_brand":[],"product_cat":[137],"product_tag":[],"class_list":{"0":"post-5107","1":"product","2":"type-product","3":"status-publish","5":"product_cat-maros-megyei-eletrajzi-lexikon","7":"first","8":"instock","9":"shipping-taxable","10":"product-type-simple"},"_links":{"self":[{"href":"https:\/\/uj.adatbank.ro\/lexikon\/wp-json\/wp\/v2\/product\/5107","targetHints":{"allow":["GET"]}}],"collection":[{"href":"https:\/\/uj.adatbank.ro\/lexikon\/wp-json\/wp\/v2\/product"}],"about":[{"href":"https:\/\/uj.adatbank.ro\/lexikon\/wp-json\/wp\/v2\/types\/product"}],"replies":[{"embeddable":true,"href":"https:\/\/uj.adatbank.ro\/lexikon\/wp-json\/wp\/v2\/comments?post=5107"}],"wp:attachment":[{"href":"https:\/\/uj.adatbank.ro\/lexikon\/wp-json\/wp\/v2\/media?parent=5107"}],"wp:term":[{"taxonomy":"product_brand","embeddable":true,"href":"https:\/\/uj.adatbank.ro\/lexikon\/wp-json\/wp\/v2\/product_brand?post=5107"},{"taxonomy":"product_cat","embeddable":true,"href":"https:\/\/uj.adatbank.ro\/lexikon\/wp-json\/wp\/v2\/product_cat?post=5107"},{"taxonomy":"product_tag","embeddable":true,"href":"https:\/\/uj.adatbank.ro\/lexikon\/wp-json\/wp\/v2\/product_tag?post=5107"}],"curies":[{"name":"wp","href":"https:\/\/api.w.org\/{rel}","templated":true}]}}

BOKOR Andor András

<p>Kv., 1911., † Mv., 1974. szept. 9.: rendező, színigazgató. – A kv.-i Dolgozók Színháza m. tagozatának vezetője (1946–48), a sepsiszentgyörgyi Állami M. Színház alapító ig.-ja (1948–1956). A mv.-i Székely Színház szervezője (1956–1961). Egyfelvonásosokat, alkalmi jeleneteket és egy-két társszerző közreműködésével két háromfelvonásos drámát írt. Számos előadást rendezett. A Munkaérdemrend III. fokozatával tüntették ki (1964. aug. 20.). – <strong>F. r.:</strong>: Gow–D’Usseau: Mélyek a gyökerek; Móricz Zs.: Rokonok; Bokor–Völgyesi: Szólj szám! <br /><strong>Irod.:</strong> A Hét évkönyve (1982); Időtár 4.; MSZL; Mv.-i zsidó temető dok.</br></p>

<p>Kv., 1911., † Mv., 1974. szept. 9.: rendező, színigazgató. – A kv.-i Dolgozók Színháza m. tagozatának vezetője (1946–48), a sepsiszentgyörgyi Állami M. Színház alapító ig.-ja (1948–1956). A mv.-i Székely Színház szervezője (1956–1961). Egyfelvonásosokat, alkalmi jeleneteket és egy-két társszerző közreműködésével két háromfelvonásos drámát írt. Számos előadást rendezett. A Munkaérdemrend III. fokozatával tüntették ki (1964. aug. 20.). [&hellip;]</p>
