{"id":5117,"date":"2025-06-28T17:03:53","date_gmt":"2025-06-28T15:03:53","guid":{"rendered":"https:\/\/uj.adatbank.ro\/lexikon\/termek\/bolgar-laszlo-2\/"},"modified":"2025-06-28T17:03:53","modified_gmt":"2025-06-28T15:03:53","slug":"bolgar-laszlo-2","status":"publish","type":"product","link":"https:\/\/uj.adatbank.ro\/lexikon\/termek\/bolgar-laszlo-2\/","title":{"rendered":"BOLG\u00c1R L\u00e1szl\u00f3"},"content":{"rendered":"<p>? \u2020\u00a0? : birtokos, nemes. \u2013 Marossz\u00e9ki f\u0151ember, tuzsoni birtokos nemes. A p\u00fcsp\u00f6k felsz\u00f3l\u00edtotta Ny\u00e1r\u00e1dt\u0151i Bal\u00e1zs mv.-i pl\u00e9b\u00e1n\u00e1nost, hogy vesse egyh\u00e1zi tilalom al\u00e1, ha nem tesz eleget bizonyos j\u00f3v\u00e1t\u00e9tel\u00e9nek (1440). Er\u0151szakkal megakad\u00e1lyozta Al\u00e1rd fia Jakab jobb\u00e1gyait, hogy a v\u00e1s\u00e1rhelyi v\u00e1s\u00e1rra menjenek (1447). <br \/><strong>Irod.:<\/strong> Id\u0151t\u00e1r 1.; P\u00e1l-Antal 2009<\/br><\/p>\n","protected":false},"excerpt":{"rendered":"<p>? \u2020\u00a0? : birtokos, nemes. \u2013 Marossz\u00e9ki f\u0151ember, tuzsoni birtokos nemes. A p\u00fcsp\u00f6k felsz\u00f3l\u00edtotta Ny\u00e1r\u00e1dt\u0151i Bal\u00e1zs mv.-i pl\u00e9b\u00e1n\u00e1nost, hogy vesse egyh\u00e1zi tilalom al\u00e1, ha nem tesz eleget bizonyos j\u00f3v\u00e1t\u00e9tel\u00e9nek (1440). Er\u0151szakkal megakad\u00e1lyozta Al\u00e1rd fia Jakab jobb\u00e1gyait, hogy a v\u00e1s\u00e1rhelyi v\u00e1s\u00e1rra menjenek (1447). Irod.: Id\u0151t\u00e1r 1.; P\u00e1l-Antal 2009<\/p>\n","protected":false},"featured_media":0,"comment_status":"open","ping_status":"closed","template":"","meta":[],"product_brand":[],"product_cat":[137],"product_tag":[],"class_list":{"0":"post-5117","1":"product","2":"type-product","3":"status-publish","5":"product_cat-maros-megyei-eletrajzi-lexikon","7":"first","8":"instock","9":"shipping-taxable","10":"product-type-simple"},"_links":{"self":[{"href":"https:\/\/uj.adatbank.ro\/lexikon\/wp-json\/wp\/v2\/product\/5117","targetHints":{"allow":["GET"]}}],"collection":[{"href":"https:\/\/uj.adatbank.ro\/lexikon\/wp-json\/wp\/v2\/product"}],"about":[{"href":"https:\/\/uj.adatbank.ro\/lexikon\/wp-json\/wp\/v2\/types\/product"}],"replies":[{"embeddable":true,"href":"https:\/\/uj.adatbank.ro\/lexikon\/wp-json\/wp\/v2\/comments?post=5117"}],"wp:attachment":[{"href":"https:\/\/uj.adatbank.ro\/lexikon\/wp-json\/wp\/v2\/media?parent=5117"}],"wp:term":[{"taxonomy":"product_brand","embeddable":true,"href":"https:\/\/uj.adatbank.ro\/lexikon\/wp-json\/wp\/v2\/product_brand?post=5117"},{"taxonomy":"product_cat","embeddable":true,"href":"https:\/\/uj.adatbank.ro\/lexikon\/wp-json\/wp\/v2\/product_cat?post=5117"},{"taxonomy":"product_tag","embeddable":true,"href":"https:\/\/uj.adatbank.ro\/lexikon\/wp-json\/wp\/v2\/product_tag?post=5117"}],"curies":[{"name":"wp","href":"https:\/\/api.w.org\/{rel}","templated":true}]}}