{"id":5124,"date":"2025-06-28T17:04:09","date_gmt":"2025-06-28T15:04:09","guid":{"rendered":"https:\/\/uj.adatbank.ro\/lexikon\/termek\/bologa-iacob\/"},"modified":"2025-06-28T17:04:09","modified_gmt":"2025-06-28T15:04:09","slug":"bologa-iacob","status":"publish","type":"product","link":"https:\/\/uj.adatbank.ro\/lexikon\/termek\/bologa-iacob\/","title":{"rendered":"BOLOGA Iacob"},"content":{"rendered":"<p>M\u00e1rpod, 1817. dec. 7., \u2020 Szeben, 1888. m\u00e1j. 18.: udvari tan\u00e1csos. \u2013 Tanult Szebenben, Kv.-on. Kancellista a mv.-i Kir\u00e1lyi T\u00e1bl\u00e1n\u00e1l (1847), a bal\u00e1zsfalvi nagygy\u0171l\u00e9s titk\u00e1ra (1848. m\u00e1j. 3\u201315.), tan\u00e1csos volt a d\u00e9zsi t\u00f6rv\u00e9nysz\u00e9ken (1852\u2013), majd Szebenben (1953\u2013), az Orsz\u00e1gos It\u00e9l\u0151t\u00e1bl\u00e1n\u00e1l (1858\u2013). K\u00e9pvisel\u0151je a szebeni ker\u00fcletnek (1863\u201364); B\u00e9csben udvari tan\u00e1csos az erd\u00e9lyi kancell\u00e1ri\u00e1n (1865\u201367). Az ASTRA keret\u00e9ben t\u00f6bbed mag\u00e1val kidolgozta az egyes\u00fclet oszt\u00e1lyainak szervez\u00e9si \u00e9s m\u0171k\u0151d\u00e9si szab\u00e1lyzat\u00e1t, amelyet megvitat\u00e1s ut\u00e1n a vezet\u0151s\u00e9g a nagysomk\u00fati gy\u0171l\u00e9sen el is fogadott (1869). Alap\u00edt\u00f3 tagja a szebeni Transilvania \u00e9s az Albina bankoknak (1871), a Gozsdu alap\u00edtv\u00e1ny tagja (1875). <br \/><strong>Irod.:<\/strong> Deda \u00een spa\u0163iu; P\u0103c\u0103\u0163ian; Ploe\u015fteanu, M.: Aspecte din via\u0163a \u015fi activitatea lui I. B. (Studii \u015fi materiale, 1972, 3\u20134); Ploe\u015fteanu, Grigore: Canceli\u015ftii rom\u00e2ni t\u00e2rgumure\u015feni \u00een revolu\u0163ia de la 1848 = Studii \u015fi cercet\u0103ri de \u015ftiin\u0163e sociale (Buc., 1977); Predescu<\/br><\/p>\n","protected":false},"excerpt":{"rendered":"<p>M\u00e1rpod, 1817. dec. 7., \u2020 Szeben, 1888. m\u00e1j. 18.: udvari tan\u00e1csos. \u2013 Tanult Szebenben, Kv.-on. Kancellista a mv.-i Kir\u00e1lyi T\u00e1bl\u00e1n\u00e1l (1847), a bal\u00e1zsfalvi nagygy\u0171l\u00e9s titk\u00e1ra (1848. m\u00e1j. 3\u201315.), tan\u00e1csos volt a d\u00e9zsi t\u00f6rv\u00e9nysz\u00e9ken (1852\u2013), majd Szebenben (1953\u2013), az Orsz\u00e1gos It\u00e9l\u0151t\u00e1bl\u00e1n\u00e1l (1858\u2013). K\u00e9pvisel\u0151je a szebeni ker\u00fcletnek (1863\u201364); B\u00e9csben udvari tan\u00e1csos az erd\u00e9lyi kancell\u00e1ri\u00e1n (1865\u201367). Az ASTRA [&hellip;]<\/p>\n","protected":false},"featured_media":0,"comment_status":"open","ping_status":"closed","template":"","meta":[],"product_brand":[],"product_cat":[137],"product_tag":[],"class_list":{"0":"post-5124","1":"product","2":"type-product","3":"status-publish","5":"product_cat-maros-megyei-eletrajzi-lexikon","7":"first","8":"instock","9":"shipping-taxable","10":"product-type-simple"},"_links":{"self":[{"href":"https:\/\/uj.adatbank.ro\/lexikon\/wp-json\/wp\/v2\/product\/5124","targetHints":{"allow":["GET"]}}],"collection":[{"href":"https:\/\/uj.adatbank.ro\/lexikon\/wp-json\/wp\/v2\/product"}],"about":[{"href":"https:\/\/uj.adatbank.ro\/lexikon\/wp-json\/wp\/v2\/types\/product"}],"replies":[{"embeddable":true,"href":"https:\/\/uj.adatbank.ro\/lexikon\/wp-json\/wp\/v2\/comments?post=5124"}],"wp:attachment":[{"href":"https:\/\/uj.adatbank.ro\/lexikon\/wp-json\/wp\/v2\/media?parent=5124"}],"wp:term":[{"taxonomy":"product_brand","embeddable":true,"href":"https:\/\/uj.adatbank.ro\/lexikon\/wp-json\/wp\/v2\/product_brand?post=5124"},{"taxonomy":"product_cat","embeddable":true,"href":"https:\/\/uj.adatbank.ro\/lexikon\/wp-json\/wp\/v2\/product_cat?post=5124"},{"taxonomy":"product_tag","embeddable":true,"href":"https:\/\/uj.adatbank.ro\/lexikon\/wp-json\/wp\/v2\/product_tag?post=5124"}],"curies":[{"name":"wp","href":"https:\/\/api.w.org\/{rel}","templated":true}]}}

<p>Márpod, 1817. dec. 7., † Szeben, 1888. máj. 18.: udvari tanácsos. – Tanult Szebenben, Kv.-on. Kancellista a mv.-i Királyi Táblánál (1847), a balázsfalvi nagygyűlés titkára (1848. máj. 3–15.), tanácsos volt a dézsi törvényszéken (1852–), majd Szebenben (1953–), az Országos Itélőtáblánál (1858–). Képviselője a szebeni kerületnek (1863–64); Bécsben udvari tanácsos az erdélyi kancellárián (1865–67). Az ASTRA keretében többed magával kidolgozta az egyesület osztályainak szervezési és műkődési szabályzatát, amelyet megvitatás után a vezetőség a nagysomkúti gyűlésen el is fogadott (1869). Alapító tagja a szebeni Transilvania és az Albina bankoknak (1871), a Gozsdu alapítvány tagja (1875). <br /><strong>Irod.:</strong> Deda în spaţiu; Păcăţian; Ploeşteanu, M.: Aspecte din viaţa şi activitatea lui I. B. (Studii şi materiale, 1972, 3–4); Ploeşteanu, Grigore: Canceliştii români târgumureşeni în revoluţia de la 1848 = Studii şi cercetări de ştiinţe sociale (Buc., 1977); Predescu</br></p>

<p>Márpod, 1817. dec. 7., † Szeben, 1888. máj. 18.: udvari tanácsos. – Tanult Szebenben, Kv.-on. Kancellista a mv.-i Királyi Táblánál (1847), a balázsfalvi nagygyűlés titkára (1848. máj. 3–15.), tanácsos volt a dézsi törvényszéken (1852–), majd Szebenben (1953–), az Országos Itélőtáblánál (1858–). Képviselője a szebeni kerületnek (1863–64); Bécsben udvari tanácsos az erdélyi kancellárián (1865–67). Az ASTRA [&hellip;]</p>
