{"id":5131,"date":"2025-06-28T17:04:23","date_gmt":"2025-06-28T15:04:23","guid":{"rendered":"https:\/\/uj.adatbank.ro\/lexikon\/termek\/boloni-zsigmond-2\/"},"modified":"2025-06-28T17:04:23","modified_gmt":"2025-06-28T15:04:23","slug":"boloni-zsigmond-2","status":"publish","type":"product","link":"https:\/\/uj.adatbank.ro\/lexikon\/termek\/boloni-zsigmond-2\/","title":{"rendered":"B\u00d6L\u00d6NI Zsigmond"},"content":{"rendered":"<p>? \u2020\u00a0? : ref. lelk\u00e9sz. \u2013 Mv.-en subscrib\u00e1lt (1700) \u00e9s Nagyenyeden (1704). K\u00fck\u00fcll\u0151v\u00e1ron rektor. Lelk\u00e9sz Ny\u00e1r\u00e1dszentann\u00e1n (1712), Harangl\u00e1bon (1713\u201316), H\u00e9derf\u00e1j\u00e1n (1721\u201326), S\u00f6v\u00e9nyfalv\u00e1n (1727\u201332), Sz\u0151kefalv\u00e1n (1740\u201341) \u00e9s Gog\u00e1nban (1741\u201354). <br \/><strong>Irod.:<\/strong> Imreh Barna; K\u00fck\u00fcll\u0151i Ref. Egyh\u00e1zm. 2., 3., 4.; Nagy L\u00e1szl\u00f3<\/br><\/p>\n","protected":false},"excerpt":{"rendered":"<p>? \u2020\u00a0? : ref. lelk\u00e9sz. \u2013 Mv.-en subscrib\u00e1lt (1700) \u00e9s Nagyenyeden (1704). K\u00fck\u00fcll\u0151v\u00e1ron rektor. Lelk\u00e9sz Ny\u00e1r\u00e1dszentann\u00e1n (1712), Harangl\u00e1bon (1713\u201316), H\u00e9derf\u00e1j\u00e1n (1721\u201326), S\u00f6v\u00e9nyfalv\u00e1n (1727\u201332), Sz\u0151kefalv\u00e1n (1740\u201341) \u00e9s Gog\u00e1nban (1741\u201354). Irod.: Imreh Barna; K\u00fck\u00fcll\u0151i Ref. Egyh\u00e1zm. 2., 3., 4.; Nagy L\u00e1szl\u00f3<\/p>\n","protected":false},"featured_media":0,"comment_status":"open","ping_status":"closed","template":"","meta":[],"product_brand":[],"product_cat":[137],"product_tag":[],"class_list":{"0":"post-5131","1":"product","2":"type-product","3":"status-publish","5":"product_cat-maros-megyei-eletrajzi-lexikon","7":"first","8":"instock","9":"shipping-taxable","10":"product-type-simple"},"_links":{"self":[{"href":"https:\/\/uj.adatbank.ro\/lexikon\/wp-json\/wp\/v2\/product\/5131","targetHints":{"allow":["GET"]}}],"collection":[{"href":"https:\/\/uj.adatbank.ro\/lexikon\/wp-json\/wp\/v2\/product"}],"about":[{"href":"https:\/\/uj.adatbank.ro\/lexikon\/wp-json\/wp\/v2\/types\/product"}],"replies":[{"embeddable":true,"href":"https:\/\/uj.adatbank.ro\/lexikon\/wp-json\/wp\/v2\/comments?post=5131"}],"wp:attachment":[{"href":"https:\/\/uj.adatbank.ro\/lexikon\/wp-json\/wp\/v2\/media?parent=5131"}],"wp:term":[{"taxonomy":"product_brand","embeddable":true,"href":"https:\/\/uj.adatbank.ro\/lexikon\/wp-json\/wp\/v2\/product_brand?post=5131"},{"taxonomy":"product_cat","embeddable":true,"href":"https:\/\/uj.adatbank.ro\/lexikon\/wp-json\/wp\/v2\/product_cat?post=5131"},{"taxonomy":"product_tag","embeddable":true,"href":"https:\/\/uj.adatbank.ro\/lexikon\/wp-json\/wp\/v2\/product_tag?post=5131"}],"curies":[{"name":"wp","href":"https:\/\/api.w.org\/{rel}","templated":true}]}}