{"id":5133,"date":"2025-06-28T17:04:26","date_gmt":"2025-06-28T15:04:26","guid":{"rendered":"https:\/\/uj.adatbank.ro\/lexikon\/termek\/bolyai-amalia-la-brossene\/"},"modified":"2025-06-28T17:04:26","modified_gmt":"2025-06-28T15:04:26","slug":"bolyai-amalia-la-brossene","status":"publish","type":"product","link":"https:\/\/uj.adatbank.ro\/lexikon\/termek\/bolyai-amalia-la-brossene\/","title":{"rendered":"BOLYAI Am\u00e1lia, La Brossen\u00e9"},"content":{"rendered":"<p>Dom\u00e1ld, 1840. j\u00fal. 29., \u2020\u00a0Kv., ? : \u00fczletasszony. \u2013 Bolyai J\u00e1nos \u00e9s Orb\u00e1n Roz\u00e1lia le\u00e1nya. \u2013 Erzs\u00e9betv\u00e1roson anyak\u00f6nyvezt\u00e9k (1840. aug. 2). F\u00e9rje\u00a0: francia La Brosse, f\u00e9rfikalapos.- Ssikeres \u00fczlet\u00fck volt Ploie\u015fti-en, majd Br\u0103ilan, ahol anyj\u00e1t is mag\u00e1hoz vette (1872), ott halt meg \u00e9s temette el. F\u00e9rje hal\u00e1la ut\u00e1n eladta az \u00fczletet \u00e9s Kv.-ra k\u00f6lt\u00f6z\u00f6tt \u00e9s ott is halt meg. <br \/><strong>Irod.:<\/strong> Apa \u00e9s fi\u00fa k\u00fczdelme a k\u00f3rokkal: Ol\u00e1h Anna: B. Farkas gy\u00f3gy\u00e1szati munk\u00e1ss\u00e1ga; Vofkori J\u00f3zsef: B. J\u00e1nos betegs\u00e9gei kordokumentumok \u00e9s a modern orvostudom\u00e1ny t\u00fckr\u00e9ben (Mv., 2005); Ol\u00e1h-G\u00e1l 2013; Ol\u00e1h-G\u00e1l R\u00f3bert: Bolyai J\u00e1nos, a csal\u00e1dapa (Term\u00e9szet Vil\u00e1ga, 2003. Bolyai-eml\u00e9ksz\u00e1m); Ol\u00e1h-G. R.: Bolyai \u2013 somm\u00e1zat; <\/br><\/p>\n","protected":false},"excerpt":{"rendered":"<p>Dom\u00e1ld, 1840. j\u00fal. 29., \u2020\u00a0Kv., ? : \u00fczletasszony. \u2013 Bolyai J\u00e1nos \u00e9s Orb\u00e1n Roz\u00e1lia le\u00e1nya. \u2013 Erzs\u00e9betv\u00e1roson anyak\u00f6nyvezt\u00e9k (1840. aug. 2). F\u00e9rje\u00a0: francia La Brosse, f\u00e9rfikalapos.- Ssikeres \u00fczlet\u00fck volt Ploie\u015fti-en, majd Br\u0103ilan, ahol anyj\u00e1t is mag\u00e1hoz vette (1872), ott halt meg \u00e9s temette el. F\u00e9rje hal\u00e1la ut\u00e1n eladta az \u00fczletet \u00e9s Kv.-ra k\u00f6lt\u00f6z\u00f6tt \u00e9s ott [&hellip;]<\/p>\n","protected":false},"featured_media":0,"comment_status":"open","ping_status":"closed","template":"","meta":[],"product_brand":[],"product_cat":[137],"product_tag":[],"class_list":{"0":"post-5133","1":"product","2":"type-product","3":"status-publish","5":"product_cat-maros-megyei-eletrajzi-lexikon","7":"first","8":"instock","9":"shipping-taxable","10":"product-type-simple"},"_links":{"self":[{"href":"https:\/\/uj.adatbank.ro\/lexikon\/wp-json\/wp\/v2\/product\/5133","targetHints":{"allow":["GET"]}}],"collection":[{"href":"https:\/\/uj.adatbank.ro\/lexikon\/wp-json\/wp\/v2\/product"}],"about":[{"href":"https:\/\/uj.adatbank.ro\/lexikon\/wp-json\/wp\/v2\/types\/product"}],"replies":[{"embeddable":true,"href":"https:\/\/uj.adatbank.ro\/lexikon\/wp-json\/wp\/v2\/comments?post=5133"}],"wp:attachment":[{"href":"https:\/\/uj.adatbank.ro\/lexikon\/wp-json\/wp\/v2\/media?parent=5133"}],"wp:term":[{"taxonomy":"product_brand","embeddable":true,"href":"https:\/\/uj.adatbank.ro\/lexikon\/wp-json\/wp\/v2\/product_brand?post=5133"},{"taxonomy":"product_cat","embeddable":true,"href":"https:\/\/uj.adatbank.ro\/lexikon\/wp-json\/wp\/v2\/product_cat?post=5133"},{"taxonomy":"product_tag","embeddable":true,"href":"https:\/\/uj.adatbank.ro\/lexikon\/wp-json\/wp\/v2\/product_tag?post=5133"}],"curies":[{"name":"wp","href":"https:\/\/api.w.org\/{rel}","templated":true}]}}

BOLYAI Amália, La Brossené

<p>Domáld, 1840. júl. 29., † Kv., ? : üzletasszony. – Bolyai János és Orbán Rozália leánya. – Erzsébetvároson anyakönyvezték (1840. aug. 2). Férje : francia La Brosse, férfikalapos.- Ssikeres üzletük volt Ploieşti-en, majd Brăilan, ahol anyját is magához vette (1872), ott halt meg és temette el. Férje halála után eladta az üzletet és Kv.-ra költözött és ott is halt meg. <br /><strong>Irod.:</strong> Apa és fiú küzdelme a kórokkal: Oláh Anna: B. Farkas gyógyászati munkássága; Vofkori József: B. János betegségei kordokumentumok és a modern orvostudomány tükrében (Mv., 2005); Oláh-Gál 2013; Oláh-Gál Róbert: Bolyai János, a családapa (Természet Világa, 2003. Bolyai-emlékszám); Oláh-G. R.: Bolyai – sommázat; </br></p>

<p>Domáld, 1840. júl. 29., † Kv., ? : üzletasszony. – Bolyai János és Orbán Rozália leánya. – Erzsébetvároson anyakönyvezték (1840. aug. 2). Férje : francia La Brosse, férfikalapos.- Ssikeres üzletük volt Ploieşti-en, majd Brăilan, ahol anyját is magához vette (1872), ott halt meg és temette el. Férje halála után eladta az üzletet és Kv.-ra költözött és ott [&hellip;]</p>
