{"id":5135,"date":"2025-06-28T17:04:30","date_gmt":"2025-06-28T15:04:30","guid":{"rendered":"https:\/\/uj.adatbank.ro\/lexikon\/termek\/bolyai-denes-bolyai\/"},"modified":"2025-06-28T17:04:30","modified_gmt":"2025-06-28T15:04:30","slug":"bolyai-denes-bolyai","status":"publish","type":"product","link":"https:\/\/uj.adatbank.ro\/lexikon\/termek\/bolyai-denes-bolyai\/","title":{"rendered":"BOLYAI D\u00e9nes, bolyai"},"content":{"rendered":"<p>Mv., 1837. \u00e1pr. 6., \u2020 Gyulafeh\u00e9rv\u00e1r, 1913. szept. 21.: t\u00f6rv\u00e9nysz\u00e9ki irodatiszt. \u2013 Bolyai J\u00e1nos \u00e9s Orb\u00e1n Roz\u00e1lia els\u0151 fia. H\u00e1romszor is h\u00e1zasodott, \u00e9s n\u00e9gy gyermeke (k\u00e9t fia \u00e9s k\u00e9t le\u00e1nya) volt. Feles\u00e9ge: 1. Sz\u00e1nt\u00f3 Szab\u00f3 Katalin (esk. 1869. aug. 1.). Az els\u0151 gyermek: Farkas (Mv. 1870. aug. 5. \u2013); 2.?. 3. L\u0151rincz Aranka. Fi\u00fak: J\u00e1nos. \u2013 Dom\u00e1ldon, majd Mv.-en gyermekeskedett. A nagyszebeni \u00c1llami Fi\u00fanevel\u0151 Int\u00e9zetben kezdte tanulm\u00e1nyait, de p\u00e9nzhi\u00e1ny miatt f\u00e9lbeszak\u00edtotta. B. Farkas ap\u00f3s\u00e1n\u00e1l, Somorjai Nagy Istv\u00e1n segesv\u00e1ri vaskeresked\u00e9s\u00e9ben volt inas, k\u00e9s\u0151bb faeszterg\u00e1lyos lett, majd 16 \u00e9vig volt katona az osztr\u00e1k-m. hadseregben. V\u00e9gigharcolta az olasz (1859.) \u00e9s a porosz (1866) hadj\u00e1ratokat. Mv.-en, Nagykanizs\u00e1n t\u00f6rv\u00e9nysz\u00e9ki seg\u00e9dtisztvisel\u0151, majd Gyulafeh\u00e9rv\u00e1ron volt t\u00f6rv\u00e9nysz\u00e9ki irodaigazgat\u00f3. \u00d6ngyilkos lett. F\u00e9nyk\u00e9pe a Teleki T\u00e9k\u00e1ban, a Bolyai m\u00fazeumban tal\u00e1lhat\u00f3. Nemcsak arcban hasonl\u00edtott apj\u00e1hoz, hanem jellem\u00e9ben is. S\u00e9rt\u00f4d\u00e9keny, harcias volt. Szellemi k\u00e9pess\u00e9gei \u00e1tlagosak voltak. R\u00e9szt vett a Bolyai J\u00e1nos \u00fajratemet\u00e9s\u00e9n (1911. j\u00fan. 8.) <br \/><strong>Irod.:<\/strong> Apa \u00e9s fi\u00fa k\u00fczdelme a k\u00f3rokkal: Ol\u00e1h Anna: B. Farkas gy\u00f3gy\u00e1szati munk\u00e1ss\u00e1ga; Vofkori J\u00f3zsef: B. J\u00e1nos betegs\u00e9gei kordokumentumok \u00e9s a modern orvostudom\u00e1ny t\u00fckr\u00e9ben (Mv., 2005); Gy\u00e1szjelent\u0151; Id\u0151t\u00e1r 2; Ol\u00e1h-G\u00e1l; Ol\u00e1h-G\u00e1l 2016; Ol\u00e1h-G\u00e1l R: Bolyai \u2013 somm\u00e1zat; Vakarcs Szil\u00e1rd: A Bolyaiak t\u00e1rgyi eml\u00e9kei (N\u00fa., 2002. \u00e1pr. 20); Bolyai Eml\u00e9kk\u00f6nyv (Bp. 2004)<\/br><\/p>\n","protected":false},"excerpt":{"rendered":"<p>Mv., 1837. \u00e1pr. 6., \u2020 Gyulafeh\u00e9rv\u00e1r, 1913. szept. 21.: t\u00f6rv\u00e9nysz\u00e9ki irodatiszt. \u2013 Bolyai J\u00e1nos \u00e9s Orb\u00e1n Roz\u00e1lia els\u0151 fia. H\u00e1romszor is h\u00e1zasodott, \u00e9s n\u00e9gy gyermeke (k\u00e9t fia \u00e9s k\u00e9t le\u00e1nya) volt. Feles\u00e9ge: 1. Sz\u00e1nt\u00f3 Szab\u00f3 Katalin (esk. 1869. aug. 1.). Az els\u0151 gyermek: Farkas (Mv. 1870. aug. 5. \u2013); 2.?. 3. L\u0151rincz Aranka. Fi\u00fak: J\u00e1nos. [&hellip;]<\/p>\n","protected":false},"featured_media":0,"comment_status":"open","ping_status":"closed","template":"","meta":[],"product_brand":[],"product_cat":[137],"product_tag":[],"class_list":{"0":"post-5135","1":"product","2":"type-product","3":"status-publish","5":"product_cat-maros-megyei-eletrajzi-lexikon","7":"first","8":"instock","9":"shipping-taxable","10":"product-type-simple"},"_links":{"self":[{"href":"https:\/\/uj.adatbank.ro\/lexikon\/wp-json\/wp\/v2\/product\/5135","targetHints":{"allow":["GET"]}}],"collection":[{"href":"https:\/\/uj.adatbank.ro\/lexikon\/wp-json\/wp\/v2\/product"}],"about":[{"href":"https:\/\/uj.adatbank.ro\/lexikon\/wp-json\/wp\/v2\/types\/product"}],"replies":[{"embeddable":true,"href":"https:\/\/uj.adatbank.ro\/lexikon\/wp-json\/wp\/v2\/comments?post=5135"}],"wp:attachment":[{"href":"https:\/\/uj.adatbank.ro\/lexikon\/wp-json\/wp\/v2\/media?parent=5135"}],"wp:term":[{"taxonomy":"product_brand","embeddable":true,"href":"https:\/\/uj.adatbank.ro\/lexikon\/wp-json\/wp\/v2\/product_brand?post=5135"},{"taxonomy":"product_cat","embeddable":true,"href":"https:\/\/uj.adatbank.ro\/lexikon\/wp-json\/wp\/v2\/product_cat?post=5135"},{"taxonomy":"product_tag","embeddable":true,"href":"https:\/\/uj.adatbank.ro\/lexikon\/wp-json\/wp\/v2\/product_tag?post=5135"}],"curies":[{"name":"wp","href":"https:\/\/api.w.org\/{rel}","templated":true}]}}

BOLYAI Dénes, bolyai

<p>Mv., 1837. ápr. 6., † Gyulafehérvár, 1913. szept. 21.: törvényszéki irodatiszt. – Bolyai János és Orbán Rozália első fia. Háromszor is házasodott, és négy gyermeke (két fia és két leánya) volt. Felesége: 1. Szántó Szabó Katalin (esk. 1869. aug. 1.). Az első gyermek: Farkas (Mv. 1870. aug. 5. –); 2.?. 3. Lőrincz Aranka. Fiúk: János. – Domáldon, majd Mv.-en gyermekeskedett. A nagyszebeni Állami Fiúnevelő Intézetben kezdte tanulmányait, de pénzhiány miatt félbeszakította. B. Farkas apósánál, Somorjai Nagy István segesvári vaskereskedésében volt inas, később faesztergályos lett, majd 16 évig volt katona az osztrák-m. hadseregben. Végigharcolta az olasz (1859.) és a porosz (1866) hadjáratokat. Mv.-en, Nagykanizsán törvényszéki segédtisztviselő, majd Gyulafehérváron volt törvényszéki irodaigazgató. Öngyilkos lett. Fényképe a Teleki Tékában, a Bolyai múzeumban található. Nemcsak arcban hasonlított apjához, hanem jellemében is. Sértôdékeny, harcias volt. Szellemi képességei átlagosak voltak. Részt vett a Bolyai János újratemetésén (1911. jún. 8.) <br /><strong>Irod.:</strong> Apa és fiú küzdelme a kórokkal: Oláh Anna: B. Farkas gyógyászati munkássága; Vofkori József: B. János betegségei kordokumentumok és a modern orvostudomány tükrében (Mv., 2005); Gyászjelentő; Időtár 2; Oláh-Gál; Oláh-Gál 2016; Oláh-Gál R: Bolyai – sommázat; Vakarcs Szilárd: A Bolyaiak tárgyi emlékei (Nú., 2002. ápr. 20); Bolyai Emlékkönyv (Bp. 2004)</br></p>

<p>Mv., 1837. ápr. 6., † Gyulafehérvár, 1913. szept. 21.: törvényszéki irodatiszt. – Bolyai János és Orbán Rozália első fia. Háromszor is házasodott, és négy gyermeke (két fia és két leánya) volt. Felesége: 1. Szántó Szabó Katalin (esk. 1869. aug. 1.). Az első gyermek: Farkas (Mv. 1870. aug. 5. –); 2.?. 3. Lőrincz Aranka. Fiúk: János. [&hellip;]</p>
