{"id":5138,"date":"2025-06-28T17:04:35","date_gmt":"2025-06-28T15:04:35","guid":{"rendered":"https:\/\/uj.adatbank.ro\/lexikon\/termek\/bolyai-gabor\/"},"modified":"2025-06-28T17:04:35","modified_gmt":"2025-06-28T15:04:35","slug":"bolyai-gabor","status":"publish","type":"product","link":"https:\/\/uj.adatbank.ro\/lexikon\/termek\/bolyai-gabor\/","title":{"rendered":"BOLYAI G\u00e1bor"},"content":{"rendered":"<p>? \u2020 Bolya, 1769. \u2013 Az apja is a G\u00e1bor nevet viselte. Anyja, osgy\u00e1ni nagy Erzs\u00e9bet. Gyermekeik: Erzs\u00e9bet, Toroczkai Andr\u00e1sn\u00e9; Gy\u00f6rgy; G\u00e1bor (2), Bolyai Farkas nagyapja; J\u00e1nos; Krisztina, G\u00f6rg\u00e9nyszentimrei Csapi Istv\u00e1nn\u00e9; G\u00e1sp\u00e1r. \u2013 A mv.-i ref. koll.-ban tanult. A neje Mih\u00e1lyfalvi Debreczeni Juli\u00e1nna. Gyermekeik: G\u00e1bor (3.), S\u00e1ndor, Zsigmond, Borb\u00e1ra Papi Istv\u00e1nn\u00e9, Gy\u00f6rgy \u00e9s G\u00e1sp\u00e1r. \u2013 J\u00f3sz\u00e1gfel\u00fcgyel\u0151 a Bethlenek z\u00e1gori birtok\u00e1n. Boly\u00e1ban a parasztok meggyilkolt\u00e1k (1769). Mind a k\u00e9t G\u00e1bor szigor\u00fa, hajthatatlan birtokos volt. <br \/><strong>Irod.:<\/strong> Ol\u00e1h-G. R.: Bolyai \u2013 somm\u00e1zat<\/br><\/p>\n","protected":false},"excerpt":{"rendered":"<p>? \u2020 Bolya, 1769. \u2013 Az apja is a G\u00e1bor nevet viselte. Anyja, osgy\u00e1ni nagy Erzs\u00e9bet. Gyermekeik: Erzs\u00e9bet, Toroczkai Andr\u00e1sn\u00e9; Gy\u00f6rgy; G\u00e1bor (2), Bolyai Farkas nagyapja; J\u00e1nos; Krisztina, G\u00f6rg\u00e9nyszentimrei Csapi Istv\u00e1nn\u00e9; G\u00e1sp\u00e1r. \u2013 A mv.-i ref. koll.-ban tanult. A neje Mih\u00e1lyfalvi Debreczeni Juli\u00e1nna. Gyermekeik: G\u00e1bor (3.), S\u00e1ndor, Zsigmond, Borb\u00e1ra Papi Istv\u00e1nn\u00e9, Gy\u00f6rgy \u00e9s G\u00e1sp\u00e1r. \u2013 [&hellip;]<\/p>\n","protected":false},"featured_media":0,"comment_status":"open","ping_status":"closed","template":"","meta":[],"product_brand":[],"product_cat":[137],"product_tag":[],"class_list":{"0":"post-5138","1":"product","2":"type-product","3":"status-publish","5":"product_cat-maros-megyei-eletrajzi-lexikon","7":"first","8":"instock","9":"shipping-taxable","10":"product-type-simple"},"_links":{"self":[{"href":"https:\/\/uj.adatbank.ro\/lexikon\/wp-json\/wp\/v2\/product\/5138","targetHints":{"allow":["GET"]}}],"collection":[{"href":"https:\/\/uj.adatbank.ro\/lexikon\/wp-json\/wp\/v2\/product"}],"about":[{"href":"https:\/\/uj.adatbank.ro\/lexikon\/wp-json\/wp\/v2\/types\/product"}],"replies":[{"embeddable":true,"href":"https:\/\/uj.adatbank.ro\/lexikon\/wp-json\/wp\/v2\/comments?post=5138"}],"wp:attachment":[{"href":"https:\/\/uj.adatbank.ro\/lexikon\/wp-json\/wp\/v2\/media?parent=5138"}],"wp:term":[{"taxonomy":"product_brand","embeddable":true,"href":"https:\/\/uj.adatbank.ro\/lexikon\/wp-json\/wp\/v2\/product_brand?post=5138"},{"taxonomy":"product_cat","embeddable":true,"href":"https:\/\/uj.adatbank.ro\/lexikon\/wp-json\/wp\/v2\/product_cat?post=5138"},{"taxonomy":"product_tag","embeddable":true,"href":"https:\/\/uj.adatbank.ro\/lexikon\/wp-json\/wp\/v2\/product_tag?post=5138"}],"curies":[{"name":"wp","href":"https:\/\/api.w.org\/{rel}","templated":true}]}}

BOLYAI Gábor

<p>? † Bolya, 1769. – Az apja is a Gábor nevet viselte. Anyja, osgyáni nagy Erzsébet. Gyermekeik: Erzsébet, Toroczkai Andrásné; György; Gábor (2), Bolyai Farkas nagyapja; János; Krisztina, Görgényszentimrei Csapi Istvánné; Gáspár. – A mv.-i ref. koll.-ban tanult. A neje Mihályfalvi Debreczeni Juliánna. Gyermekeik: Gábor (3.), Sándor, Zsigmond, Borbára Papi Istvánné, György és Gáspár. – Jószágfelügyelő a Bethlenek zágori birtokán. Bolyában a parasztok meggyilkolták (1769). Mind a két Gábor szigorú, hajthatatlan birtokos volt. <br /><strong>Irod.:</strong> Oláh-G. R.: Bolyai – sommázat</br></p>

<p>? † Bolya, 1769. – Az apja is a Gábor nevet viselte. Anyja, osgyáni nagy Erzsébet. Gyermekeik: Erzsébet, Toroczkai Andrásné; György; Gábor (2), Bolyai Farkas nagyapja; János; Krisztina, Görgényszentimrei Csapi Istvánné; Gáspár. – A mv.-i ref. koll.-ban tanult. A neje Mihályfalvi Debreczeni Juliánna. Gyermekeik: Gábor (3.), Sándor, Zsigmond, Borbára Papi Istvánné, György és Gáspár. – [&hellip;]</p>
