{"id":5140,"date":"2025-06-28T17:04:39","date_gmt":"2025-06-28T15:04:39","guid":{"rendered":"https:\/\/uj.adatbank.ro\/lexikon\/termek\/bolyai-gaspar-bolyai\/"},"modified":"2025-06-28T17:04:39","modified_gmt":"2025-06-28T15:04:39","slug":"bolyai-gaspar-bolyai","status":"publish","type":"product","link":"https:\/\/uj.adatbank.ro\/lexikon\/termek\/bolyai-gaspar-bolyai\/","title":{"rendered":"BOLYAI G\u00e1sp\u00e1r, bolyai"},"content":{"rendered":"<p>Mv., 1854. \u2020 1932. szept.: f\u0151szolgab\u00edr\u00f3. \u2013 B. Gergely \u00e9s Bereczki Karolina fia. Feles\u00e9ge: kadicsfalvi T\u00f6r\u00f6k Irma. Gyermek\u00fck nem sz\u00fcletett. \u00d6r\u00f6kbe fogadt\u00e1k G\u00e1bor D\u00e9nest, aki felvette a Bolyai nevet. \u2013 Nagyenyeden tanult. Hivatalnok Sz\u00e9kelyudvarhelyen. Verseket is \u00edrt \u00e9s k\u00f6z\u00f6lt\u00e9k a sz\u00e9kelyudvarhelyi lapok, a Sz\u00e9kelys\u00e9g \u00e9s Sz\u00e9kely K\u00f6z\u00e9let. Felsz\u00e1molta az utols\u00f3 b\u00f3lyai k\u00fari\u00e1t, Kadicsfalv\u00e1ra k\u00f6lt\u00f6z\u00f6tt. Val\u00f3sz\u00edn\u0171 az anyagi gondok miatt eladta a Bolyai-m\u0171vek kiad\u00e1s\u00e1nak szerz\u0151i jog\u00e1t a sz\u00e9kelyudvarhelyi laptulajdonos, Betegh P\u00e1lnak. <br \/><strong>Irod.:<\/strong> Ol\u00e1h-G\u00e1l 2016; Ol\u00e1h-G\u00e1l R\u00f3bert: B. Farkas unok\u00e1j\u00e1nak versei (N\u00fa., 2015. m\u00e1rc. 6.)<\/br><\/p>\n","protected":false},"excerpt":{"rendered":"<p>Mv., 1854. \u2020 1932. szept.: f\u0151szolgab\u00edr\u00f3. \u2013 B. Gergely \u00e9s Bereczki Karolina fia. Feles\u00e9ge: kadicsfalvi T\u00f6r\u00f6k Irma. Gyermek\u00fck nem sz\u00fcletett. \u00d6r\u00f6kbe fogadt\u00e1k G\u00e1bor D\u00e9nest, aki felvette a Bolyai nevet. \u2013 Nagyenyeden tanult. Hivatalnok Sz\u00e9kelyudvarhelyen. Verseket is \u00edrt \u00e9s k\u00f6z\u00f6lt\u00e9k a sz\u00e9kelyudvarhelyi lapok, a Sz\u00e9kelys\u00e9g \u00e9s Sz\u00e9kely K\u00f6z\u00e9let. Felsz\u00e1molta az utols\u00f3 b\u00f3lyai k\u00fari\u00e1t, Kadicsfalv\u00e1ra k\u00f6lt\u00f6z\u00f6tt. Val\u00f3sz\u00edn\u0171 [&hellip;]<\/p>\n","protected":false},"featured_media":0,"comment_status":"open","ping_status":"closed","template":"","meta":[],"product_brand":[],"product_cat":[137],"product_tag":[],"class_list":{"0":"post-5140","1":"product","2":"type-product","3":"status-publish","5":"product_cat-maros-megyei-eletrajzi-lexikon","7":"first","8":"instock","9":"shipping-taxable","10":"product-type-simple"},"_links":{"self":[{"href":"https:\/\/uj.adatbank.ro\/lexikon\/wp-json\/wp\/v2\/product\/5140","targetHints":{"allow":["GET"]}}],"collection":[{"href":"https:\/\/uj.adatbank.ro\/lexikon\/wp-json\/wp\/v2\/product"}],"about":[{"href":"https:\/\/uj.adatbank.ro\/lexikon\/wp-json\/wp\/v2\/types\/product"}],"replies":[{"embeddable":true,"href":"https:\/\/uj.adatbank.ro\/lexikon\/wp-json\/wp\/v2\/comments?post=5140"}],"wp:attachment":[{"href":"https:\/\/uj.adatbank.ro\/lexikon\/wp-json\/wp\/v2\/media?parent=5140"}],"wp:term":[{"taxonomy":"product_brand","embeddable":true,"href":"https:\/\/uj.adatbank.ro\/lexikon\/wp-json\/wp\/v2\/product_brand?post=5140"},{"taxonomy":"product_cat","embeddable":true,"href":"https:\/\/uj.adatbank.ro\/lexikon\/wp-json\/wp\/v2\/product_cat?post=5140"},{"taxonomy":"product_tag","embeddable":true,"href":"https:\/\/uj.adatbank.ro\/lexikon\/wp-json\/wp\/v2\/product_tag?post=5140"}],"curies":[{"name":"wp","href":"https:\/\/api.w.org\/{rel}","templated":true}]}}

BOLYAI Gáspár, bolyai

<p>Mv., 1854. † 1932. szept.: főszolgabíró. – B. Gergely és Bereczki Karolina fia. Felesége: kadicsfalvi Török Irma. Gyermekük nem született. Örökbe fogadták Gábor Dénest, aki felvette a Bolyai nevet. – Nagyenyeden tanult. Hivatalnok Székelyudvarhelyen. Verseket is írt és közölték a székelyudvarhelyi lapok, a Székelység és Székely Közélet. Felszámolta az utolsó bólyai kúriát, Kadicsfalvára költözött. Valószínű az anyagi gondok miatt eladta a Bolyai-művek kiadásának szerzői jogát a székelyudvarhelyi laptulajdonos, Betegh Pálnak. <br /><strong>Irod.:</strong> Oláh-Gál 2016; Oláh-Gál Róbert: B. Farkas unokájának versei (Nú., 2015. márc. 6.)</br></p>

<p>Mv., 1854. † 1932. szept.: főszolgabíró. – B. Gergely és Bereczki Karolina fia. Felesége: kadicsfalvi Török Irma. Gyermekük nem született. Örökbe fogadták Gábor Dénest, aki felvette a Bolyai nevet. – Nagyenyeden tanult. Hivatalnok Székelyudvarhelyen. Verseket is írt és közölték a székelyudvarhelyi lapok, a Székelység és Székely Közélet. Felszámolta az utolsó bólyai kúriát, Kadicsfalvára költözött. Valószínű [&hellip;]</p>
