{"id":5141,"date":"2025-06-28T17:04:43","date_gmt":"2025-06-28T15:04:43","guid":{"rendered":"https:\/\/uj.adatbank.ro\/lexikon\/termek\/bolyai-gergely\/"},"modified":"2025-06-28T17:04:43","modified_gmt":"2025-06-28T15:04:43","slug":"bolyai-gergely","status":"publish","type":"product","link":"https:\/\/uj.adatbank.ro\/lexikon\/termek\/bolyai-gergely\/","title":{"rendered":"BOLYAI Gergely"},"content":{"rendered":"<p>Mv., 1826. m\u00e1j. 11. ( 31-\u00e9n keresztelt\u00e9k), \u2020 Feny\u00e9d, 1890. aug. 26.: gazd\u00e1lkod\u00f3, szolgab\u00edr\u00f3. \u2013 B. Farkas \u00e9s m\u00e1sodik feles\u00e9ge, somorjai Nagy Ter\u00e9zia (1796 \u2013 Mv., 1833. \u00e1pr. 2.) fia. Bolyai J\u00e1nos f\u00e9ltestv\u00e9re. Feles\u00e9ge: m\u00e1sod-unokan\u0151v\u00e9re, Berecki \/ Beretczki Karolina. (esk., 1849). Gyermekeik: Farkas (1850\u20131852), Berta (1852\u201354), G\u00e1sp\u00e1r (1854\u20131932). \u2013 Jog\u00e1sznak k\u00e9sz\u00fclt. A Farkas fi\u00fak betegess\u00e9ge miatt hossz\u00fa id\u0151re Mv.-re, a Farkas nagyap\u00e1hoz k\u00f6lt\u00f6ztek. Mv.-en irnok a Kir. T\u00e1blab\u00edr\u00f3s\u00e1gon, szolgab\u00edr\u00f3 volt, latinul, n\u00e9met\u00fcl tudott, heged\u00fclt, a korabeli \u00fajs\u00e1gok \u00edrtak r\u00f3la (az 1870-es \u00e9vekben). H\u00e1z\u00e1ban gyakran kamarazen\u00e9ltek, ezeken ritk\u00e1n B. J\u00e1nos is r\u00e9szt vett. Egyed\u00fcli volt a Bolyai csal\u00e1db\u00f3l, aki az 1848-as forradalomban akt\u00edv szerepet v\u00e1llalt. A forradalom ut\u00e1n nem mehetett vissza irnoknak. Nagyb\u00e1tyja, Bolyai Antal hal\u00e1l\u00e1val (1848. jan.), \u00f6r\u00f6k\u00f6lte a b\u00f3lyai birtok r\u00e1es\u0151 r\u00e9sz\u00e9t \u00e9s nem volt m\u00e1s lehet\u0151s\u00e9ge, mint a gazd\u00e1lkod\u00e1s az \u0151si birtokon B\u00f3ly\u00e1n. Antal h\u00fasz \u00e9ven \u00e1t pereskedett az \u0151si csal\u00e1di birtokok visszaszerz\u00e9s\u00e9\u00e9rt, hal\u00e1la ut\u00e1n a rokonok megegyez\u00e9sre l\u00e9ptek, Farkas \u00e9s fiai k\u00e1rt\u00e9r\u00edt\u00e9st fizettek Berecki Karolin\u00e1nak, akit feles\u00e9g\u00fcl vett (1849 \u0151sz\u00e9n). J\u00e1nossal levelezett. \u00d6ssze\u00e1ll\u00edtotta a Bolyai csal\u00e1d t\u00f6rt\u00e9net\u00e9t, f\u0151leg nagyb\u00e1tyja, Bolyai Antal gy\u0171jtem\u00e9ny\u00e9re \u00e9s munk\u00e1j\u00e1ra t\u00e1maszkodva, \u00e9s el is k\u00fcldte Szily K\u00e1lm\u00e1nnak kiad\u00e1s v\u00e9gett. Amikor az MTA a Tentamen \u00fajra kiad\u00e1s\u00e1ra k\u00e9sz\u00fclt (1884), \u00e9rtes\u00edtette az Akad\u00e9mi\u00e1t, hogy csak kell\u0151 honor\u00e1rium fej\u00e9ben hajland\u00f3 hozz\u00e1j\u00e1rulni a kiad\u00e1shoz. A Bolyaiakkal kapcsolatos iratokat k\u00fcld\u00f6tt D\u00f3sa Elek, jog\u00e1szprofesszornak, aki Bolyai Gergely tan\u00e1ra \u00e9s a Bolyai csal\u00e1d bar\u00e1tja volt (1887). \u00c9let\u00fck alkony\u00e1n feles\u00e9g\u00e9vel Feny\u00e9dre k\u00f6lt\u00f6ztek. <br \/><strong>Irod.:<\/strong> Apa \u00e9s fi\u00fa k\u00fczdelme a k\u00f3rokkal: Ol\u00e1h Anna: B. Farkas gy\u00f3gy\u00e1szati munk\u00e1ss\u00e1ga; Vofkori J\u00f3zsef: B. J\u00e1nos betegs\u00e9gei kordokumentumok \u00e9s a modern orvostudom\u00e1ny t\u00fckr\u00e9ben (Mv., 2005); Bolyaiak nyom\u00e1ban; Lakatos Istv\u00e1n: A Bolyaiak \u00e9s a zene = Lakatos Istv\u00e1n: Zenet\u00f6rt\u00e9neti \u00edr\u00e1sok (Buk., 1971); [Nekrol\u00f3g] (Sz\u00e9kely Napl\u00f3, 1913. szept. 30.); Ol\u00e1h-G\u00e1l; Ol\u00e1h-G\u00e1l 2016; Ol\u00e1h-G\u00e1l 2022; Ol\u00e1h-G\u00e1l R\u00f3bert: B. G. \u201eSz\u00e9kely f\u00f6ldben\u201d (Sz\u00e9kelyf\u00f6ld, 4. sz., 2014. \u00e1pr.); Ol\u00e1h-G. R.: Bolyai \u2013 somm\u00e1zat<\/br><\/p>\n","protected":false},"excerpt":{"rendered":"<p>Mv., 1826. m\u00e1j. 11. ( 31-\u00e9n keresztelt\u00e9k), \u2020 Feny\u00e9d, 1890. aug. 26.: gazd\u00e1lkod\u00f3, szolgab\u00edr\u00f3. \u2013 B. Farkas \u00e9s m\u00e1sodik feles\u00e9ge, somorjai Nagy Ter\u00e9zia (1796 \u2013 Mv., 1833. \u00e1pr. 2.) fia. Bolyai J\u00e1nos f\u00e9ltestv\u00e9re. Feles\u00e9ge: m\u00e1sod-unokan\u0151v\u00e9re, Berecki \/ Beretczki Karolina. (esk., 1849). Gyermekeik: Farkas (1850\u20131852), Berta (1852\u201354), G\u00e1sp\u00e1r (1854\u20131932). \u2013 Jog\u00e1sznak k\u00e9sz\u00fclt. A Farkas fi\u00fak betegess\u00e9ge [&hellip;]<\/p>\n","protected":false},"featured_media":0,"comment_status":"open","ping_status":"closed","template":"","meta":[],"product_brand":[],"product_cat":[137],"product_tag":[],"class_list":{"0":"post-5141","1":"product","2":"type-product","3":"status-publish","5":"product_cat-maros-megyei-eletrajzi-lexikon","7":"first","8":"instock","9":"shipping-taxable","10":"product-type-simple"},"_links":{"self":[{"href":"https:\/\/uj.adatbank.ro\/lexikon\/wp-json\/wp\/v2\/product\/5141","targetHints":{"allow":["GET"]}}],"collection":[{"href":"https:\/\/uj.adatbank.ro\/lexikon\/wp-json\/wp\/v2\/product"}],"about":[{"href":"https:\/\/uj.adatbank.ro\/lexikon\/wp-json\/wp\/v2\/types\/product"}],"replies":[{"embeddable":true,"href":"https:\/\/uj.adatbank.ro\/lexikon\/wp-json\/wp\/v2\/comments?post=5141"}],"wp:attachment":[{"href":"https:\/\/uj.adatbank.ro\/lexikon\/wp-json\/wp\/v2\/media?parent=5141"}],"wp:term":[{"taxonomy":"product_brand","embeddable":true,"href":"https:\/\/uj.adatbank.ro\/lexikon\/wp-json\/wp\/v2\/product_brand?post=5141"},{"taxonomy":"product_cat","embeddable":true,"href":"https:\/\/uj.adatbank.ro\/lexikon\/wp-json\/wp\/v2\/product_cat?post=5141"},{"taxonomy":"product_tag","embeddable":true,"href":"https:\/\/uj.adatbank.ro\/lexikon\/wp-json\/wp\/v2\/product_tag?post=5141"}],"curies":[{"name":"wp","href":"https:\/\/api.w.org\/{rel}","templated":true}]}}

<p>Mv., 1826. máj. 11. ( 31-én keresztelték), † Fenyéd, 1890. aug. 26.: gazdálkodó, szolgabíró. – B. Farkas és második felesége, somorjai Nagy Terézia (1796 – Mv., 1833. ápr. 2.) fia. Bolyai János féltestvére. Felesége: másod-unokanővére, Berecki / Beretczki Karolina. (esk., 1849). Gyermekeik: Farkas (1850–1852), Berta (1852–54), Gáspár (1854–1932). – Jogásznak készült. A Farkas fiúk betegessége miatt hosszú időre Mv.-re, a Farkas nagyapához költöztek. Mv.-en irnok a Kir. Táblabíróságon, szolgabíró volt, latinul, németül tudott, hegedült, a korabeli újságok írtak róla (az 1870-es években). Házában gyakran kamarazenéltek, ezeken ritkán B. János is részt vett. Egyedüli volt a Bolyai családból, aki az 1848-as forradalomban aktív szerepet vállalt. A forradalom után nem mehetett vissza irnoknak. Nagybátyja, Bolyai Antal halálával (1848. jan.), örökölte a bólyai birtok ráeső részét és nem volt más lehetősége, mint a gazdálkodás az ősi birtokon Bólyán. Antal húsz éven át pereskedett az ősi családi birtokok visszaszerzéséért, halála után a rokonok megegyezésre léptek, Farkas és fiai kártérítést fizettek Berecki Karolinának, akit feleségül vett (1849 őszén). Jánossal levelezett. Összeállította a Bolyai család történetét, főleg nagybátyja, Bolyai Antal gyűjteményére és munkájára támaszkodva, és el is küldte Szily Kálmánnak kiadás végett. Amikor az MTA a Tentamen újra kiadására készült (1884), értesítette az Akadémiát, hogy csak kellő honorárium fejében hajlandó hozzájárulni a kiadáshoz. A Bolyaiakkal kapcsolatos iratokat küldött Dósa Elek, jogászprofesszornak, aki Bolyai Gergely tanára és a Bolyai család barátja volt (1887). Életük alkonyán feleségével Fenyédre költöztek. <br /><strong>Irod.:</strong> Apa és fiú küzdelme a kórokkal: Oláh Anna: B. Farkas gyógyászati munkássága; Vofkori József: B. János betegségei kordokumentumok és a modern orvostudomány tükrében (Mv., 2005); Bolyaiak nyomában; Lakatos István: A Bolyaiak és a zene = Lakatos István: Zenetörténeti írások (Buk., 1971); [Nekrológ] (Székely Napló, 1913. szept. 30.); Oláh-Gál; Oláh-Gál 2016; Oláh-Gál 2022; Oláh-Gál Róbert: B. G. „Székely földben” (Székelyföld, 4. sz., 2014. ápr.); Oláh-G. R.: Bolyai – sommázat</br></p>

<p>Mv., 1826. máj. 11. ( 31-én keresztelték), † Fenyéd, 1890. aug. 26.: gazdálkodó, szolgabíró. – B. Farkas és második felesége, somorjai Nagy Terézia (1796 – Mv., 1833. ápr. 2.) fia. Bolyai János féltestvére. Felesége: másod-unokanővére, Berecki / Beretczki Karolina. (esk., 1849). Gyermekeik: Farkas (1850–1852), Berta (1852–54), Gáspár (1854–1932). – Jogásznak készült. A Farkas fiúk betegessége [&hellip;]</p>
