{"id":5142,"date":"2025-06-28T17:04:44","date_gmt":"2025-06-28T15:04:44","guid":{"rendered":"https:\/\/uj.adatbank.ro\/lexikon\/termek\/bolyai-gyula\/"},"modified":"2025-06-28T17:04:44","modified_gmt":"2025-06-28T15:04:44","slug":"bolyai-gyula","status":"publish","type":"product","link":"https:\/\/uj.adatbank.ro\/lexikon\/termek\/bolyai-gyula\/","title":{"rendered":"BOLYAI Gyula"},"content":{"rendered":"<p>Mv., 1855. j\u00fan. 13., \u2020\u00a0Kv., 1901. jan. 7.: kalaposmester. \u2013 Bolyai J\u00e1nos \u00e9s Orb\u00e1n Roz\u00e1lia fia. \u2013 Kv.-on a Vigad\u00f3 (Reodute) \u00e9p\u00fclet\u00e9ben a f\u00f6ldszinten lakott \u00e9s dolgozott. <br \/><strong>Irod.:<\/strong> Apa \u00e9s fi\u00fa k\u00fczdelme a k\u00f3rokkal: Ol\u00e1h Anna: B. Farkas gy\u00f3gy\u00e1szati munk\u00e1ss\u00e1ga; Kelemen Lajos 2006; Ol\u00e1h-G\u00e1l; Vofkori J\u00f3zsef: B. J\u00e1nos betegs\u00e9gei kordokumentumok \u00e9s a modern orvostudom\u00e1ny t\u00fckr\u00e9ben (Mv., 2005)<\/br><\/p>\n","protected":false},"excerpt":{"rendered":"<p>Mv., 1855. j\u00fan. 13., \u2020\u00a0Kv., 1901. jan. 7.: kalaposmester. \u2013 Bolyai J\u00e1nos \u00e9s Orb\u00e1n Roz\u00e1lia fia. \u2013 Kv.-on a Vigad\u00f3 (Reodute) \u00e9p\u00fclet\u00e9ben a f\u00f6ldszinten lakott \u00e9s dolgozott. Irod.: Apa \u00e9s fi\u00fa k\u00fczdelme a k\u00f3rokkal: Ol\u00e1h Anna: B. Farkas gy\u00f3gy\u00e1szati munk\u00e1ss\u00e1ga; Kelemen Lajos 2006; Ol\u00e1h-G\u00e1l; Vofkori J\u00f3zsef: B. J\u00e1nos betegs\u00e9gei kordokumentumok \u00e9s a modern orvostudom\u00e1ny t\u00fckr\u00e9ben [&hellip;]<\/p>\n","protected":false},"featured_media":0,"comment_status":"open","ping_status":"closed","template":"","meta":[],"product_brand":[],"product_cat":[137],"product_tag":[],"class_list":{"0":"post-5142","1":"product","2":"type-product","3":"status-publish","5":"product_cat-maros-megyei-eletrajzi-lexikon","7":"first","8":"instock","9":"shipping-taxable","10":"product-type-simple"},"_links":{"self":[{"href":"https:\/\/uj.adatbank.ro\/lexikon\/wp-json\/wp\/v2\/product\/5142","targetHints":{"allow":["GET"]}}],"collection":[{"href":"https:\/\/uj.adatbank.ro\/lexikon\/wp-json\/wp\/v2\/product"}],"about":[{"href":"https:\/\/uj.adatbank.ro\/lexikon\/wp-json\/wp\/v2\/types\/product"}],"replies":[{"embeddable":true,"href":"https:\/\/uj.adatbank.ro\/lexikon\/wp-json\/wp\/v2\/comments?post=5142"}],"wp:attachment":[{"href":"https:\/\/uj.adatbank.ro\/lexikon\/wp-json\/wp\/v2\/media?parent=5142"}],"wp:term":[{"taxonomy":"product_brand","embeddable":true,"href":"https:\/\/uj.adatbank.ro\/lexikon\/wp-json\/wp\/v2\/product_brand?post=5142"},{"taxonomy":"product_cat","embeddable":true,"href":"https:\/\/uj.adatbank.ro\/lexikon\/wp-json\/wp\/v2\/product_cat?post=5142"},{"taxonomy":"product_tag","embeddable":true,"href":"https:\/\/uj.adatbank.ro\/lexikon\/wp-json\/wp\/v2\/product_tag?post=5142"}],"curies":[{"name":"wp","href":"https:\/\/api.w.org\/{rel}","templated":true}]}}