{"id":5144,"date":"2025-06-28T17:04:47","date_gmt":"2025-06-28T15:04:47","guid":{"rendered":"https:\/\/uj.adatbank.ro\/lexikon\/termek\/bolyai-klara-eliza\/"},"modified":"2025-06-28T17:04:47","modified_gmt":"2025-06-28T15:04:47","slug":"bolyai-klara-eliza","status":"publish","type":"product","link":"https:\/\/uj.adatbank.ro\/lexikon\/termek\/bolyai-klara-eliza\/","title":{"rendered":"BOLYAI Kl\u00e1ra-Eliza"},"content":{"rendered":"<p>Dom\u00e1ld, 1844 \u2020\u00a0? : Bolyai J\u00e1nos \u00e9s Orb\u00e1n Roz\u00e1lia le\u00e1nya. <br \/><strong>Irod.:<\/strong> Ol\u00e1h G\u00e1l Robert: Bolyai Farkast\u00f3l Farkas Gyul\u00e1ig<\/br><\/p>\n","protected":false},"excerpt":{"rendered":"<p>Dom\u00e1ld, 1844 \u2020\u00a0? : Bolyai J\u00e1nos \u00e9s Orb\u00e1n Roz\u00e1lia le\u00e1nya. Irod.: Ol\u00e1h G\u00e1l Robert: Bolyai Farkast\u00f3l Farkas Gyul\u00e1ig<\/p>\n","protected":false},"featured_media":0,"comment_status":"open","ping_status":"closed","template":"","meta":[],"product_brand":[],"product_cat":[137],"product_tag":[],"class_list":{"0":"post-5144","1":"product","2":"type-product","3":"status-publish","5":"product_cat-maros-megyei-eletrajzi-lexikon","7":"first","8":"instock","9":"shipping-taxable","10":"product-type-simple"},"_links":{"self":[{"href":"https:\/\/uj.adatbank.ro\/lexikon\/wp-json\/wp\/v2\/product\/5144","targetHints":{"allow":["GET"]}}],"collection":[{"href":"https:\/\/uj.adatbank.ro\/lexikon\/wp-json\/wp\/v2\/product"}],"about":[{"href":"https:\/\/uj.adatbank.ro\/lexikon\/wp-json\/wp\/v2\/types\/product"}],"replies":[{"embeddable":true,"href":"https:\/\/uj.adatbank.ro\/lexikon\/wp-json\/wp\/v2\/comments?post=5144"}],"wp:attachment":[{"href":"https:\/\/uj.adatbank.ro\/lexikon\/wp-json\/wp\/v2\/media?parent=5144"}],"wp:term":[{"taxonomy":"product_brand","embeddable":true,"href":"https:\/\/uj.adatbank.ro\/lexikon\/wp-json\/wp\/v2\/product_brand?post=5144"},{"taxonomy":"product_cat","embeddable":true,"href":"https:\/\/uj.adatbank.ro\/lexikon\/wp-json\/wp\/v2\/product_cat?post=5144"},{"taxonomy":"product_tag","embeddable":true,"href":"https:\/\/uj.adatbank.ro\/lexikon\/wp-json\/wp\/v2\/product_tag?post=5144"}],"curies":[{"name":"wp","href":"https:\/\/api.w.org\/{rel}","templated":true}]}}