{"id":5148,"date":"2025-06-28T17:04:56","date_gmt":"2025-06-28T15:04:56","guid":{"rendered":"https:\/\/uj.adatbank.ro\/lexikon\/termek\/boncza-miklos\/"},"modified":"2025-06-28T17:04:56","modified_gmt":"2025-06-28T15:04:56","slug":"boncza-miklos","status":"publish","type":"product","link":"https:\/\/uj.adatbank.ro\/lexikon\/termek\/boncza-miklos\/","title":{"rendered":"BONCZA Mikl\u00f3s"},"content":{"rendered":"<p>Domb, 1848, \u2020 Bp., 1917. jan. 5.: jog\u00e1sz. \u2013 A jogi egyetemet Bp.-en v\u00e9gezte, majd let\u00e9ve az \u00fcgyv\u00e9di vizsg\u00e1t a f\u0151v\u00e1rosban m\u0171k\u00f6d\u00f6tt. Mint negyed\u00e9ves joghallgat\u00f3 p\u00e1lyad\u00edjat nyert egy nemzetgazdas\u00e1gi m\u0171v\u00e9vel (1874). Megalap\u00edtotta az \u00daj K\u00f6zs\u00e9gi K\u00f6zl\u00f6ny (1883\u2013) \u00e9s ennek folytat\u00e1s\u00e1t a M. K\u00f6zigazgat\u00e1s (1884\u20131917) c. foly\u00f3iratokat amelyeknek szerkeszt\u0151je volt. Szabadelv\u0171 p\u00e1rti programmal a mv.-i v\u00e1ros II. ker\u00fclet\u00e9nek (1887\u201392) majd a felvinci (1892\u201396), a torock\u00f3i v\u00e1laszt\u00f3ker. ogy. k\u00e9pvisel\u0151je volt. \u2013 <strong>F. m.:<\/strong> <strong>szerk.:<\/strong> K\u00f6zigazgat\u00e1si elvi hat\u00e1rozatok gy\u0171jtem\u00e9nye (I\u2013IV. Bp., 1895\u20131910). <br \/><strong>Irod.:<\/strong> Szinnyei; \u00daj orsz\u00e1ggy\u0171l\u00e9si almanach (Bp., 1888); \u00daM\u00c9L<\/br><\/p>\n","protected":false},"excerpt":{"rendered":"<p>Domb, 1848, \u2020 Bp., 1917. jan. 5.: jog\u00e1sz. \u2013 A jogi egyetemet Bp.-en v\u00e9gezte, majd let\u00e9ve az \u00fcgyv\u00e9di vizsg\u00e1t a f\u0151v\u00e1rosban m\u0171k\u00f6d\u00f6tt. Mint negyed\u00e9ves joghallgat\u00f3 p\u00e1lyad\u00edjat nyert egy nemzetgazdas\u00e1gi m\u0171v\u00e9vel (1874). Megalap\u00edtotta az \u00daj K\u00f6zs\u00e9gi K\u00f6zl\u00f6ny (1883\u2013) \u00e9s ennek folytat\u00e1s\u00e1t a M. K\u00f6zigazgat\u00e1s (1884\u20131917) c. foly\u00f3iratokat amelyeknek szerkeszt\u0151je volt. Szabadelv\u0171 p\u00e1rti programmal a mv.-i v\u00e1ros [&hellip;]<\/p>\n","protected":false},"featured_media":0,"comment_status":"open","ping_status":"closed","template":"","meta":[],"product_brand":[],"product_cat":[137],"product_tag":[],"class_list":{"0":"post-5148","1":"product","2":"type-product","3":"status-publish","5":"product_cat-maros-megyei-eletrajzi-lexikon","7":"first","8":"instock","9":"shipping-taxable","10":"product-type-simple"},"_links":{"self":[{"href":"https:\/\/uj.adatbank.ro\/lexikon\/wp-json\/wp\/v2\/product\/5148","targetHints":{"allow":["GET"]}}],"collection":[{"href":"https:\/\/uj.adatbank.ro\/lexikon\/wp-json\/wp\/v2\/product"}],"about":[{"href":"https:\/\/uj.adatbank.ro\/lexikon\/wp-json\/wp\/v2\/types\/product"}],"replies":[{"embeddable":true,"href":"https:\/\/uj.adatbank.ro\/lexikon\/wp-json\/wp\/v2\/comments?post=5148"}],"wp:attachment":[{"href":"https:\/\/uj.adatbank.ro\/lexikon\/wp-json\/wp\/v2\/media?parent=5148"}],"wp:term":[{"taxonomy":"product_brand","embeddable":true,"href":"https:\/\/uj.adatbank.ro\/lexikon\/wp-json\/wp\/v2\/product_brand?post=5148"},{"taxonomy":"product_cat","embeddable":true,"href":"https:\/\/uj.adatbank.ro\/lexikon\/wp-json\/wp\/v2\/product_cat?post=5148"},{"taxonomy":"product_tag","embeddable":true,"href":"https:\/\/uj.adatbank.ro\/lexikon\/wp-json\/wp\/v2\/product_tag?post=5148"}],"curies":[{"name":"wp","href":"https:\/\/api.w.org\/{rel}","templated":true}]}}

BONCZA Miklós

<p>Domb, 1848, † Bp., 1917. jan. 5.: jogász. – A jogi egyetemet Bp.-en végezte, majd letéve az ügyvédi vizsgát a fővárosban működött. Mint negyedéves joghallgató pályadíjat nyert egy nemzetgazdasági művével (1874). Megalapította az Új Községi Közlöny (1883–) és ennek folytatását a M. Közigazgatás (1884–1917) c. folyóiratokat amelyeknek szerkesztője volt. Szabadelvű párti programmal a mv.-i város II. kerületének (1887–92) majd a felvinci (1892–96), a torockói választóker. ogy. képviselője volt. – <strong>F. m.:</strong> <strong>szerk.:</strong> Közigazgatási elvi határozatok gyűjteménye (I–IV. Bp., 1895–1910). <br /><strong>Irod.:</strong> Szinnyei; Új országgyűlési almanach (Bp., 1888); ÚMÉL</br></p>

<p>Domb, 1848, † Bp., 1917. jan. 5.: jogász. – A jogi egyetemet Bp.-en végezte, majd letéve az ügyvédi vizsgát a fővárosban működött. Mint negyedéves joghallgató pályadíjat nyert egy nemzetgazdasági művével (1874). Megalapította az Új Községi Közlöny (1883–) és ennek folytatását a M. Közigazgatás (1884–1917) c. folyóiratokat amelyeknek szerkesztője volt. Szabadelvű párti programmal a mv.-i város [&hellip;]</p>
