{"id":5150,"date":"2025-06-28T17:05:02","date_gmt":"2025-06-28T15:05:02","guid":{"rendered":"https:\/\/uj.adatbank.ro\/lexikon\/termek\/bondor-sandor\/"},"modified":"2025-06-28T17:05:02","modified_gmt":"2025-06-28T15:05:02","slug":"bondor-sandor","status":"publish","type":"product","link":"https:\/\/uj.adatbank.ro\/lexikon\/termek\/bondor-sandor\/","title":{"rendered":"BONDOR S\u00e1ndor"},"content":{"rendered":"<p>Kisf\u00fclp\u00f6s, 1917. jan. 16. \u2020 Nyiregyh\u00e1za, 2000. dec. 24.: t. husz\u00e1rz\u00e1szl\u00f3s, tan\u00edt\u00f3. \u2013 T\u00e9nyleges katonai szolg\u00e1latra Ny\u00edregyh\u00e1z\u00e1ra vonult be a 4. husz\u00e1rezredhez (1941. okt. 13. \u2013). A karpaszom\u00e1nyos iskol\u00e1t Cegl\u00e9den (1942. jan. 1.- j\u00fan. 30), a hadapr\u00f3diskol\u00e1t Bp.-en a H\u00edrad\u00f3 Iskol\u00e1ban (1943. jan. 5. \u2013 j\u00fan. 30.), tartal\u00e9kos z\u00e1szl\u00f3ss\u00e1 l\u00e9ptett\u00e9k el\u0151 (1943. okt. 1. \u2013), majd a 4\/I. husz\u00e1roszt\u00e1ly r\u00e1di\u00f3s szakaszparancsnokak\u00e9nt frontszolg\u00e1latot teljes\u00edtett (1944. j\u00fan. 15.- j\u00fal. 11), amikor Aroliolk\u00e9n\u00e9l s\u00falyos sebes\u00fcl\u00e9st szenvedett. L\u00e1badoz\u00f3k\u00e9nt amerikai fogs\u00e1gba esett (1945. m\u00e1j. 2.-. aug. 22), ahonnan hazat\u00e9rt sz\u00fcl\u0151hely\u00e9re. <br \/><strong>Irod.:<\/strong> Bene \u2013 Szab\u00f3<\/br><\/p>\n","protected":false},"excerpt":{"rendered":"<p>Kisf\u00fclp\u00f6s, 1917. jan. 16. \u2020 Nyiregyh\u00e1za, 2000. dec. 24.: t. husz\u00e1rz\u00e1szl\u00f3s, tan\u00edt\u00f3. \u2013 T\u00e9nyleges katonai szolg\u00e1latra Ny\u00edregyh\u00e1z\u00e1ra vonult be a 4. husz\u00e1rezredhez (1941. okt. 13. \u2013). A karpaszom\u00e1nyos iskol\u00e1t Cegl\u00e9den (1942. jan. 1.- j\u00fan. 30), a hadapr\u00f3diskol\u00e1t Bp.-en a H\u00edrad\u00f3 Iskol\u00e1ban (1943. jan. 5. \u2013 j\u00fan. 30.), tartal\u00e9kos z\u00e1szl\u00f3ss\u00e1 l\u00e9ptett\u00e9k el\u0151 (1943. okt. 1. \u2013), [&hellip;]<\/p>\n","protected":false},"featured_media":0,"comment_status":"open","ping_status":"closed","template":"","meta":[],"product_brand":[],"product_cat":[137],"product_tag":[],"class_list":{"0":"post-5150","1":"product","2":"type-product","3":"status-publish","5":"product_cat-maros-megyei-eletrajzi-lexikon","7":"first","8":"instock","9":"shipping-taxable","10":"product-type-simple"},"_links":{"self":[{"href":"https:\/\/uj.adatbank.ro\/lexikon\/wp-json\/wp\/v2\/product\/5150","targetHints":{"allow":["GET"]}}],"collection":[{"href":"https:\/\/uj.adatbank.ro\/lexikon\/wp-json\/wp\/v2\/product"}],"about":[{"href":"https:\/\/uj.adatbank.ro\/lexikon\/wp-json\/wp\/v2\/types\/product"}],"replies":[{"embeddable":true,"href":"https:\/\/uj.adatbank.ro\/lexikon\/wp-json\/wp\/v2\/comments?post=5150"}],"wp:attachment":[{"href":"https:\/\/uj.adatbank.ro\/lexikon\/wp-json\/wp\/v2\/media?parent=5150"}],"wp:term":[{"taxonomy":"product_brand","embeddable":true,"href":"https:\/\/uj.adatbank.ro\/lexikon\/wp-json\/wp\/v2\/product_brand?post=5150"},{"taxonomy":"product_cat","embeddable":true,"href":"https:\/\/uj.adatbank.ro\/lexikon\/wp-json\/wp\/v2\/product_cat?post=5150"},{"taxonomy":"product_tag","embeddable":true,"href":"https:\/\/uj.adatbank.ro\/lexikon\/wp-json\/wp\/v2\/product_tag?post=5150"}],"curies":[{"name":"wp","href":"https:\/\/api.w.org\/{rel}","templated":true}]}}

BONDOR Sándor

<p>Kisfülpös, 1917. jan. 16. † Nyiregyháza, 2000. dec. 24.: t. huszárzászlós, tanító. – Tényleges katonai szolgálatra Nyíregyházára vonult be a 4. huszárezredhez (1941. okt. 13. –). A karpaszományos iskolát Cegléden (1942. jan. 1.- jún. 30), a hadapródiskolát Bp.-en a Híradó Iskolában (1943. jan. 5. – jún. 30.), tartalékos zászlóssá léptették elő (1943. okt. 1. –), majd a 4/I. huszárosztály rádiós szakaszparancsnokaként frontszolgálatot teljesített (1944. jún. 15.- júl. 11), amikor Aroliolkénél súlyos sebesülést szenvedett. Lábadozóként amerikai fogságba esett (1945. máj. 2.-. aug. 22), ahonnan hazatért szülőhelyére. <br /><strong>Irod.:</strong> Bene – Szabó</br></p>

<p>Kisfülpös, 1917. jan. 16. † Nyiregyháza, 2000. dec. 24.: t. huszárzászlós, tanító. – Tényleges katonai szolgálatra Nyíregyházára vonult be a 4. huszárezredhez (1941. okt. 13. –). A karpaszományos iskolát Cegléden (1942. jan. 1.- jún. 30), a hadapródiskolát Bp.-en a Híradó Iskolában (1943. jan. 5. – jún. 30.), tartalékos zászlóssá léptették elő (1943. okt. 1. –), [&hellip;]</p>
