{"id":5152,"date":"2025-06-28T17:05:09","date_gmt":"2025-06-28T15:05:09","guid":{"rendered":"https:\/\/uj.adatbank.ro\/lexikon\/termek\/bone-tibor-%c2%a7\/"},"modified":"2025-06-28T17:05:09","modified_gmt":"2025-06-28T15:05:09","slug":"bone-tibor-%c2%a7","status":"publish","type":"product","link":"https:\/\/uj.adatbank.ro\/lexikon\/termek\/bone-tibor-%c2%a7\/","title":{"rendered":"B\u00d3N\u00c9 Tibor, \u00a7"},"content":{"rendered":"<p>Nagyv\u00e1rad, 1929., \u2020 Mv., 1983. febr. 22.: labdar\u00fag\u00f3, labdar\u00fag\u00f3-edz\u0151, ezredes, \u00e9rdemes sportmester. \u2013 A buk.-i katonacsapatban (CCA) futballozott (1950\u201362). Edzette t\u00f6bbek k\u00f6zt a CCA ifi-, a Sz\u00e9kelyudvarhelyi Halad\u00e1s, majd a mv.-i ASA\/ HSK csapat\u00e1t, lev\u00e1ltott\u00e1k (1969. j\u00fal. 15.). Megv\u00e1dolt\u00e1k, h. k\u00fclf\u00f6ldi m\u00e1gn\u00e1sokkal tartja a kapcsolatot (ami nem volt igaz), \u00e9s kitett\u00e9k a csapatb\u00f3l (1973\u2013). Egy \u00e9v m\u00falva, a j\u00e1t\u00e9kosok k\u00f6vetel\u00e9s\u00e9re visszahelyezt\u00e9k. Vezet\u00e9se alatt az ASA aranycsapata els\u0151 oszt\u00e1ly\u00fa lett (1968), egyszer 2. helyez\u00e9st \u00e9rt el az A-oszt\u00e1lyban, az UEFA-kup\u00e1ban is szerepelt. \u00c9rdemes sportmester. Hal\u00e1lakor katonai d\u00edsztemet\u00e9sben r\u00e9szes\u00fclt. Tisztelet\u00e9re B. T. Eml\u00e9kkup\u00e1t rendeznek k\u00e9t\u00e9venk\u00e9nt S\u00f3v\u00e1radon, Szov\u00e1t\u00e1n (1991\u2013). <br \/><strong>Irod.:<\/strong> Id\u0151t\u00e1r 4.; Kl\u00f3sz 2005; L\u00e1z\u00e1r L\u00e1szl\u00f3: Elment a fedezet (V. Z., 1983. m\u00e1rc. 1.); Cz. F. A.: B. T.- eml\u00e9kkupa (N\u00fa., 1998. aug. 11.); Mv.-i labdar\u00fag\u00e1s; Szucher; Szucher: B. T. Eml\u00e9kkupa: Kis csapat nagy teljes\u00edtm\u00e9ny (N\u00fa., 1991. m\u00e1rc. 5.)<\/br><\/p>\n","protected":false},"excerpt":{"rendered":"<p>Nagyv\u00e1rad, 1929., \u2020 Mv., 1983. febr. 22.: labdar\u00fag\u00f3, labdar\u00fag\u00f3-edz\u0151, ezredes, \u00e9rdemes sportmester. \u2013 A buk.-i katonacsapatban (CCA) futballozott (1950\u201362). Edzette t\u00f6bbek k\u00f6zt a CCA ifi-, a Sz\u00e9kelyudvarhelyi Halad\u00e1s, majd a mv.-i ASA\/ HSK csapat\u00e1t, lev\u00e1ltott\u00e1k (1969. j\u00fal. 15.). Megv\u00e1dolt\u00e1k, h. k\u00fclf\u00f6ldi m\u00e1gn\u00e1sokkal tartja a kapcsolatot (ami nem volt igaz), \u00e9s kitett\u00e9k a csapatb\u00f3l (1973\u2013). Egy [&hellip;]<\/p>\n","protected":false},"featured_media":0,"comment_status":"open","ping_status":"closed","template":"","meta":[],"product_brand":[],"product_cat":[137],"product_tag":[],"class_list":{"0":"post-5152","1":"product","2":"type-product","3":"status-publish","5":"product_cat-maros-megyei-eletrajzi-lexikon","7":"first","8":"instock","9":"shipping-taxable","10":"product-type-simple"},"_links":{"self":[{"href":"https:\/\/uj.adatbank.ro\/lexikon\/wp-json\/wp\/v2\/product\/5152","targetHints":{"allow":["GET"]}}],"collection":[{"href":"https:\/\/uj.adatbank.ro\/lexikon\/wp-json\/wp\/v2\/product"}],"about":[{"href":"https:\/\/uj.adatbank.ro\/lexikon\/wp-json\/wp\/v2\/types\/product"}],"replies":[{"embeddable":true,"href":"https:\/\/uj.adatbank.ro\/lexikon\/wp-json\/wp\/v2\/comments?post=5152"}],"wp:attachment":[{"href":"https:\/\/uj.adatbank.ro\/lexikon\/wp-json\/wp\/v2\/media?parent=5152"}],"wp:term":[{"taxonomy":"product_brand","embeddable":true,"href":"https:\/\/uj.adatbank.ro\/lexikon\/wp-json\/wp\/v2\/product_brand?post=5152"},{"taxonomy":"product_cat","embeddable":true,"href":"https:\/\/uj.adatbank.ro\/lexikon\/wp-json\/wp\/v2\/product_cat?post=5152"},{"taxonomy":"product_tag","embeddable":true,"href":"https:\/\/uj.adatbank.ro\/lexikon\/wp-json\/wp\/v2\/product_tag?post=5152"}],"curies":[{"name":"wp","href":"https:\/\/api.w.org\/{rel}","templated":true}]}}

BÓNÉ Tibor, §

<p>Nagyvárad, 1929., † Mv., 1983. febr. 22.: labdarúgó, labdarúgó-edző, ezredes, érdemes sportmester. – A buk.-i katonacsapatban (CCA) futballozott (1950–62). Edzette többek közt a CCA ifi-, a Székelyudvarhelyi Haladás, majd a mv.-i ASA/ HSK csapatát, leváltották (1969. júl. 15.). Megvádolták, h. külföldi mágnásokkal tartja a kapcsolatot (ami nem volt igaz), és kitették a csapatból (1973–). Egy év múlva, a játékosok követelésére visszahelyezték. Vezetése alatt az ASA aranycsapata első osztályú lett (1968), egyszer 2. helyezést ért el az A-osztályban, az UEFA-kupában is szerepelt. Érdemes sportmester. Halálakor katonai dísztemetésben részesült. Tiszteletére B. T. Emlékkupát rendeznek kétévenként Sóváradon, Szovátán (1991–). <br /><strong>Irod.:</strong> Időtár 4.; Klósz 2005; Lázár László: Elment a fedezet (V. Z., 1983. márc. 1.); Cz. F. A.: B. T.- emlékkupa (Nú., 1998. aug. 11.); Mv.-i labdarúgás; Szucher; Szucher: B. T. Emlékkupa: Kis csapat nagy teljesítmény (Nú., 1991. márc. 5.)</br></p>

<p>Nagyvárad, 1929., † Mv., 1983. febr. 22.: labdarúgó, labdarúgó-edző, ezredes, érdemes sportmester. – A buk.-i katonacsapatban (CCA) futballozott (1950–62). Edzette többek közt a CCA ifi-, a Székelyudvarhelyi Haladás, majd a mv.-i ASA/ HSK csapatát, leváltották (1969. júl. 15.). Megvádolták, h. külföldi mágnásokkal tartja a kapcsolatot (ami nem volt igaz), és kitették a csapatból (1973–). Egy [&hellip;]</p>
