{"id":5157,"date":"2025-06-28T17:05:19","date_gmt":"2025-06-28T15:05:19","guid":{"rendered":"https:\/\/uj.adatbank.ro\/lexikon\/termek\/boni-gergely-bone-gergely\/"},"modified":"2025-06-28T17:05:19","modified_gmt":"2025-06-28T15:05:19","slug":"boni-gergely-bone-gergely","status":"publish","type":"product","link":"https:\/\/uj.adatbank.ro\/lexikon\/termek\/boni-gergely-bone-gergely\/","title":{"rendered":"B\u00d3NI Gergely, Bon\u00e9 Gergely"},"content":{"rendered":"<p>Marosszentgy\u00f6rgy, 1895. m\u00e1rc. 10. \u2020 Marosszentgy\u00f6rgy, 1980. \u00e1pr. 17.: polg\u00e1rmester. \u2013 Marosszentgy\u00f6rgy polg\u00e1rmestere (1941\u201344). A sz\u00fcl\u0151faluja r. k. iskol\u00e1j\u00e1ban v\u00e9gezte az elemi iskol\u00e1t. Kinevezett polg\u00e1rmester (1941\u2013), \u00e9s M\u00e1riaffy Lajos gr. ir\u00e1ny\u00edt\u00e1s\u00e1val, befoly\u00e1s\u00e1val a k\u00f6zs\u00e9g gazdas\u00e1gi vezet\u0151je. A h\u00e1bor\u00fa befejez\u00e9se ut\u00e1n f\u00f6ldm\u0171vel\u00e9ssel foglalkozott a saj\u00e1t nagykiterjed\u00e9s\u0171 birtok\u00e1n. A mez\u0151gazdas\u00e1g kollekt\u00edviz\u00e1l\u00e1sakor be\u00e1llt a k\u00f6z\u00f6s gazd\u00e1lkod\u00e1sba (1954), amelynek vezet\u0151s\u00e9gi tagja, k\u00e9s\u0151bb nyugd\u00edjaz\u00e1s\u00e1ig rakt\u00e1rosa lett. <br \/><strong>Irod.:<\/strong> Moldovan, Petre: Alc\u0103tuirea aministra\u021biei s\u00e2ngeorzene \u00een r\u0103stimpul septembrie 1940-martie 1945 = Marosszentgy\u00f6rgy; S\u00e2ngeorgiu de Mure\u015f; S\u00e2ngeorgiu de Mure\u015f: 1940\u20131944<\/br><\/p>\n","protected":false},"excerpt":{"rendered":"<p>Marosszentgy\u00f6rgy, 1895. m\u00e1rc. 10. \u2020 Marosszentgy\u00f6rgy, 1980. \u00e1pr. 17.: polg\u00e1rmester. \u2013 Marosszentgy\u00f6rgy polg\u00e1rmestere (1941\u201344). A sz\u00fcl\u0151faluja r. k. iskol\u00e1j\u00e1ban v\u00e9gezte az elemi iskol\u00e1t. Kinevezett polg\u00e1rmester (1941\u2013), \u00e9s M\u00e1riaffy Lajos gr. ir\u00e1ny\u00edt\u00e1s\u00e1val, befoly\u00e1s\u00e1val a k\u00f6zs\u00e9g gazdas\u00e1gi vezet\u0151je. A h\u00e1bor\u00fa befejez\u00e9se ut\u00e1n f\u00f6ldm\u0171vel\u00e9ssel foglalkozott a saj\u00e1t nagykiterjed\u00e9s\u0171 birtok\u00e1n. A mez\u0151gazdas\u00e1g kollekt\u00edviz\u00e1l\u00e1sakor be\u00e1llt a k\u00f6z\u00f6s gazd\u00e1lkod\u00e1sba (1954), amelynek [&hellip;]<\/p>\n","protected":false},"featured_media":0,"comment_status":"open","ping_status":"closed","template":"","meta":[],"product_brand":[],"product_cat":[137],"product_tag":[],"class_list":{"0":"post-5157","1":"product","2":"type-product","3":"status-publish","5":"product_cat-maros-megyei-eletrajzi-lexikon","7":"first","8":"instock","9":"shipping-taxable","10":"product-type-simple"},"_links":{"self":[{"href":"https:\/\/uj.adatbank.ro\/lexikon\/wp-json\/wp\/v2\/product\/5157","targetHints":{"allow":["GET"]}}],"collection":[{"href":"https:\/\/uj.adatbank.ro\/lexikon\/wp-json\/wp\/v2\/product"}],"about":[{"href":"https:\/\/uj.adatbank.ro\/lexikon\/wp-json\/wp\/v2\/types\/product"}],"replies":[{"embeddable":true,"href":"https:\/\/uj.adatbank.ro\/lexikon\/wp-json\/wp\/v2\/comments?post=5157"}],"wp:attachment":[{"href":"https:\/\/uj.adatbank.ro\/lexikon\/wp-json\/wp\/v2\/media?parent=5157"}],"wp:term":[{"taxonomy":"product_brand","embeddable":true,"href":"https:\/\/uj.adatbank.ro\/lexikon\/wp-json\/wp\/v2\/product_brand?post=5157"},{"taxonomy":"product_cat","embeddable":true,"href":"https:\/\/uj.adatbank.ro\/lexikon\/wp-json\/wp\/v2\/product_cat?post=5157"},{"taxonomy":"product_tag","embeddable":true,"href":"https:\/\/uj.adatbank.ro\/lexikon\/wp-json\/wp\/v2\/product_tag?post=5157"}],"curies":[{"name":"wp","href":"https:\/\/api.w.org\/{rel}","templated":true}]}}

BÓNI Gergely, Boné Gergely

<p>Marosszentgyörgy, 1895. márc. 10. † Marosszentgyörgy, 1980. ápr. 17.: polgármester. – Marosszentgyörgy polgármestere (1941–44). A szülőfaluja r. k. iskolájában végezte az elemi iskolát. Kinevezett polgármester (1941–), és Máriaffy Lajos gr. irányításával, befolyásával a község gazdasági vezetője. A háború befejezése után földműveléssel foglalkozott a saját nagykiterjedésű birtokán. A mezőgazdaság kollektívizálásakor beállt a közös gazdálkodásba (1954), amelynek vezetőségi tagja, később nyugdíjazásáig raktárosa lett. <br /><strong>Irod.:</strong> Moldovan, Petre: Alcătuirea aministrației sângeorzene în răstimpul septembrie 1940-martie 1945 = Marosszentgyörgy; Sângeorgiu de Mureş; Sângeorgiu de Mureş: 1940–1944</br></p>

<p>Marosszentgyörgy, 1895. márc. 10. † Marosszentgyörgy, 1980. ápr. 17.: polgármester. – Marosszentgyörgy polgármestere (1941–44). A szülőfaluja r. k. iskolájában végezte az elemi iskolát. Kinevezett polgármester (1941–), és Máriaffy Lajos gr. irányításával, befolyásával a község gazdasági vezetője. A háború befejezése után földműveléssel foglalkozott a saját nagykiterjedésű birtokán. A mezőgazdaság kollektívizálásakor beállt a közös gazdálkodásba (1954), amelynek [&hellip;]</p>
