{"id":5158,"date":"2025-06-28T17:05:20","date_gmt":"2025-06-28T15:05:20","guid":{"rendered":"https:\/\/uj.adatbank.ro\/lexikon\/termek\/boni-janos-%c2%a7-bone-janos\/"},"modified":"2025-06-28T17:05:20","modified_gmt":"2025-06-28T15:05:20","slug":"boni-janos-%c2%a7-bone-janos","status":"publish","type":"product","link":"https:\/\/uj.adatbank.ro\/lexikon\/termek\/boni-janos-%c2%a7-bone-janos\/","title":{"rendered":"B\u00d3NI J\u00e1nos, \u00a7 Bon\u00e9 J\u00e1nos"},"content":{"rendered":"<p>Marosszentgy\u00f6rgy, 1930. szept. 20., \u2020 Mv., 1999. okt. 18.: tan\u00e1r, iskolaigazgat\u00f3. \u2013 B\u00f3ni M\u00e1rton \u00e9s D\u00f3sa Ida fia. Testv\u00e9re: Irma Tam\u00e1s Ferencn\u00e9. Feles\u00e9ge: D\u00e1niel Piroska (1929. \u00e1pr. 7. \u20132010. j\u00fal. 5.). Gyermekeik: J\u00e1nos (1959\u2013) \u00e9s Piroska (1963\u2013), mindketten orvosok. Elemi iskol\u00e1t Marosszentgy\u00f6rgy\u00f6n, a polg\u00e1ri fi\u00faiskol\u00e1t Mv.-en (1941\u201346), tan\u00edt\u00f3k\u00e9pz\u0151t Cs\u00edksszereda-Somly\u00f3n v\u00e9gzett, tan\u00edt\u00f3i oklevelet nyert (1949). Tan\u00edtott Mez\u0151k\u00f6lp\u00e9nyben (1949. szept. 1. \u2013), Ny\u00e1r\u00e1dkar\u00e1csonyfalv\u00e1n (1949\u201350), Szab\u00e9don (1950.-nov. 18.), amig bevonult katon\u00e1nak (1950\u201353). Kv.-on a BBTE Filol\u00f3gia Kar\u00e1n pedag\u00f3gia-l\u00e9lektan \u00e9s m. szakot v\u00e9gzett (1958). Igazgat\u00f3 a 2-es sz. \u00c1lt. Isk.-ban Mv.-en (1958\u201359), a Bolyai Farkas L\u00edc.-ban tan\u00e1r (1960\u2013). A megalakult Maros Megyei Tanfel\u00fcgyel\u0151s\u00e9g munkat\u00e1rsa (1962.), f\u0151n\u00f6ke (1965\u201373). A Bolyai Farkas L\u00edc. m. szakos tan\u00e1ra (1973\u201384), m\u00f3dszertan\u00e1sza, majd az iskola kinevezett igazgat\u00f3ja (1984\u201387), \u0218uteu Sabina igazgat\u00f3n\u0151 mellett lett igazgat\u00f3helyettes (1987\u201389), tan\u00e1rk\u00e9nt folytatta tev\u00e9kenys\u00e9g\u00e9t (1989\u201397). Cikkeket k\u00f6z\u00f6l a V. Z., St. R., Tan\u00fcgyi \u00dajs\u00e1g, El\u0151re c. lapokban, a helyi r\u00e1di\u00f3ban a Nevel\u0151k Foruma c. ad\u00e1st vezette. <strong>Kit\u00fcntet\u00e9sei:<\/strong> Munka\u00e9rdemrend III. fokozata, A XX-a aniversare a eliber\u0103rii patriei; A 50-a aniversare a P. C. R. (1964, 1971). <br \/><strong>Irod.:<\/strong> csal\u00e1di inf.; Dasc\u0103li mure\u015feni 5.; Id\u0151t\u00e1r 4.; MMK; Nekrol\u00f3g] (N\u00fa., 1999. okt. 20.)<\/br><\/p>\n","protected":false},"excerpt":{"rendered":"<p>Marosszentgy\u00f6rgy, 1930. szept. 20., \u2020 Mv., 1999. okt. 18.: tan\u00e1r, iskolaigazgat\u00f3. \u2013 B\u00f3ni M\u00e1rton \u00e9s D\u00f3sa Ida fia. Testv\u00e9re: Irma Tam\u00e1s Ferencn\u00e9. Feles\u00e9ge: D\u00e1niel Piroska (1929. \u00e1pr. 7. \u20132010. j\u00fal. 5.). Gyermekeik: J\u00e1nos (1959\u2013) \u00e9s Piroska (1963\u2013), mindketten orvosok. Elemi iskol\u00e1t Marosszentgy\u00f6rgy\u00f6n, a polg\u00e1ri fi\u00faiskol\u00e1t Mv.-en (1941\u201346), tan\u00edt\u00f3k\u00e9pz\u0151t Cs\u00edksszereda-Somly\u00f3n v\u00e9gzett, tan\u00edt\u00f3i oklevelet nyert (1949). Tan\u00edtott [&hellip;]<\/p>\n","protected":false},"featured_media":0,"comment_status":"open","ping_status":"closed","template":"","meta":[],"product_brand":[],"product_cat":[137],"product_tag":[],"class_list":{"0":"post-5158","1":"product","2":"type-product","3":"status-publish","5":"product_cat-maros-megyei-eletrajzi-lexikon","7":"first","8":"instock","9":"shipping-taxable","10":"product-type-simple"},"_links":{"self":[{"href":"https:\/\/uj.adatbank.ro\/lexikon\/wp-json\/wp\/v2\/product\/5158","targetHints":{"allow":["GET"]}}],"collection":[{"href":"https:\/\/uj.adatbank.ro\/lexikon\/wp-json\/wp\/v2\/product"}],"about":[{"href":"https:\/\/uj.adatbank.ro\/lexikon\/wp-json\/wp\/v2\/types\/product"}],"replies":[{"embeddable":true,"href":"https:\/\/uj.adatbank.ro\/lexikon\/wp-json\/wp\/v2\/comments?post=5158"}],"wp:attachment":[{"href":"https:\/\/uj.adatbank.ro\/lexikon\/wp-json\/wp\/v2\/media?parent=5158"}],"wp:term":[{"taxonomy":"product_brand","embeddable":true,"href":"https:\/\/uj.adatbank.ro\/lexikon\/wp-json\/wp\/v2\/product_brand?post=5158"},{"taxonomy":"product_cat","embeddable":true,"href":"https:\/\/uj.adatbank.ro\/lexikon\/wp-json\/wp\/v2\/product_cat?post=5158"},{"taxonomy":"product_tag","embeddable":true,"href":"https:\/\/uj.adatbank.ro\/lexikon\/wp-json\/wp\/v2\/product_tag?post=5158"}],"curies":[{"name":"wp","href":"https:\/\/api.w.org\/{rel}","templated":true}]}}

BÓNI János, § Boné János

<p>Marosszentgyörgy, 1930. szept. 20., † Mv., 1999. okt. 18.: tanár, iskolaigazgató. – Bóni Márton és Dósa Ida fia. Testvére: Irma Tamás Ferencné. Felesége: Dániel Piroska (1929. ápr. 7. –2010. júl. 5.). Gyermekeik: János (1959–) és Piroska (1963–), mindketten orvosok. Elemi iskolát Marosszentgyörgyön, a polgári fiúiskolát Mv.-en (1941–46), tanítóképzőt Csíksszereda-Somlyón végzett, tanítói oklevelet nyert (1949). Tanított Mezőkölpényben (1949. szept. 1. –), Nyárádkarácsonyfalván (1949–50), Szabédon (1950.-nov. 18.), amig bevonult katonának (1950–53). Kv.-on a BBTE Filológia Karán pedagógia-lélektan és m. szakot végzett (1958). Igazgató a 2-es sz. Ált. Isk.-ban Mv.-en (1958–59), a Bolyai Farkas Líc.-ban tanár (1960–). A megalakult Maros Megyei Tanfelügyelőség munkatársa (1962.), főnöke (1965–73). A Bolyai Farkas Líc. m. szakos tanára (1973–84), módszertanásza, majd az iskola kinevezett igazgatója (1984–87), Șuteu Sabina igazgatónő mellett lett igazgatóhelyettes (1987–89), tanárként folytatta tevékenységét (1989–97). Cikkeket közöl a V. Z., St. R., Tanügyi Újság, Előre c. lapokban, a helyi rádióban a Nevelők Foruma c. adást vezette. <strong>Kitüntetései:</strong> Munkaérdemrend III. fokozata, A XX-a aniversare a eliberării patriei; A 50-a aniversare a P. C. R. (1964, 1971). <br /><strong>Irod.:</strong> családi inf.; Dascăli mureşeni 5.; Időtár 4.; MMK; Nekrológ] (Nú., 1999. okt. 20.)</br></p>

<p>Marosszentgyörgy, 1930. szept. 20., † Mv., 1999. okt. 18.: tanár, iskolaigazgató. – Bóni Márton és Dósa Ida fia. Testvére: Irma Tamás Ferencné. Felesége: Dániel Piroska (1929. ápr. 7. –2010. júl. 5.). Gyermekeik: János (1959–) és Piroska (1963–), mindketten orvosok. Elemi iskolát Marosszentgyörgyön, a polgári fiúiskolát Mv.-en (1941–46), tanítóképzőt Csíksszereda-Somlyón végzett, tanítói oklevelet nyert (1949). Tanított [&hellip;]</p>
