{"id":5159,"date":"2025-06-28T17:05:23","date_gmt":"2025-06-28T15:05:23","guid":{"rendered":"https:\/\/uj.adatbank.ro\/lexikon\/termek\/bonis-johanna-%c2%a7-izsak-balazsne\/"},"modified":"2025-06-28T17:05:23","modified_gmt":"2025-06-28T15:05:23","slug":"bonis-johanna-%c2%a7-izsak-balazsne","status":"publish","type":"product","link":"https:\/\/uj.adatbank.ro\/lexikon\/termek\/bonis-johanna-%c2%a7-izsak-balazsne\/","title":{"rendered":"B\u00d3NIS Johanna, \u00a7 Izs\u00e1k Bal\u00e1zsn\u00e9"},"content":{"rendered":"<p>Miszt\u00f3tfau, 1950. j\u00fan. 21., \u2020 Mv., 2006. aug. 21.: t\u00f6rt\u00e9n\u00e9sz, m\u00fazeol\u00f3gus. \u2013 K\u00f6z\u00e9piskol\u00e1it Fels\u0151b\u00e1ny\u00e1n v\u00e9gezte (1969), a mv.-i Pedag\u00f3giai F\u0151iskola t\u00f6rt\u00e9nelem szak\u00e1n (1972), majd a kv.-i BBTE t\u00f6rt\u00e9nelem-filoz\u00f3fia szak\u00e1n szerzett oklevelet (1976). T\u00f6rt\u00e9nelem-f\u00f6ldrajz szakos tan\u00e1r Aknasugatagon, a mv.-i 2. sz. \u00e1ltal\u00e1nos iskol\u00e1ban (1977\u201379). M\u00fazeol\u00f3gus a Mv.-i Maros Megyei M\u00fazeum T\u00f6rt\u00e9nelmi r\u00e9szleg\u00e9n (1979\u201382), f\u0151m\u00fazeol\u00f3gus (1982\u20132000), kutat\u00f3 m\u00fazeol\u00f3gus (2000\u2013), a Maros Megyei M\u00fazeum igazgat\u00f3ja hal\u00e1l\u00e1ig (2005\u20132006). T\u00f6bb \u00e9vi munk\u00e1val rendezte \u00e9s katalogiz\u00e1lta a m\u00fazeum lev\u00e9lt\u00e1ri anyag\u00e1t, korszer\u0171 dokumentumrakt\u00e1rat rendezett be, amit id\u0151k\u00f6zben felsz\u00e1molt\u00e1k, igazgat\u00f3n\u0151k\u00e9nt tervezte a rakt\u00e1r vissza\u00e1ll\u00edt\u00e1s\u00e1t. Siker\u00fclt egy rakt\u00e1r\u00e9p\u00fcletet kiutaltatni a m\u00fazeum sz\u00e1m\u00e1ra, \u00edgy a m\u00fazeumi t\u00e1rgyak a zs\u00fafolt ki\u00e1ll\u00edt\u00f3termekb\u0151l rakt\u00e1rba ker\u00fcltek (2006. j\u00fal.). Kiharcolta (1989 ut\u00e1n), hogy a m\u00fazeum tan\u00e1csi hat\u00e1rozattal megkapta a mv.-i v\u00e1r Kapub\u00e1sty\u00e1j\u00e1t, majd a Kisb\u00e1sty\u00e1t \u00e9s a k\u00e9t b\u00e1stya k\u00f6z\u00f6tti fedett torn\u00e1cos falszakaszt (2006), ahol megszervezte a v\u00e1ros els\u0151 helyt\u00f6rt\u00e9neti ki\u00e1ll\u00edt\u00e1s\u00e1t, majd a helyt\u00f6rt\u00e9neti m\u00fazeum \u00e1tszervez\u00e9s\u00e9t-kib\u0151v\u00edt\u00e9s\u00e9t (hal\u00e1la ut\u00e1n ny\u00edlt meg 2006. szept. 16.), tervezte egy szabadt\u00e9ri m\u00fazeum, skanzen l\u00e9trehoz\u00e1s\u00e1t a Ligetben. Kezdem\u00e9nyez\u00e9s\u00e9re: restaur\u00e1lt\u00e1k Sidl\u00f3 Ferenc k\u00e9sz\u00edtette, Ferenc J\u00f3zsefet \u00e1br\u00e1zol\u00f3 domborm\u0171vet \u00e9s visszahelyezt\u00e9k eredeti hely\u00e9re a mv.-i Kult\u00farpalota el\u0151csarnok\u00e1ba; restaur\u00e1lt\u00e1k a V\u00e1rosh\u00e1za Roth Miksa \u00e1ltal k\u00e9sz\u00edtett, festett \u00fcvegablakait. Felkutatta a mv.-i Zsolnay eml\u00e9keket. Kutat\u00e1si ter\u00fclete: Erd\u00e9ly t\u00f6rt\u00e9nelme, a k\u00f6z\u00e9pkori k\u00e9zm\u0171ipar, v\u00e1ros- \u00e9s c\u00e9ht\u00f6rt\u00e9net. Egy \u00f6n\u00e1ll\u00f3 erd\u00e9lyi m. m\u00fazeum l\u00e9trehoz\u00e1s\u00e1t tervezte, ebb\u0151l a c\u00e9lb\u00f3l kezdem\u00e9nyez\u0151je \u00e9s megszervez\u0151je a R\u00e1th K\u00e1roly K\u00f6zgy\u0171jtem\u00e9nyi Alap\u00edtv\u00e1nynak (2005. \u00e1pr. 29.), amelynek hal\u00e1l\u00e1ig eln\u00f6ke volt. C\u00e9lja az erd\u00e9lyi m. hagyat\u00e9kok \u00f6sszegy\u0171jt\u00e9se, t\u00e1rol\u00e1sa, feldolgoz\u00e1sa \u00e9s k\u00f6zkinccs\u00e9 t\u00e9tele; \u00e1lland\u00f3 ki\u00e1ll\u00edt\u00e1sok szervez\u00e9se a h\u00e1bor\u00fakban, forradalmakban elesettek eml\u00e9k\u00e9re. T\u00f6rt\u00e9nelmi t\u00e1rgy\u00fa szakcikkeket, tudom\u00e1ny-n\u00e9pszer\u0171s\u00edt\u0151 \u00edr\u00e1sokat k\u00f6z\u00f6lt: Erd\u00e9lyi M\u00fazeum, M. M\u00fazeum, Acta Musei Napocensis, Marisia, V. Z., A H\u00e9t, N\u00fa., M\u00fazsa, Erd\u00e9lyi Napl\u00f3 has\u00e1bjain. Az EME, az EMKE, a Castellum Alap\u00edtv\u00e1ny tagja. Elnyerte L\u00e1szl\u00f3 Edit r\u00e1di\u00f3riporterrel a Zsolnay M\u00e9dia P\u00e1ly\u00e1zat k\u00fcl\u00f6nd\u00edj\u00e1t (2003). \u2013 <strong>F. m.:<\/strong> A Sz\u00e9kelyf\u00f6ldi Iparm\u00fazeum (Mv., 2003); A mv.-i V\u00e1rosh\u00e1za \u00e9s Kult\u00farpalota megmentett \u00e9p\u00fclettartoz\u00e9kai (Szerk. Izs\u00e1k Bal\u00e1zs; Mv., 2008); <strong>t\u00e1rssz.:<\/strong> Breslele transilv\u0103nene: secolele XIV-XIX. ( ? ); Die Z\u00fcnfte in Siebenb\u00fcrgen: XIV. bis XIX. Jahrhudert (Kv., 1997); A marosv\u00e1s\u00e1rhelyi csizmadiac\u00e9h eml\u00e9kei = A Maros megyei magyars\u00e1g t\u00f6rt\u00e9net\u00e9b\u0151l: Tanulm\u00e1nyok. 2. (Mv., 1997); T\u00e2rgu Mure\u015f \u2013 Mv.: K\u00e9pes \u00fatikalauz (Mv., 1998); T\u00e2rgu Mure\u015f \u2013Neumarkt am Mieresch: Stadtf\u00fchrer in Bildern (Tg. M., 1998); Mv. t\u00f6rt\u00e9net\u00e9b\u0151l (Mv., 1999); Mill\u00e9niumi megeml\u00e9kez\u00e9s (Mv., 2000); M. M\u00fazeumi Arck\u00e9pcsarnok (Bp., 2002); A t\u00e9r \u00fatt\u00f6r\u0151je: Bolyai J\u00e1nos eml\u00e9k\u00e9v (Mv., 2003); <strong>F. ki\u00e1ll.:<\/strong> Iparm\u0171v\u00e9szeti remekek a mv.-i m\u00fazeum gy\u0171jtem\u00e9ny\u00e9ben (1992), Erd\u00e9lyi \u00fcvegm\u0171vess\u00e9g a 17\u201319. sz\u00e1zadban (1993), Ruh\u00e1k \u00e9s \u00e9kszerek a 17\u201319. sz\u00e1zadi Erd\u00e9lyben (1994), A mv.-i c\u00e9hek t\u00f6rt\u00e9net\u00e9b\u0151l (1995), Az erd\u00e9lyi c\u00e9hek t\u00f6rt\u00e9net\u00e9b\u0151l (1996), Fejezetek Mv. t\u00f6rt\u00e9net\u00e9b\u0151l \u2013 \u00e1lland\u00f3 ki\u00e1ll\u00edt\u00e1s a Mv.-i v\u00e1r kapub\u00e1sty\u00e1j\u00e1ban (1997, 2006), II. R\u00e1k\u00f3czi Ferenc \u00e9s Mv. (2001), a Sz\u00e9kelyf\u00f6ldi Iparm\u00fazeum gy\u0171jtem\u00e9ny\u00e9b\u0151l (2003), Divat, sz\u00e9ps\u00e9g, m\u0171v\u00e9szet (2005), Egyh\u00e1zm\u0171v\u00e9szeti ki\u00e1ll\u00edt\u00e1s (2005), Az \u00e9let napos oldala: T\u00e1rsas\u00e1gi \u00e9let Mv.-en a sz\u00e1zadfordul\u00f3n (2005), Bern\u00e1dy Gy\u00f6rgy eml\u00e9kki\u00e1ll\u00edt\u00e1s (2006). <br \/><strong>Irod.:<\/strong> A H\u00e9t (10. sz., 2003. m\u00e1rc. 13.); Id\u0151t\u00e1r 4.; Kr\u00f3nika (2006. m\u00e1rc. 14.); Bodolai Gy\u00f6ngyi: \u00c1lmok \u00e9s bossz\u00fas\u00e1gok (N\u00fa., 2005. aug. 3.); EMKK2010; K\u00e1d\u00e1r-Dombi Katalin: Kincskeres\u0151ben: B. J. muzeol\u00f3gusra eml\u00e9keztek\u2026 (K\u00f6zPont, 2008. j\u00fal. 21\u201327); KMKOF; M. okl. Rom.; A m\u00fazeum nagyobb figyelmet \u00e9rdemel (N\u00fa., 2005. aug. 17.); Magy. kutat\u00f3k; Todea 2013<\/br><\/p>\n","protected":false},"excerpt":{"rendered":"<p>Miszt\u00f3tfau, 1950. j\u00fan. 21., \u2020 Mv., 2006. aug. 21.: t\u00f6rt\u00e9n\u00e9sz, m\u00fazeol\u00f3gus. \u2013 K\u00f6z\u00e9piskol\u00e1it Fels\u0151b\u00e1ny\u00e1n v\u00e9gezte (1969), a mv.-i Pedag\u00f3giai F\u0151iskola t\u00f6rt\u00e9nelem szak\u00e1n (1972), majd a kv.-i BBTE t\u00f6rt\u00e9nelem-filoz\u00f3fia szak\u00e1n szerzett oklevelet (1976). T\u00f6rt\u00e9nelem-f\u00f6ldrajz szakos tan\u00e1r Aknasugatagon, a mv.-i 2. sz. \u00e1ltal\u00e1nos iskol\u00e1ban (1977\u201379). M\u00fazeol\u00f3gus a Mv.-i Maros Megyei M\u00fazeum T\u00f6rt\u00e9nelmi r\u00e9szleg\u00e9n (1979\u201382), f\u0151m\u00fazeol\u00f3gus (1982\u20132000), kutat\u00f3 [&hellip;]<\/p>\n","protected":false},"featured_media":0,"comment_status":"open","ping_status":"closed","template":"","meta":[],"product_brand":[],"product_cat":[137],"product_tag":[],"class_list":{"0":"post-5159","1":"product","2":"type-product","3":"status-publish","5":"product_cat-maros-megyei-eletrajzi-lexikon","7":"first","8":"instock","9":"shipping-taxable","10":"product-type-simple"},"_links":{"self":[{"href":"https:\/\/uj.adatbank.ro\/lexikon\/wp-json\/wp\/v2\/product\/5159","targetHints":{"allow":["GET"]}}],"collection":[{"href":"https:\/\/uj.adatbank.ro\/lexikon\/wp-json\/wp\/v2\/product"}],"about":[{"href":"https:\/\/uj.adatbank.ro\/lexikon\/wp-json\/wp\/v2\/types\/product"}],"replies":[{"embeddable":true,"href":"https:\/\/uj.adatbank.ro\/lexikon\/wp-json\/wp\/v2\/comments?post=5159"}],"wp:attachment":[{"href":"https:\/\/uj.adatbank.ro\/lexikon\/wp-json\/wp\/v2\/media?parent=5159"}],"wp:term":[{"taxonomy":"product_brand","embeddable":true,"href":"https:\/\/uj.adatbank.ro\/lexikon\/wp-json\/wp\/v2\/product_brand?post=5159"},{"taxonomy":"product_cat","embeddable":true,"href":"https:\/\/uj.adatbank.ro\/lexikon\/wp-json\/wp\/v2\/product_cat?post=5159"},{"taxonomy":"product_tag","embeddable":true,"href":"https:\/\/uj.adatbank.ro\/lexikon\/wp-json\/wp\/v2\/product_tag?post=5159"}],"curies":[{"name":"wp","href":"https:\/\/api.w.org\/{rel}","templated":true}]}}

BÓNIS Johanna, § Izsák Balázsné

<p>Misztótfau, 1950. jún. 21., † Mv., 2006. aug. 21.: történész, múzeológus. – Középiskoláit Felsőbányán végezte (1969), a mv.-i Pedagógiai Főiskola történelem szakán (1972), majd a kv.-i BBTE történelem-filozófia szakán szerzett oklevelet (1976). Történelem-földrajz szakos tanár Aknasugatagon, a mv.-i 2. sz. általános iskolában (1977–79). Múzeológus a Mv.-i Maros Megyei Múzeum Történelmi részlegén (1979–82), főmúzeológus (1982–2000), kutató múzeológus (2000–), a Maros Megyei Múzeum igazgatója haláláig (2005–2006). Több évi munkával rendezte és katalogizálta a múzeum levéltári anyagát, korszerű dokumentumraktárat rendezett be, amit időközben felszámolták, igazgatónőként tervezte a raktár visszaállítását. Sikerült egy raktárépületet kiutaltatni a múzeum számára, így a múzeumi tárgyak a zsúfolt kiállítótermekből raktárba kerültek (2006. júl.). Kiharcolta (1989 után), hogy a múzeum tanácsi határozattal megkapta a mv.-i vár Kapubástyáját, majd a Kisbástyát és a két bástya közötti fedett tornácos falszakaszt (2006), ahol megszervezte a város első helytörténeti kiállítását, majd a helytörténeti múzeum átszervezését-kibővítését (halála után nyílt meg 2006. szept. 16.), tervezte egy szabadtéri múzeum, skanzen létrehozását a Ligetben. Kezdeményezésére: restaurálták Sidló Ferenc készítette, Ferenc Józsefet ábrázoló domborművet és visszahelyezték eredeti helyére a mv.-i Kultúrpalota előcsarnokába; restaurálták a Városháza Roth Miksa által készített, festett üvegablakait. Felkutatta a mv.-i Zsolnay emlékeket. Kutatási területe: Erdély történelme, a középkori kézműipar, város- és céhtörténet. Egy önálló erdélyi m. múzeum létrehozását tervezte, ebből a célból kezdeményezője és megszervezője a Ráth Károly Közgyűjteményi Alapítványnak (2005. ápr. 29.), amelynek haláláig elnöke volt. Célja az erdélyi m. hagyatékok összegyűjtése, tárolása, feldolgozása és közkinccsé tétele; állandó kiállítások szervezése a háborúkban, forradalmakban elesettek emlékére. Történelmi tárgyú szakcikkeket, tudomány-népszerűsítő írásokat közölt: Erdélyi Múzeum, M. Múzeum, Acta Musei Napocensis, Marisia, V. Z., A Hét, Nú., Múzsa, Erdélyi Napló hasábjain. Az EME, az EMKE, a Castellum Alapítvány tagja. Elnyerte László Edit rádióriporterrel a Zsolnay Média Pályázat különdíját (2003). – <strong>F. m.:</strong> A Székelyföldi Iparmúzeum (Mv., 2003); A mv.-i Városháza és Kultúrpalota megmentett épülettartozékai (Szerk. Izsák Balázs; Mv., 2008); <strong>társsz.:</strong> Breslele transilvănene: secolele XIV-XIX. ( ? ); Die Zünfte in Siebenbürgen: XIV. bis XIX. Jahrhudert (Kv., 1997); A marosvásárhelyi csizmadiacéh emlékei = A Maros megyei magyarság történetéből: Tanulmányok. 2. (Mv., 1997); Târgu Mureş – Mv.: Képes útikalauz (Mv., 1998); Târgu Mureş –Neumarkt am Mieresch: Stadtführer in Bildern (Tg. M., 1998); Mv. történetéből (Mv., 1999); Milléniumi megemlékezés (Mv., 2000); M. Múzeumi Arcképcsarnok (Bp., 2002); A tér úttörője: Bolyai János emlékév (Mv., 2003); <strong>F. kiáll.:</strong> Iparművészeti remekek a mv.-i múzeum gyűjteményében (1992), Erdélyi üvegművesség a 17–19. században (1993), Ruhák és ékszerek a 17–19. századi Erdélyben (1994), A mv.-i céhek történetéből (1995), Az erdélyi céhek történetéből (1996), Fejezetek Mv. történetéből – állandó kiállítás a Mv.-i vár kapubástyájában (1997, 2006), II. Rákóczi Ferenc és Mv. (2001), a Székelyföldi Iparmúzeum gyűjteményéből (2003), Divat, szépség, művészet (2005), Egyházművészeti kiállítás (2005), Az élet napos oldala: Társasági élet Mv.-en a századfordulón (2005), Bernády György emlékkiállítás (2006). <br /><strong>Irod.:</strong> A Hét (10. sz., 2003. márc. 13.); Időtár 4.; Krónika (2006. márc. 14.); Bodolai Gyöngyi: Álmok és bosszúságok (Nú., 2005. aug. 3.); EMKK2010; Kádár-Dombi Katalin: Kincskeresőben: B. J. muzeológusra emlékeztek… (KözPont, 2008. júl. 21–27); KMKOF; M. okl. Rom.; A múzeum nagyobb figyelmet érdemel (Nú., 2005. aug. 17.); Magy. kutatók; Todea 2013</br></p>

<p>Misztótfau, 1950. jún. 21., † Mv., 2006. aug. 21.: történész, múzeológus. – Középiskoláit Felsőbányán végezte (1969), a mv.-i Pedagógiai Főiskola történelem szakán (1972), majd a kv.-i BBTE történelem-filozófia szakán szerzett oklevelet (1976). Történelem-földrajz szakos tanár Aknasugatagon, a mv.-i 2. sz. általános iskolában (1977–79). Múzeológus a Mv.-i Maros Megyei Múzeum Történelmi részlegén (1979–82), főmúzeológus (1982–2000), kutató [&hellip;]</p>
