{"id":5166,"date":"2025-06-28T17:05:37","date_gmt":"2025-06-28T15:05:37","guid":{"rendered":"https:\/\/uj.adatbank.ro\/lexikon\/termek\/boosy-ibolya-lutke\/"},"modified":"2025-06-28T17:05:37","modified_gmt":"2025-06-28T15:05:37","slug":"boosy-ibolya-lutke","status":"publish","type":"product","link":"https:\/\/uj.adatbank.ro\/lexikon\/termek\/boosy-ibolya-lutke\/","title":{"rendered":"BO\u00d3SY Ibolya, (L\u00fctke)"},"content":{"rendered":"<p>? \u2020\u00a0? : orvos. \u2013 F\u00e9rje: L\u00fctke Walter (\u20201994) orvos. Gyermekeik: Istv\u00e1n (1969\u2013), Zolt\u00e1n (1973\u2013) \u2013 Apja az I. vil\u00e1gh\u00e1bor\u00faban t\u00fcd\u0151l\u00f6v\u00e9st kapott, a II. vil\u00e1gh\u00e1bor\u00faban, 54 \u00e9vesen Kisv\u00e1rda k\u00f6rny\u00e9k\u00e9n esett el. Tagja volt az 1920-ban alakult vit\u00e9zi rendnek. \u00c9desanyja n\u00e9gy gyermek\u00e9vel k\u00e9nyszerlakhelyen Mv.-en \u00e9lt. Kul\u00e1klist\u00e1ra ker\u00fcltek, \u00edgy a k\u00e9t nagyobb l\u00e1ny csak a Sim\u00f3 G\u00e9za b\u00fatorgy\u00e1rban dolgozhatott. \u2013 A 2-es sz. Fi\u00fal\u00edceum esti tagozat\u00e1n (ma Bolyai) tanult, majd a mv.-i eg\u00e9szs\u00e9g\u00fcgyi iskol\u00e1ban v\u00e9gzett k\u00e9t \u00e9vet, de sz\u00e1rmaz\u00e1sa miatt ki kellett maradnia. Vit\u00e9zz\u00e9 avatt\u00e1k (2000). A MOGYI hallgat\u00f3ja lett (1953\u2013). J\u00f3 kos\u00e1rlabd\u00e1z\u00f3, beker\u00fclt az I. kateg\u00f3ri\u00e1ba, Kakucs Bandi volt az edz\u0151. A Gyermekgy\u00f3gy\u00e1szati karon v\u00e9gzett (1959) \u00e9s f\u00e9rj\u00e9vel Szunyodra helyezt\u00e9k, onnan Dern\u00e1nra. Csigolyat\u00f6r\u00e9st szenvedett, Mv.-en oper\u00e1lt\u00e1k. Betegnyugd\u00edjas k\u00e9t \u00e9vig. A f\u00e9rje versenyvizsg\u00e1val Resic\u00e1n lett \u00fczemorvos. Zilahon folytatt\u00e1k orvosi teend\u0151iket. Istv\u00e1n fi\u00fakat Amerik\u00e1ban, Philadelphi\u00e1ban, Bonnban kezelt\u00e9k. Tapasztalatait Mv.-en, mint a gyermekpoliklinika igazgat\u00f3ja, hasznos\u00edtotta a saj\u00e1t \u00fajsz\u00fcl\u00f6tt- \u00e9s csecsem\u0151neurol\u00f3giai vizsg\u00e1lati m\u00f3dszer\u00e9t, c\u00e9lja a korai diagn\u00f3zis \u00e9s a korai kezel\u00e9s elkezd\u00e9se. Doktor\u00e1tust tett (1993. szept. 1. \u2013). Nyugd\u00edjazt\u00e1k (1993. szept. 1.). <br \/><strong>Irod.:<\/strong> Nagy L<\/br><\/p>\n","protected":false},"excerpt":{"rendered":"<p>? \u2020\u00a0? : orvos. \u2013 F\u00e9rje: L\u00fctke Walter (\u20201994) orvos. Gyermekeik: Istv\u00e1n (1969\u2013), Zolt\u00e1n (1973\u2013) \u2013 Apja az I. vil\u00e1gh\u00e1bor\u00faban t\u00fcd\u0151l\u00f6v\u00e9st kapott, a II. vil\u00e1gh\u00e1bor\u00faban, 54 \u00e9vesen Kisv\u00e1rda k\u00f6rny\u00e9k\u00e9n esett el. Tagja volt az 1920-ban alakult vit\u00e9zi rendnek. \u00c9desanyja n\u00e9gy gyermek\u00e9vel k\u00e9nyszerlakhelyen Mv.-en \u00e9lt. Kul\u00e1klist\u00e1ra ker\u00fcltek, \u00edgy a k\u00e9t nagyobb l\u00e1ny csak a Sim\u00f3 G\u00e9za [&hellip;]<\/p>\n","protected":false},"featured_media":0,"comment_status":"open","ping_status":"closed","template":"","meta":[],"product_brand":[],"product_cat":[137],"product_tag":[],"class_list":{"0":"post-5166","1":"product","2":"type-product","3":"status-publish","5":"product_cat-maros-megyei-eletrajzi-lexikon","7":"first","8":"instock","9":"shipping-taxable","10":"product-type-simple"},"_links":{"self":[{"href":"https:\/\/uj.adatbank.ro\/lexikon\/wp-json\/wp\/v2\/product\/5166","targetHints":{"allow":["GET"]}}],"collection":[{"href":"https:\/\/uj.adatbank.ro\/lexikon\/wp-json\/wp\/v2\/product"}],"about":[{"href":"https:\/\/uj.adatbank.ro\/lexikon\/wp-json\/wp\/v2\/types\/product"}],"replies":[{"embeddable":true,"href":"https:\/\/uj.adatbank.ro\/lexikon\/wp-json\/wp\/v2\/comments?post=5166"}],"wp:attachment":[{"href":"https:\/\/uj.adatbank.ro\/lexikon\/wp-json\/wp\/v2\/media?parent=5166"}],"wp:term":[{"taxonomy":"product_brand","embeddable":true,"href":"https:\/\/uj.adatbank.ro\/lexikon\/wp-json\/wp\/v2\/product_brand?post=5166"},{"taxonomy":"product_cat","embeddable":true,"href":"https:\/\/uj.adatbank.ro\/lexikon\/wp-json\/wp\/v2\/product_cat?post=5166"},{"taxonomy":"product_tag","embeddable":true,"href":"https:\/\/uj.adatbank.ro\/lexikon\/wp-json\/wp\/v2\/product_tag?post=5166"}],"curies":[{"name":"wp","href":"https:\/\/api.w.org\/{rel}","templated":true}]}}

BOÓSY Ibolya, (Lütke)

<p>? † ? : orvos. – Férje: Lütke Walter (†1994) orvos. Gyermekeik: István (1969–), Zoltán (1973–) – Apja az I. világháborúban tüdőlövést kapott, a II. világháborúban, 54 évesen Kisvárda környékén esett el. Tagja volt az 1920-ban alakult vitézi rendnek. Édesanyja négy gyermekével kényszerlakhelyen Mv.-en élt. Kuláklistára kerültek, így a két nagyobb lány csak a Simó Géza bútorgyárban dolgozhatott. – A 2-es sz. Fiúlíceum esti tagozatán (ma Bolyai) tanult, majd a mv.-i egészségügyi iskolában végzett két évet, de származása miatt ki kellett maradnia. Vitézzé avatták (2000). A MOGYI hallgatója lett (1953–). Jó kosárlabdázó, bekerült az I. kategóriába, Kakucs Bandi volt az edző. A Gyermekgyógyászati karon végzett (1959) és férjével Szunyodra helyezték, onnan Dernánra. Csigolyatörést szenvedett, Mv.-en operálták. Betegnyugdíjas két évig. A férje versenyvizsgával Resicán lett üzemorvos. Zilahon folytatták orvosi teendőiket. István fiúkat Amerikában, Philadelphiában, Bonnban kezelték. Tapasztalatait Mv.-en, mint a gyermekpoliklinika igazgatója, hasznosította a saját újszülött- és csecsemőneurológiai vizsgálati módszerét, célja a korai diagnózis és a korai kezelés elkezdése. Doktorátust tett (1993. szept. 1. –). Nyugdíjazták (1993. szept. 1.). <br /><strong>Irod.:</strong> Nagy L</br></p>

<p>? † ? : orvos. – Férje: Lütke Walter (†1994) orvos. Gyermekeik: István (1969–), Zoltán (1973–) – Apja az I. világháborúban tüdőlövést kapott, a II. világháborúban, 54 évesen Kisvárda környékén esett el. Tagja volt az 1920-ban alakult vitézi rendnek. Édesanyja négy gyermekével kényszerlakhelyen Mv.-en élt. Kuláklistára kerültek, így a két nagyobb lány csak a Simó Géza [&hellip;]</p>
