{"id":5167,"date":"2025-06-28T17:05:39","date_gmt":"2025-06-28T15:05:39","guid":{"rendered":"https:\/\/uj.adatbank.ro\/lexikon\/termek\/boosy-peter-bosi-peter\/"},"modified":"2025-06-28T17:05:39","modified_gmt":"2025-06-28T15:05:39","slug":"boosy-peter-bosi-peter","status":"publish","type":"product","link":"https:\/\/uj.adatbank.ro\/lexikon\/termek\/boosy-peter-bosi-peter\/","title":{"rendered":"BO\u00d3SY P\u00e9ter, B\u00f3si P\u00e9ter"},"content":{"rendered":"<p>1624. jan. 7. \u2020\u00a0? : nemes. \u2013 Bethlen G\u00e1bort\u00f3l \u201ekutyab\u0151r\u00f6s\u201d nemesi oklevelet kapott azzal a felt\u00e9tellel, hogy minden marad\u00e9kaival \u201ea haz\u00e1nak h\u00edven szolg\u00e1lni tartozik\u201d. <br \/><strong>Irod.:<\/strong> Nagy L<\/br><\/p>\n","protected":false},"excerpt":{"rendered":"<p>1624. jan. 7. \u2020\u00a0? : nemes. \u2013 Bethlen G\u00e1bort\u00f3l \u201ekutyab\u0151r\u00f6s\u201d nemesi oklevelet kapott azzal a felt\u00e9tellel, hogy minden marad\u00e9kaival \u201ea haz\u00e1nak h\u00edven szolg\u00e1lni tartozik\u201d. Irod.: Nagy L<\/p>\n","protected":false},"featured_media":0,"comment_status":"open","ping_status":"closed","template":"","meta":[],"product_brand":[],"product_cat":[137],"product_tag":[],"class_list":{"0":"post-5167","1":"product","2":"type-product","3":"status-publish","5":"product_cat-maros-megyei-eletrajzi-lexikon","7":"first","8":"instock","9":"shipping-taxable","10":"product-type-simple"},"_links":{"self":[{"href":"https:\/\/uj.adatbank.ro\/lexikon\/wp-json\/wp\/v2\/product\/5167","targetHints":{"allow":["GET"]}}],"collection":[{"href":"https:\/\/uj.adatbank.ro\/lexikon\/wp-json\/wp\/v2\/product"}],"about":[{"href":"https:\/\/uj.adatbank.ro\/lexikon\/wp-json\/wp\/v2\/types\/product"}],"replies":[{"embeddable":true,"href":"https:\/\/uj.adatbank.ro\/lexikon\/wp-json\/wp\/v2\/comments?post=5167"}],"wp:attachment":[{"href":"https:\/\/uj.adatbank.ro\/lexikon\/wp-json\/wp\/v2\/media?parent=5167"}],"wp:term":[{"taxonomy":"product_brand","embeddable":true,"href":"https:\/\/uj.adatbank.ro\/lexikon\/wp-json\/wp\/v2\/product_brand?post=5167"},{"taxonomy":"product_cat","embeddable":true,"href":"https:\/\/uj.adatbank.ro\/lexikon\/wp-json\/wp\/v2\/product_cat?post=5167"},{"taxonomy":"product_tag","embeddable":true,"href":"https:\/\/uj.adatbank.ro\/lexikon\/wp-json\/wp\/v2\/product_tag?post=5167"}],"curies":[{"name":"wp","href":"https:\/\/api.w.org\/{rel}","templated":true}]}}