{"id":5171,"date":"2025-06-28T17:05:46","date_gmt":"2025-06-28T15:05:46","guid":{"rendered":"https:\/\/uj.adatbank.ro\/lexikon\/termek\/borbath-andor-%c2%a7-borbat-andrei\/"},"modified":"2025-06-28T17:05:46","modified_gmt":"2025-06-28T15:05:46","slug":"borbath-andor-%c2%a7-borbat-andrei","status":"publish","type":"product","link":"https:\/\/uj.adatbank.ro\/lexikon\/termek\/borbath-andor-%c2%a7-borbat-andrei\/","title":{"rendered":"BORB\u00c1TH Andor, \u00a7 Borb\u00e1t Andrei"},"content":{"rendered":"<p>Kv., 1912. j\u00fan. 6., \u2020 Bp., 2000. \u00e1pr. 21.: orvos, n\u0151gy\u00f3gy\u00e1sz, egyetemi tan\u00e1r. \u2013 \u00c9retts\u00e9gizett Kv.-on a Piarista F\u0151gimn.-ban (1929), az orvosi egyetemet a kv.-i TE \u00c1ltal\u00e1nos Orvosi Kar\u00e1n v\u00e9gezte (1937); doktor\u00e1lt (1962), t\u00e9zise: Az allergia a sz\u00fcl\u00e9szetben \u00e9s n\u0151gy\u00f3gy\u00e1szatban (Mv., 1963). Kv.-on tan\u00e1rseg\u00e9d (1937\u201343). A mv.-i Sz\u00fcl\u00e9szeti \u00e9s N\u0151gy\u00f3gy\u00e1szati Klinik\u00e1n adj., docens, tansz\u00e9kvezet\u0151 egyetemi tan\u00e1r (1943\u201377); professzor (1970), a klinika f\u0151n\u00f6ke (1963\u201365, 1969\u201376). Mag\u00e1nrendel\u0151je is volt Mv.-en. A Rom\u00e1n N\u0151orvost\u00e1rsas\u00e1g (1953\u2013), a M. N\u0151orvost\u00e1rsas\u00e1g tagja (1981\u2013). Cikkeit k\u00f6z\u00f6lte: Orvostudom\u00e1nyi K\u00f6zlem\u00e9nyek, Orvosi Hetilap, M. N\u0151orvosok Lapja, Orvosi Szemle, Korunk, rom\u00e1n, n\u00e9met, angol szakfoly\u00f3iratokban. Bel- \u00e9s k\u00fclf\u00f6ldi \u00e9rtekezletek el\u0151ad\u00f3ja. A n\u0151i medd\u0151s\u00e9g (1954) \u00e9s Terhess\u00e9gi toxik\u00f3zis (1959) c. fejezetek szerz\u0151je az egyetemi sz\u00fcl\u00e9szeti jegyzetekben; a Sterilitatea feminin\u0103 c. k\u00f6tet (1962) n\u0151gy\u00f3gy\u00e1szati \u00e9s sz\u00fcl\u00e9szeti fejezeteinek szerz\u0151je. Irodalmi vonatkoz\u00e1s\u00fa V\u00f6r\u00f6smarty Mih\u00e1ly \u00e9s a magyar orvosi nyelv c. tanulm\u00e1nya (Korunk, 1968\/5). A Munka\u00e9rdemrend III. fokozata (1964. aug. 20.), a Semmelweis-eml\u00e9k\u00e9rem birtokosa. \u2013 <strong>F. m.:<\/strong> A t\u00fcsz\u0151hormonok r\u00e1kokoz\u00f3 hat\u00e1sair\u00f3l (Bp., 1943); <strong>t\u00e1rssz.:<\/strong> T\u00f6rv\u00e9nysz\u00e9ki orvostan jegyzet: Dr. M. Kernbach orvosprofesszor el\u0151ad\u00e1sai nyom\u00e1n (Horv\u00e1th Endr\u00e9vel; Kv., 1934); N\u0151gy\u00f3gy\u00e1szati jegyzet (Mv., 1952, 1955); Sz\u00fcl\u00e9szeti jegyzet (Mv., 1954, 1959); Ginecologie (Buc., 1959); Afec\u0163iunile traumatice ale organelor feminine (Buc., 1959); Obstetric\u0103 \u015fi ginecologie (Buc., 1962); Sterilitatea feminin\u0103 (Buc, 1962); Tratat de patologie chirurgical\u0103 Vol. 7.: Ginecologie (Buc., 1983); <strong>ford.:<\/strong> Parhon, I : Az \u00f6regs\u00e9g \u00e9s kezel\u00e9se. A megfiatal\u00edt\u00e1s probl\u00e9m\u00e1ja. (Buk, 1949). <br \/><strong>Irod.:<\/strong> Dezs\u0151 Istv\u00e1n; Genersich; KKACS; Barab\u00e1s-P\u00e9ter M.-P\u00e9ter H. M.; R\u00e1kosfalvy Zolt\u00e1n \u00e9s Lia: Dr. B. A., 1912\u20132000 (N\u00fa., 2000. m\u00e1j. 4.); RMIL; Todea\u2013F\u00fcl\u00f6p\u2013Avram; Viharban; Vincze 2010<\/br><\/p>\n","protected":false},"excerpt":{"rendered":"<p>Kv., 1912. j\u00fan. 6., \u2020 Bp., 2000. \u00e1pr. 21.: orvos, n\u0151gy\u00f3gy\u00e1sz, egyetemi tan\u00e1r. \u2013 \u00c9retts\u00e9gizett Kv.-on a Piarista F\u0151gimn.-ban (1929), az orvosi egyetemet a kv.-i TE \u00c1ltal\u00e1nos Orvosi Kar\u00e1n v\u00e9gezte (1937); doktor\u00e1lt (1962), t\u00e9zise: Az allergia a sz\u00fcl\u00e9szetben \u00e9s n\u0151gy\u00f3gy\u00e1szatban (Mv., 1963). Kv.-on tan\u00e1rseg\u00e9d (1937\u201343). A mv.-i Sz\u00fcl\u00e9szeti \u00e9s N\u0151gy\u00f3gy\u00e1szati Klinik\u00e1n adj., docens, tansz\u00e9kvezet\u0151 egyetemi [&hellip;]<\/p>\n","protected":false},"featured_media":0,"comment_status":"open","ping_status":"closed","template":"","meta":[],"product_brand":[],"product_cat":[137],"product_tag":[],"class_list":{"0":"post-5171","1":"product","2":"type-product","3":"status-publish","5":"product_cat-maros-megyei-eletrajzi-lexikon","7":"first","8":"instock","9":"shipping-taxable","10":"product-type-simple"},"_links":{"self":[{"href":"https:\/\/uj.adatbank.ro\/lexikon\/wp-json\/wp\/v2\/product\/5171","targetHints":{"allow":["GET"]}}],"collection":[{"href":"https:\/\/uj.adatbank.ro\/lexikon\/wp-json\/wp\/v2\/product"}],"about":[{"href":"https:\/\/uj.adatbank.ro\/lexikon\/wp-json\/wp\/v2\/types\/product"}],"replies":[{"embeddable":true,"href":"https:\/\/uj.adatbank.ro\/lexikon\/wp-json\/wp\/v2\/comments?post=5171"}],"wp:attachment":[{"href":"https:\/\/uj.adatbank.ro\/lexikon\/wp-json\/wp\/v2\/media?parent=5171"}],"wp:term":[{"taxonomy":"product_brand","embeddable":true,"href":"https:\/\/uj.adatbank.ro\/lexikon\/wp-json\/wp\/v2\/product_brand?post=5171"},{"taxonomy":"product_cat","embeddable":true,"href":"https:\/\/uj.adatbank.ro\/lexikon\/wp-json\/wp\/v2\/product_cat?post=5171"},{"taxonomy":"product_tag","embeddable":true,"href":"https:\/\/uj.adatbank.ro\/lexikon\/wp-json\/wp\/v2\/product_tag?post=5171"}],"curies":[{"name":"wp","href":"https:\/\/api.w.org\/{rel}","templated":true}]}}

BORBÁTH Andor, § Borbát Andrei

<p>Kv., 1912. jún. 6., † Bp., 2000. ápr. 21.: orvos, nőgyógyász, egyetemi tanár. – Érettségizett Kv.-on a Piarista Főgimn.-ban (1929), az orvosi egyetemet a kv.-i TE Általános Orvosi Karán végezte (1937); doktorált (1962), tézise: Az allergia a szülészetben és nőgyógyászatban (Mv., 1963). Kv.-on tanársegéd (1937–43). A mv.-i Szülészeti és Nőgyógyászati Klinikán adj., docens, tanszékvezető egyetemi tanár (1943–77); professzor (1970), a klinika főnöke (1963–65, 1969–76). Magánrendelője is volt Mv.-en. A Román Nőorvostársaság (1953–), a M. Nőorvostársaság tagja (1981–). Cikkeit közölte: Orvostudományi Közlemények, Orvosi Hetilap, M. Nőorvosok Lapja, Orvosi Szemle, Korunk, román, német, angol szakfolyóiratokban. Bel- és külföldi értekezletek előadója. A női meddőség (1954) és Terhességi toxikózis (1959) c. fejezetek szerzője az egyetemi szülészeti jegyzetekben; a Sterilitatea feminină c. kötet (1962) nőgyógyászati és szülészeti fejezeteinek szerzője. Irodalmi vonatkozású Vörösmarty Mihály és a magyar orvosi nyelv c. tanulmánya (Korunk, 1968/5). A Munkaérdemrend III. fokozata (1964. aug. 20.), a Semmelweis-emlékérem birtokosa. – <strong>F. m.:</strong> A tüszőhormonok rákokozó hatásairól (Bp., 1943); <strong>társsz.:</strong> Törvényszéki orvostan jegyzet: Dr. M. Kernbach orvosprofesszor előadásai nyomán (Horváth Endrével; Kv., 1934); Nőgyógyászati jegyzet (Mv., 1952, 1955); Szülészeti jegyzet (Mv., 1954, 1959); Ginecologie (Buc., 1959); Afecţiunile traumatice ale organelor feminine (Buc., 1959); Obstetrică şi ginecologie (Buc., 1962); Sterilitatea feminină (Buc, 1962); Tratat de patologie chirurgicală Vol. 7.: Ginecologie (Buc., 1983); <strong>ford.:</strong> Parhon, I : Az öregség és kezelése. A megfiatalítás problémája. (Buk, 1949). <br /><strong>Irod.:</strong> Dezső István; Genersich; KKACS; Barabás-Péter M.-Péter H. M.; Rákosfalvy Zoltán és Lia: Dr. B. A., 1912–2000 (Nú., 2000. máj. 4.); RMIL; Todea–Fülöp–Avram; Viharban; Vincze 2010</br></p>

<p>Kv., 1912. jún. 6., † Bp., 2000. ápr. 21.: orvos, nőgyógyász, egyetemi tanár. – Érettségizett Kv.-on a Piarista Főgimn.-ban (1929), az orvosi egyetemet a kv.-i TE Általános Orvosi Karán végezte (1937); doktorált (1962), tézise: Az allergia a szülészetben és nőgyógyászatban (Mv., 1963). Kv.-on tanársegéd (1937–43). A mv.-i Szülészeti és Nőgyógyászati Klinikán adj., docens, tanszékvezető egyetemi [&hellip;]</p>
