{"id":5174,"date":"2025-06-28T17:05:53","date_gmt":"2025-06-28T15:05:53","guid":{"rendered":"https:\/\/uj.adatbank.ro\/lexikon\/termek\/borbath-jeno-%c2%a7-primor-szaldobosi\/"},"modified":"2025-06-28T17:05:53","modified_gmt":"2025-06-28T15:05:53","slug":"borbath-jeno-%c2%a7-primor-szaldobosi","status":"publish","type":"product","link":"https:\/\/uj.adatbank.ro\/lexikon\/termek\/borbath-jeno-%c2%a7-primor-szaldobosi\/","title":{"rendered":"BORB\u00c1TH Jen\u0151, \u00a7 primor sz\u00e1ldobosi"},"content":{"rendered":"<p>Sz\u00e9kelyszenterzs\u00e9bet, 1868., \u2020\u00a0Sz\u00e1szr\u00e9gen, 1941. aug. 21.: orvos, szem\u00e9sz. \u2013 Apja ref. lelk\u00e9sz. Feles\u00e9ge: Veress \u00c1gnes. Fi\u00fak: Tibor. \u2013 \u00c9retts\u00e9gizett Sz\u00e9kelyudvarhelyen, az egyetem orvosi fakult\u00e1s\u00e1t Kv.-on v\u00e9gezte \u00e9s orvosi diplom\u00e1t nyert (1900). Mint szigorl\u00f3 orvos egy \u00e9vig a kv.-i \u00e9lettani klinik\u00e1n dolgozott, majd a szem\u00e9szeti int\u00e9zetben gyakornok volt. Marosv\u00e9csen k\u00f6rorvos (1904\u201310). Az I. vh. idej\u00e9n a mv.-i cs. \u00e9s kir. csapatk\u00f3rh\u00e1zn\u00e1l m\u0171k\u00f6d\u00f6tt mint tiszti f\u0151orvos, j\u00e1r\u00e1sorvos, majd Gyergy\u00f3szentmikl\u00f3son k\u00f3rh\u00e1zi igazgat\u00f3-f\u0151orvos (1910\u201324). Sz\u00e1szr\u00e9genben k\u00f3rh\u00e1zi igazgat\u00f3-f\u0151orvos. K\u00e9pes\u00edtett t\u00f6rv\u00e9nysz\u00e9ki orvos, j\u00e1r\u00e1sorvos. Prezsbiter, iskolasz\u00e9ki tag. <br \/><strong>Irod.:<\/strong> Gy\u00e1szjelent\u0151; Ki kicsoda\u00a0?; Mv. \u00e9s a h\u00e1bor\u00fa 1\u20132.<\/br><\/p>\n","protected":false},"excerpt":{"rendered":"<p>Sz\u00e9kelyszenterzs\u00e9bet, 1868., \u2020\u00a0Sz\u00e1szr\u00e9gen, 1941. aug. 21.: orvos, szem\u00e9sz. \u2013 Apja ref. lelk\u00e9sz. Feles\u00e9ge: Veress \u00c1gnes. Fi\u00fak: Tibor. \u2013 \u00c9retts\u00e9gizett Sz\u00e9kelyudvarhelyen, az egyetem orvosi fakult\u00e1s\u00e1t Kv.-on v\u00e9gezte \u00e9s orvosi diplom\u00e1t nyert (1900). Mint szigorl\u00f3 orvos egy \u00e9vig a kv.-i \u00e9lettani klinik\u00e1n dolgozott, majd a szem\u00e9szeti int\u00e9zetben gyakornok volt. Marosv\u00e9csen k\u00f6rorvos (1904\u201310). Az I. vh. idej\u00e9n a [&hellip;]<\/p>\n","protected":false},"featured_media":0,"comment_status":"open","ping_status":"closed","template":"","meta":[],"product_brand":[],"product_cat":[137],"product_tag":[],"class_list":{"0":"post-5174","1":"product","2":"type-product","3":"status-publish","5":"product_cat-maros-megyei-eletrajzi-lexikon","7":"first","8":"instock","9":"shipping-taxable","10":"product-type-simple"},"_links":{"self":[{"href":"https:\/\/uj.adatbank.ro\/lexikon\/wp-json\/wp\/v2\/product\/5174","targetHints":{"allow":["GET"]}}],"collection":[{"href":"https:\/\/uj.adatbank.ro\/lexikon\/wp-json\/wp\/v2\/product"}],"about":[{"href":"https:\/\/uj.adatbank.ro\/lexikon\/wp-json\/wp\/v2\/types\/product"}],"replies":[{"embeddable":true,"href":"https:\/\/uj.adatbank.ro\/lexikon\/wp-json\/wp\/v2\/comments?post=5174"}],"wp:attachment":[{"href":"https:\/\/uj.adatbank.ro\/lexikon\/wp-json\/wp\/v2\/media?parent=5174"}],"wp:term":[{"taxonomy":"product_brand","embeddable":true,"href":"https:\/\/uj.adatbank.ro\/lexikon\/wp-json\/wp\/v2\/product_brand?post=5174"},{"taxonomy":"product_cat","embeddable":true,"href":"https:\/\/uj.adatbank.ro\/lexikon\/wp-json\/wp\/v2\/product_cat?post=5174"},{"taxonomy":"product_tag","embeddable":true,"href":"https:\/\/uj.adatbank.ro\/lexikon\/wp-json\/wp\/v2\/product_tag?post=5174"}],"curies":[{"name":"wp","href":"https:\/\/api.w.org\/{rel}","templated":true}]}}