{"id":5175,"date":"2025-06-28T17:05:55","date_gmt":"2025-06-28T15:05:55","guid":{"rendered":"https:\/\/uj.adatbank.ro\/lexikon\/termek\/borbely-andras\/"},"modified":"2025-06-28T17:05:55","modified_gmt":"2025-06-28T15:05:55","slug":"borbely-andras","status":"publish","type":"product","link":"https:\/\/uj.adatbank.ro\/lexikon\/termek\/borbely-andras\/","title":{"rendered":"BORB\u00c9LY Andr\u00e1s"},"content":{"rendered":"<p>G\u00f6rg\u00e9nyszentimre, 1873., \u2020\u00a0? : f\u0151erd\u0151\u0151r. \u2013 Az erd\u00e9szeti szakiskol\u00e1t Lip\u00f3t\u00fajv\u00e1ron v\u00e9gezte. \u2013 Kv.-on az Erd\u0151igazgat\u00f3s\u00e1gn\u00e1l kezdte meg m\u0171k\u00f6d\u00e9s\u00e9t (1893\u2013). Innen elbocs\u00e1tott\u00e1k, ut\u00e1na t\u00f6bb marosmenti c\u00e9g k\u00f6tel\u00e9k\u00e9ben teljes\u00edtett szolg\u00e1latot, majd G\u00f6rg\u00e9nyszentimr\u00e9re ker\u00fclt (1935), ahol a Hangya igazgat\u00f3s\u00e1gi tagja, a Szoci\u00e1lis Misszi\u00f3 igazgat\u00f3s\u00e1gi tagja, a r. k. egyh\u00e1z gondnoka volt. <br \/><strong>Irod.:<\/strong> Sz\u00e9kelyf\u00f6ld \u00ed. k<\/br><\/p>\n","protected":false},"excerpt":{"rendered":"<p>G\u00f6rg\u00e9nyszentimre, 1873., \u2020\u00a0? : f\u0151erd\u0151\u0151r. \u2013 Az erd\u00e9szeti szakiskol\u00e1t Lip\u00f3t\u00fajv\u00e1ron v\u00e9gezte. \u2013 Kv.-on az Erd\u0151igazgat\u00f3s\u00e1gn\u00e1l kezdte meg m\u0171k\u00f6d\u00e9s\u00e9t (1893\u2013). Innen elbocs\u00e1tott\u00e1k, ut\u00e1na t\u00f6bb marosmenti c\u00e9g k\u00f6tel\u00e9k\u00e9ben teljes\u00edtett szolg\u00e1latot, majd G\u00f6rg\u00e9nyszentimr\u00e9re ker\u00fclt (1935), ahol a Hangya igazgat\u00f3s\u00e1gi tagja, a Szoci\u00e1lis Misszi\u00f3 igazgat\u00f3s\u00e1gi tagja, a r. k. egyh\u00e1z gondnoka volt. Irod.: Sz\u00e9kelyf\u00f6ld \u00ed. k<\/p>\n","protected":false},"featured_media":0,"comment_status":"open","ping_status":"closed","template":"","meta":[],"product_brand":[],"product_cat":[137],"product_tag":[],"class_list":{"0":"post-5175","1":"product","2":"type-product","3":"status-publish","5":"product_cat-maros-megyei-eletrajzi-lexikon","7":"first","8":"instock","9":"shipping-taxable","10":"product-type-simple"},"_links":{"self":[{"href":"https:\/\/uj.adatbank.ro\/lexikon\/wp-json\/wp\/v2\/product\/5175","targetHints":{"allow":["GET"]}}],"collection":[{"href":"https:\/\/uj.adatbank.ro\/lexikon\/wp-json\/wp\/v2\/product"}],"about":[{"href":"https:\/\/uj.adatbank.ro\/lexikon\/wp-json\/wp\/v2\/types\/product"}],"replies":[{"embeddable":true,"href":"https:\/\/uj.adatbank.ro\/lexikon\/wp-json\/wp\/v2\/comments?post=5175"}],"wp:attachment":[{"href":"https:\/\/uj.adatbank.ro\/lexikon\/wp-json\/wp\/v2\/media?parent=5175"}],"wp:term":[{"taxonomy":"product_brand","embeddable":true,"href":"https:\/\/uj.adatbank.ro\/lexikon\/wp-json\/wp\/v2\/product_brand?post=5175"},{"taxonomy":"product_cat","embeddable":true,"href":"https:\/\/uj.adatbank.ro\/lexikon\/wp-json\/wp\/v2\/product_cat?post=5175"},{"taxonomy":"product_tag","embeddable":true,"href":"https:\/\/uj.adatbank.ro\/lexikon\/wp-json\/wp\/v2\/product_tag?post=5175"}],"curies":[{"name":"wp","href":"https:\/\/api.w.org\/{rel}","templated":true}]}}

BORBÉLY András

<p>Görgényszentimre, 1873., † ? : főerdőőr. – Az erdészeti szakiskolát Lipótújváron végezte. – Kv.-on az Erdőigazgatóságnál kezdte meg működését (1893–). Innen elbocsátották, utána több marosmenti cég kötelékében teljesített szolgálatot, majd Görgényszentimrére került (1935), ahol a Hangya igazgatósági tagja, a Szociális Misszió igazgatósági tagja, a r. k. egyház gondnoka volt. <br /><strong>Irod.:</strong> Székelyföld í. k</br></p>

<p>Görgényszentimre, 1873., † ? : főerdőőr. – Az erdészeti szakiskolát Lipótújváron végezte. – Kv.-on az Erdőigazgatóságnál kezdte meg működését (1893–). Innen elbocsátották, utána több marosmenti cég kötelékében teljesített szolgálatot, majd Görgényszentimrére került (1935), ahol a Hangya igazgatósági tagja, a Szociális Misszió igazgatósági tagja, a r. k. egyház gondnoka volt. Irod.: Székelyföld í. k</p>
