{"id":5183,"date":"2025-06-28T17:06:16","date_gmt":"2025-06-28T15:06:16","guid":{"rendered":"https:\/\/uj.adatbank.ro\/lexikon\/termek\/borbely-gyorgy-simai\/"},"modified":"2025-06-28T17:06:16","modified_gmt":"2025-06-28T15:06:16","slug":"borbely-gyorgy-simai","status":"publish","type":"product","link":"https:\/\/uj.adatbank.ro\/lexikon\/termek\/borbely-gyorgy-simai\/","title":{"rendered":"BORB\u00c9LY Gy\u00f6rgy, simai"},"content":{"rendered":"<p>1540., \u2020\u00a0Kv., 1603. dec. 15. Ajtoni birtok\u00e1n temett\u00e9k: kapit\u00e1ny, b\u00e1n. \u2013 Testv\u00e9rei: Andr\u00e1s \u00e9s Anna. Feles\u00e9ge Banteny Borb\u00e1la. Gyermekei: Andr\u00e1s, Gy\u00f6rgy \u00e9s Kat\u00f3.-El\u0151bb B\u00e1thori Istv\u00e1n lengyel h\u00e1bor\u00faiban t\u00fcnt ki, azut\u00e1n B\u00e1thori Zsigmond szolg\u00e1lat\u00e1ban \u00e1llt (1595) \u00e9s kit\u00fcnt a b\u00e1ns\u00e1gi harcaiban. Gyulafeh\u00e9rv\u00e1r kapit\u00e1nya (1603). Kar\u00e1nsebesi b\u00e1n, t\u00f6bb Maros menti v\u00e1rat szabad\u00edtott fel a t\u00f6r\u00f6k uralom al\u00f3l, t\u00f6bbek k\u00f6z\u00f6tt Lipp\u00e1t \u00e9s Jen\u0151t. Sz\u00e9kely M\u00f3zes uralma alatt az erd\u00e9lyi seregek gener\u00e1lisa ekkor szenvedett el\u0151sz\u00f6r veres\u00e9get B\u00e1st\u00e1t\u00f3l. V\u00e9grendelet\u00e9ben (Kv., 1601. \u00e1pr. 27.) \u00f6r\u00f6ks\u00e9g\u00e9t feles\u00e9g\u00e9re test\u00e1lta: h\u00e1zai t\u00f6bbek k\u00f6zt Cs\u00e1v\u00e1s-on, Szengyelben stb., magyaro.-i \u00f6r\u00f6ks\u00e9g\u00e9t l\u00e1ny\u00e1ra Kat\u00f3ra \u00e9s testv\u00e9r\u00e9re B. Ann\u00e1ra hagyta. <br \/><strong>Irod.:<\/strong> Borsos Tam\u00e1s; Erd\u00e9lyi testamentumok, 3.<\/br><\/p>\n","protected":false},"excerpt":{"rendered":"<p>1540., \u2020\u00a0Kv., 1603. dec. 15. Ajtoni birtok\u00e1n temett\u00e9k: kapit\u00e1ny, b\u00e1n. \u2013 Testv\u00e9rei: Andr\u00e1s \u00e9s Anna. Feles\u00e9ge Banteny Borb\u00e1la. Gyermekei: Andr\u00e1s, Gy\u00f6rgy \u00e9s Kat\u00f3.-El\u0151bb B\u00e1thori Istv\u00e1n lengyel h\u00e1bor\u00faiban t\u00fcnt ki, azut\u00e1n B\u00e1thori Zsigmond szolg\u00e1lat\u00e1ban \u00e1llt (1595) \u00e9s kit\u00fcnt a b\u00e1ns\u00e1gi harcaiban. Gyulafeh\u00e9rv\u00e1r kapit\u00e1nya (1603). Kar\u00e1nsebesi b\u00e1n, t\u00f6bb Maros menti v\u00e1rat szabad\u00edtott fel a t\u00f6r\u00f6k uralom al\u00f3l, [&hellip;]<\/p>\n","protected":false},"featured_media":0,"comment_status":"open","ping_status":"closed","template":"","meta":[],"product_brand":[],"product_cat":[137],"product_tag":[],"class_list":{"0":"post-5183","1":"product","2":"type-product","3":"status-publish","5":"product_cat-maros-megyei-eletrajzi-lexikon","7":"first","8":"instock","9":"shipping-taxable","10":"product-type-simple"},"_links":{"self":[{"href":"https:\/\/uj.adatbank.ro\/lexikon\/wp-json\/wp\/v2\/product\/5183","targetHints":{"allow":["GET"]}}],"collection":[{"href":"https:\/\/uj.adatbank.ro\/lexikon\/wp-json\/wp\/v2\/product"}],"about":[{"href":"https:\/\/uj.adatbank.ro\/lexikon\/wp-json\/wp\/v2\/types\/product"}],"replies":[{"embeddable":true,"href":"https:\/\/uj.adatbank.ro\/lexikon\/wp-json\/wp\/v2\/comments?post=5183"}],"wp:attachment":[{"href":"https:\/\/uj.adatbank.ro\/lexikon\/wp-json\/wp\/v2\/media?parent=5183"}],"wp:term":[{"taxonomy":"product_brand","embeddable":true,"href":"https:\/\/uj.adatbank.ro\/lexikon\/wp-json\/wp\/v2\/product_brand?post=5183"},{"taxonomy":"product_cat","embeddable":true,"href":"https:\/\/uj.adatbank.ro\/lexikon\/wp-json\/wp\/v2\/product_cat?post=5183"},{"taxonomy":"product_tag","embeddable":true,"href":"https:\/\/uj.adatbank.ro\/lexikon\/wp-json\/wp\/v2\/product_tag?post=5183"}],"curies":[{"name":"wp","href":"https:\/\/api.w.org\/{rel}","templated":true}]}}

BORBÉLY György, simai

<p>1540., † Kv., 1603. dec. 15. Ajtoni birtokán temették: kapitány, bán. – Testvérei: András és Anna. Felesége Banteny Borbála. Gyermekei: András, György és Kató.-Előbb Báthori István lengyel háborúiban tünt ki, azután Báthori Zsigmond szolgálatában állt (1595) és kitünt a bánsági harcaiban. Gyulafehérvár kapitánya (1603). Karánsebesi bán, több Maros menti várat szabadított fel a török uralom alól, többek között Lippát és Jenőt. Székely Mózes uralma alatt az erdélyi seregek generálisa ekkor szenvedett először vereséget Bástától. Végrendeletében (Kv., 1601. ápr. 27.) örökségét feleségére testálta: házai többek közt Csávás-on, Szengyelben stb., magyaro.-i örökségét lányára Katóra és testvérére B. Annára hagyta. <br /><strong>Irod.:</strong> Borsos Tamás; Erdélyi testamentumok, 3.</br></p>

<p>1540., † Kv., 1603. dec. 15. Ajtoni birtokán temették: kapitány, bán. – Testvérei: András és Anna. Felesége Banteny Borbála. Gyermekei: András, György és Kató.-Előbb Báthori István lengyel háborúiban tünt ki, azután Báthori Zsigmond szolgálatában állt (1595) és kitünt a bánsági harcaiban. Gyulafehérvár kapitánya (1603). Karánsebesi bán, több Maros menti várat szabadított fel a török uralom alól, [&hellip;]</p>
