{"id":5188,"date":"2025-06-28T17:06:24","date_gmt":"2025-06-28T15:06:24","guid":{"rendered":"https:\/\/uj.adatbank.ro\/lexikon\/termek\/borbely-jozsef\/"},"modified":"2025-06-28T17:06:24","modified_gmt":"2025-06-28T15:06:24","slug":"borbely-jozsef","status":"publish","type":"product","link":"https:\/\/uj.adatbank.ro\/lexikon\/termek\/borbely-jozsef\/","title":{"rendered":"BORB\u00c9LY J\u00f3zsef"},"content":{"rendered":"<p>B\u00f6z\u00f6d, 1912. m\u00e1rc. 6., \u2020\u00a0Kos\u00f3w, 1944. aug. 4 : honv\u00e9d. \u2013 Anyja Gyergy\u00f3 Eszter. \u2013 A 27\/ II. z\u00e1szl\u00f3aljban honv\u00e9d. <br \/><strong>Irod.:<\/strong> Berekm\u00e9ri 2015<\/br><\/p>\n","protected":false},"excerpt":{"rendered":"<p>B\u00f6z\u00f6d, 1912. m\u00e1rc. 6., \u2020\u00a0Kos\u00f3w, 1944. aug. 4 : honv\u00e9d. \u2013 Anyja Gyergy\u00f3 Eszter. \u2013 A 27\/ II. z\u00e1szl\u00f3aljban honv\u00e9d. Irod.: Berekm\u00e9ri 2015<\/p>\n","protected":false},"featured_media":0,"comment_status":"open","ping_status":"closed","template":"","meta":[],"product_brand":[],"product_cat":[137],"product_tag":[],"class_list":{"0":"post-5188","1":"product","2":"type-product","3":"status-publish","5":"product_cat-maros-megyei-eletrajzi-lexikon","7":"first","8":"instock","9":"shipping-taxable","10":"product-type-simple"},"_links":{"self":[{"href":"https:\/\/uj.adatbank.ro\/lexikon\/wp-json\/wp\/v2\/product\/5188","targetHints":{"allow":["GET"]}}],"collection":[{"href":"https:\/\/uj.adatbank.ro\/lexikon\/wp-json\/wp\/v2\/product"}],"about":[{"href":"https:\/\/uj.adatbank.ro\/lexikon\/wp-json\/wp\/v2\/types\/product"}],"replies":[{"embeddable":true,"href":"https:\/\/uj.adatbank.ro\/lexikon\/wp-json\/wp\/v2\/comments?post=5188"}],"wp:attachment":[{"href":"https:\/\/uj.adatbank.ro\/lexikon\/wp-json\/wp\/v2\/media?parent=5188"}],"wp:term":[{"taxonomy":"product_brand","embeddable":true,"href":"https:\/\/uj.adatbank.ro\/lexikon\/wp-json\/wp\/v2\/product_brand?post=5188"},{"taxonomy":"product_cat","embeddable":true,"href":"https:\/\/uj.adatbank.ro\/lexikon\/wp-json\/wp\/v2\/product_cat?post=5188"},{"taxonomy":"product_tag","embeddable":true,"href":"https:\/\/uj.adatbank.ro\/lexikon\/wp-json\/wp\/v2\/product_tag?post=5188"}],"curies":[{"name":"wp","href":"https:\/\/api.w.org\/{rel}","templated":true}]}}