{"id":5190,"date":"2025-06-28T17:06:28","date_gmt":"2025-06-28T15:06:28","guid":{"rendered":"https:\/\/uj.adatbank.ro\/lexikon\/termek\/borbely-lili-borbely-karolina\/"},"modified":"2025-06-28T17:06:28","modified_gmt":"2025-06-28T15:06:28","slug":"borbely-lili-borbely-karolina","status":"publish","type":"product","link":"https:\/\/uj.adatbank.ro\/lexikon\/termek\/borbely-lili-borbely-karolina\/","title":{"rendered":"BORB\u00c9LY Lili; Borb\u00e9ly Karolina"},"content":{"rendered":"<p>G\u00f6rg\u00e9nyszentimre, 1887. m\u00e1rc. 8., \u2020\u00a0G\u00f6rg\u00e9nyszentimre, 1943. \u00e1pr. 9.: primadonna. \u2013 R\u00e1kosi Szidi sz\u00edniiskol\u00e1j\u00e1ban v\u00e9gzett (1907), fell\u00e9pett a Kir\u00e1ly Sz\u00ednh\u00e1zban. Egyik els\u0151 szerepe Leila \u2013Huszka Jen\u0151: G\u00fcl Baba c. operettj\u00e9ben J\u00e1tszott: Szalkay Lajos, K\u00f6vesy Albert (1909\u201310), Kr\u00e9mer S\u00e1ndor (1910\u201311), Zilahy Gyula (1911\u201312), Izmay B\u00e9la (1913\u201314) t\u00e1rsulataiban. Az els\u0151 vh. el\u0151tt fell\u00e9pett sz\u00e1mos v\u00e1rosban : Szabadka, Baja, D\u00e9s, Debrecen, M\u00e1ramarossziget, Ny\u00edregyh\u00e1za. Mint operett\u00e9nekesn\u0151 v\u00e1lt ismertt\u00e9. A F\u0151v\u00e1rosi T\u00e9likertben (1916, majd Kiss \u00c1rp\u00e1d erd\u00e9lyi t\u00e1rsulat\u00e1n\u00e1l j\u00e1tszott (1918), Debrecenben Heltay Jen\u0151 (1919\u201320), \u00e9s Cs\u00e1ky Antal t\u00e1rsulat\u00e1nak volt a tagja. Sok v\u00e1rosban j\u00e1tszott de sz\u00e1m\u00e1ra Debrecen volt a legfontosabb, ott ismerkedett meg Ady Endr\u00e9vel, akir\u0151l k\u00e9s\u0151bb meg\u00edrta visszaeml\u00e9kez\u00e9seit. Erd\u00e9lyi szerepl\u00e9sei: Torda (1920\u201321); K\u00e9zdiv\u00e1s\u00e1rhely, Sepsiszentgy\u00f6rgy, Resica (1921\u201322). Betegs\u00e9ge miatt kor\u00e1n visszavonult. \u2013 F sz.: G\u00e1bor di\u00e1k (Huszka J.: G\u00fcl baba); S\u00e1 (K\u00e1lm\u00e1n Imre: A cig\u00e1nyprim\u00e1s); Hortense (Offenbach ); Vilma (Leh\u00e1r: Pacsirta), M\u00e1rta (Cs\u00edky Gergely: A nagymama), Krisztina (Jarno: Az erd\u00e9szl\u00e1ny), R\u00f3zsi (R\u00e9nyi Alad\u00e1r: A kis gr\u00f3fn\u0151); S\u00e1ri- k\u00e9s\u0151bb Arz\u00e9na (J. Strauss: A cig\u00e1nyb\u00e1r\u00f3); J\u00e1nos Vit\u00e9z (Kacs\u00f3 P.: J\u00e1nos Vit\u00e9z); Cluvia (Mad\u00e1ch I.: Az ember trag\u00e9di\u00e1ja); Vereczkey Szilvia (K\u00e1lm\u00e1n I.: A cs\u00e1rd\u00e1skir\u00e1lyn\u0151); Bessy (Jakobi V.: Le\u00e1nyv\u00e1s\u00e1r); Piroska (K\u00e1lm\u00e1n I.: Az obsitos). <br \/><strong>Irod.:<\/strong> Enyedi; K\u00f6t\u0151; Sch\u00f6pflin<\/br><\/p>\n","protected":false},"excerpt":{"rendered":"<p>G\u00f6rg\u00e9nyszentimre, 1887. m\u00e1rc. 8., \u2020\u00a0G\u00f6rg\u00e9nyszentimre, 1943. \u00e1pr. 9.: primadonna. \u2013 R\u00e1kosi Szidi sz\u00edniiskol\u00e1j\u00e1ban v\u00e9gzett (1907), fell\u00e9pett a Kir\u00e1ly Sz\u00ednh\u00e1zban. Egyik els\u0151 szerepe Leila \u2013Huszka Jen\u0151: G\u00fcl Baba c. operettj\u00e9ben J\u00e1tszott: Szalkay Lajos, K\u00f6vesy Albert (1909\u201310), Kr\u00e9mer S\u00e1ndor (1910\u201311), Zilahy Gyula (1911\u201312), Izmay B\u00e9la (1913\u201314) t\u00e1rsulataiban. Az els\u0151 vh. el\u0151tt fell\u00e9pett sz\u00e1mos v\u00e1rosban : Szabadka, Baja, [&hellip;]<\/p>\n","protected":false},"featured_media":0,"comment_status":"open","ping_status":"closed","template":"","meta":[],"product_brand":[],"product_cat":[137],"product_tag":[],"class_list":{"0":"post-5190","1":"product","2":"type-product","3":"status-publish","5":"product_cat-maros-megyei-eletrajzi-lexikon","7":"first","8":"instock","9":"shipping-taxable","10":"product-type-simple"},"_links":{"self":[{"href":"https:\/\/uj.adatbank.ro\/lexikon\/wp-json\/wp\/v2\/product\/5190","targetHints":{"allow":["GET"]}}],"collection":[{"href":"https:\/\/uj.adatbank.ro\/lexikon\/wp-json\/wp\/v2\/product"}],"about":[{"href":"https:\/\/uj.adatbank.ro\/lexikon\/wp-json\/wp\/v2\/types\/product"}],"replies":[{"embeddable":true,"href":"https:\/\/uj.adatbank.ro\/lexikon\/wp-json\/wp\/v2\/comments?post=5190"}],"wp:attachment":[{"href":"https:\/\/uj.adatbank.ro\/lexikon\/wp-json\/wp\/v2\/media?parent=5190"}],"wp:term":[{"taxonomy":"product_brand","embeddable":true,"href":"https:\/\/uj.adatbank.ro\/lexikon\/wp-json\/wp\/v2\/product_brand?post=5190"},{"taxonomy":"product_cat","embeddable":true,"href":"https:\/\/uj.adatbank.ro\/lexikon\/wp-json\/wp\/v2\/product_cat?post=5190"},{"taxonomy":"product_tag","embeddable":true,"href":"https:\/\/uj.adatbank.ro\/lexikon\/wp-json\/wp\/v2\/product_tag?post=5190"}],"curies":[{"name":"wp","href":"https:\/\/api.w.org\/{rel}","templated":true}]}}