{"id":5193,"date":"2025-06-28T17:06:39","date_gmt":"2025-06-28T15:06:39","guid":{"rendered":"https:\/\/uj.adatbank.ro\/lexikon\/termek\/borbely-mihaly\/"},"modified":"2025-06-28T17:06:39","modified_gmt":"2025-06-28T15:06:39","slug":"borbely-mihaly","status":"publish","type":"product","link":"https:\/\/uj.adatbank.ro\/lexikon\/termek\/borbely-mihaly\/","title":{"rendered":"BORB\u00c9LY Mih\u00e1ly"},"content":{"rendered":"<p>Mez\u0151s\u00e1msond, 1893., \u2020 ? : honv\u00e9d, kisbirtokos. \u2013 A II. vh. idej\u00e9n mozg\u00f3s\u00edtott\u00e1k, \u00e9s a 22-es mv.-i Honv\u00e9d gyalogezredhez vez\u00e9nyelt\u00e9k (1914). Az orosz fronton, Kolomea, Lemberg, Zalaesciki, Cernovic hadszinterein harcolt, orosz fogs\u00e1gba nem esett (1915. m\u00e1j. 10. \u2013 1919). Kit\u00fcntet\u00e9sei : K\u00e1roly csapat \u2013 kereszt, a h\u00e1bor\u00fas eml\u00e9k\u00e9rem, bronz vit\u00e9zs\u00e9gi \u00e9rem. <br \/><strong>Irod.:<\/strong> Mez\u0151s\u00e1msond<\/br><\/p>\n","protected":false},"excerpt":{"rendered":"<p>Mez\u0151s\u00e1msond, 1893., \u2020 ? : honv\u00e9d, kisbirtokos. \u2013 A II. vh. idej\u00e9n mozg\u00f3s\u00edtott\u00e1k, \u00e9s a 22-es mv.-i Honv\u00e9d gyalogezredhez vez\u00e9nyelt\u00e9k (1914). Az orosz fronton, Kolomea, Lemberg, Zalaesciki, Cernovic hadszinterein harcolt, orosz fogs\u00e1gba nem esett (1915. m\u00e1j. 10. \u2013 1919). Kit\u00fcntet\u00e9sei : K\u00e1roly csapat \u2013 kereszt, a h\u00e1bor\u00fas eml\u00e9k\u00e9rem, bronz vit\u00e9zs\u00e9gi \u00e9rem. Irod.: Mez\u0151s\u00e1msond<\/p>\n","protected":false},"featured_media":0,"comment_status":"open","ping_status":"closed","template":"","meta":[],"product_brand":[],"product_cat":[137],"product_tag":[],"class_list":{"0":"post-5193","1":"product","2":"type-product","3":"status-publish","5":"product_cat-maros-megyei-eletrajzi-lexikon","7":"first","8":"instock","9":"shipping-taxable","10":"product-type-simple"},"_links":{"self":[{"href":"https:\/\/uj.adatbank.ro\/lexikon\/wp-json\/wp\/v2\/product\/5193","targetHints":{"allow":["GET"]}}],"collection":[{"href":"https:\/\/uj.adatbank.ro\/lexikon\/wp-json\/wp\/v2\/product"}],"about":[{"href":"https:\/\/uj.adatbank.ro\/lexikon\/wp-json\/wp\/v2\/types\/product"}],"replies":[{"embeddable":true,"href":"https:\/\/uj.adatbank.ro\/lexikon\/wp-json\/wp\/v2\/comments?post=5193"}],"wp:attachment":[{"href":"https:\/\/uj.adatbank.ro\/lexikon\/wp-json\/wp\/v2\/media?parent=5193"}],"wp:term":[{"taxonomy":"product_brand","embeddable":true,"href":"https:\/\/uj.adatbank.ro\/lexikon\/wp-json\/wp\/v2\/product_brand?post=5193"},{"taxonomy":"product_cat","embeddable":true,"href":"https:\/\/uj.adatbank.ro\/lexikon\/wp-json\/wp\/v2\/product_cat?post=5193"},{"taxonomy":"product_tag","embeddable":true,"href":"https:\/\/uj.adatbank.ro\/lexikon\/wp-json\/wp\/v2\/product_tag?post=5193"}],"curies":[{"name":"wp","href":"https:\/\/api.w.org\/{rel}","templated":true}]}}