{"id":5196,"date":"2025-06-28T17:06:44","date_gmt":"2025-06-28T15:06:44","guid":{"rendered":"https:\/\/uj.adatbank.ro\/lexikon\/termek\/borbely-szots-istvan-szots-istvan-borbely-istvan\/"},"modified":"2025-06-28T17:06:44","modified_gmt":"2025-06-28T15:06:44","slug":"borbely-szots-istvan-szots-istvan-borbely-istvan","status":"publish","type":"product","link":"https:\/\/uj.adatbank.ro\/lexikon\/termek\/borbely-szots-istvan-szots-istvan-borbely-istvan\/","title":{"rendered":"BORB\u00c9LY SZ\u0150TS Istv\u00e1n, Sz\u0151ts Istv\u00e1n; Borb\u00e9ly Istv\u00e1n"},"content":{"rendered":"<p>? \u2020\u00a0? : sz\u0171cs, szen\u00e1tor, f\u0151b\u00edr\u00f3. \u2013 Esk\u00fcdt polg\u00e1r (1672, 1684), Mv. en v\u00e1rosi szen\u00e1tor (1693\u2013) majd f\u0151b\u00edr\u00f3 (1705 jan. 13.- ). H\u00e1z\u00e1t \u2013 a Szentkir\u00e1ly utc\u00e1ban k\u00f6zvetlen a sarki Teleki h\u00e1z ill. Galambos Borb\u00e9ly S\u00e1muel h\u00e1za melletti \u00e9p\u00fcletet, mely k\u00e9s\u0151bb \u00f6r\u00f6kl\u00e9si jogon a Csiki csal\u00e1d birtok\u00e1ba ker\u00fclt, a f\u0151b\u00edr\u00f3i sz\u00e9kbe val\u00f3 beiktat\u00e1sa napj\u00e1n (1705. jan. 13) losonci Gy\u00fcrki P\u00e1l kuruc f\u0151vez\u00e9r a fejedelem v\u00e9delm\u00e9be vette, \u00e9s minden sz\u00e1ll\u00e1start\u00e1s al\u00f3l felmentette. Az \u0151 h\u00e1z\u00e1ban sz\u00e1llott meg a Gyulafeh\u00e9rv\u00e1rr\u00f3l el\u00fcld\u00f6z\u00f6tt Ref. Koll. egyik tan\u00e1ra Szathm\u00e1ri Paksi Mih\u00e1ly. A Koll. lelkes t\u00e1mogat\u00f3ja, 5 v\u00e9ka b\u00faz\u00e1t adott a Schol\u00e1nak (1712). <br \/><strong>Irod.:<\/strong> Fodor\u2013Bal\u00e1s; Kr\u00f3n. F\u00fcz. (1940. 10.); P\u00e1l-Antal 2006; Szentgy\u00f6rgyi<\/br><\/p>\n","protected":false},"excerpt":{"rendered":"<p>? \u2020\u00a0? : sz\u0171cs, szen\u00e1tor, f\u0151b\u00edr\u00f3. \u2013 Esk\u00fcdt polg\u00e1r (1672, 1684), Mv. en v\u00e1rosi szen\u00e1tor (1693\u2013) majd f\u0151b\u00edr\u00f3 (1705 jan. 13.- ). H\u00e1z\u00e1t \u2013 a Szentkir\u00e1ly utc\u00e1ban k\u00f6zvetlen a sarki Teleki h\u00e1z ill. Galambos Borb\u00e9ly S\u00e1muel h\u00e1za melletti \u00e9p\u00fcletet, mely k\u00e9s\u0151bb \u00f6r\u00f6kl\u00e9si jogon a Csiki csal\u00e1d birtok\u00e1ba ker\u00fclt, a f\u0151b\u00edr\u00f3i sz\u00e9kbe val\u00f3 beiktat\u00e1sa napj\u00e1n (1705. [&hellip;]<\/p>\n","protected":false},"featured_media":0,"comment_status":"open","ping_status":"closed","template":"","meta":[],"product_brand":[],"product_cat":[137],"product_tag":[],"class_list":{"0":"post-5196","1":"product","2":"type-product","3":"status-publish","5":"product_cat-maros-megyei-eletrajzi-lexikon","7":"first","8":"instock","9":"shipping-taxable","10":"product-type-simple"},"_links":{"self":[{"href":"https:\/\/uj.adatbank.ro\/lexikon\/wp-json\/wp\/v2\/product\/5196","targetHints":{"allow":["GET"]}}],"collection":[{"href":"https:\/\/uj.adatbank.ro\/lexikon\/wp-json\/wp\/v2\/product"}],"about":[{"href":"https:\/\/uj.adatbank.ro\/lexikon\/wp-json\/wp\/v2\/types\/product"}],"replies":[{"embeddable":true,"href":"https:\/\/uj.adatbank.ro\/lexikon\/wp-json\/wp\/v2\/comments?post=5196"}],"wp:attachment":[{"href":"https:\/\/uj.adatbank.ro\/lexikon\/wp-json\/wp\/v2\/media?parent=5196"}],"wp:term":[{"taxonomy":"product_brand","embeddable":true,"href":"https:\/\/uj.adatbank.ro\/lexikon\/wp-json\/wp\/v2\/product_brand?post=5196"},{"taxonomy":"product_cat","embeddable":true,"href":"https:\/\/uj.adatbank.ro\/lexikon\/wp-json\/wp\/v2\/product_cat?post=5196"},{"taxonomy":"product_tag","embeddable":true,"href":"https:\/\/uj.adatbank.ro\/lexikon\/wp-json\/wp\/v2\/product_tag?post=5196"}],"curies":[{"name":"wp","href":"https:\/\/api.w.org\/{rel}","templated":true}]}}