{"id":5197,"date":"2025-06-28T17:06:46","date_gmt":"2025-06-28T15:06:46","guid":{"rendered":"https:\/\/uj.adatbank.ro\/lexikon\/termek\/borcoman-ironim-%c2%a7\/"},"modified":"2025-06-28T17:06:46","modified_gmt":"2025-06-28T15:06:46","slug":"borcoman-ironim-%c2%a7","status":"publish","type":"product","link":"https:\/\/uj.adatbank.ro\/lexikon\/termek\/borcoman-ironim-%c2%a7\/","title":{"rendered":"BORCOMAN Ironim, \u00a7"},"content":{"rendered":"<p>Garat, 1905. okt. 30. \u2020 Buk., 1989. nov. 2.: tan\u00e1r. \u2013 Elemi iskol\u00e1t a sz\u00fcl\u0151faluban \u00e9s K\u0151halomban, l\u00edc.-ot menek\u00fcltk\u00e9nt a Rom\u00e1n Kir\u00e1lys\u00e1gban v\u00e9gzett (1940). A kv.-i egyetemen a rom\u00e1n ny. \u00e9s irodalom szakon kapott diplom\u00e1t. Maros\u00fajv\u00e1ron, K\u0151halomban, Nagyk\u00e1rolyban \u00e9s Sz\u00e1szr\u00e9genben a rom\u00e1n Petru Maior L\u00edc.-ban rom\u00e1ntan\u00e1r, majd igazgat\u00f3-tan\u00e1rk\u00e9nt a Ped. Isk.-ban m\u0171k\u0151d\u00f6tt (1948\u201351). Mv.-re ker\u00fclt, \u00e9s a Mez\u0151gazdas\u00e1gi Iskolak\u00f6zpontban tan\u00edtott (1951\u201355), azut\u00e1n az Unirea L\u00edc.-ban, v\u00e9g\u00fcl a Ped. F\u0151isk. lektora lett. Nyugd\u00edjba vonult (1967), k\u00e9s\u0151bb Buk.-be k\u00f6lt\u00f6z\u00f6tt a le\u00e1ny\u00e1hoz. <br \/><strong>Irod.:<\/strong> Chertes-Cioat\u0103; Costea 1999; Dasc\u0103li mure\u015feni 4.<\/br><\/p>\n","protected":false},"excerpt":{"rendered":"<p>Garat, 1905. okt. 30. \u2020 Buk., 1989. nov. 2.: tan\u00e1r. \u2013 Elemi iskol\u00e1t a sz\u00fcl\u0151faluban \u00e9s K\u0151halomban, l\u00edc.-ot menek\u00fcltk\u00e9nt a Rom\u00e1n Kir\u00e1lys\u00e1gban v\u00e9gzett (1940). A kv.-i egyetemen a rom\u00e1n ny. \u00e9s irodalom szakon kapott diplom\u00e1t. Maros\u00fajv\u00e1ron, K\u0151halomban, Nagyk\u00e1rolyban \u00e9s Sz\u00e1szr\u00e9genben a rom\u00e1n Petru Maior L\u00edc.-ban rom\u00e1ntan\u00e1r, majd igazgat\u00f3-tan\u00e1rk\u00e9nt a Ped. Isk.-ban m\u0171k\u0151d\u00f6tt (1948\u201351). Mv.-re ker\u00fclt, [&hellip;]<\/p>\n","protected":false},"featured_media":0,"comment_status":"open","ping_status":"closed","template":"","meta":[],"product_brand":[],"product_cat":[137],"product_tag":[],"class_list":{"0":"post-5197","1":"product","2":"type-product","3":"status-publish","5":"product_cat-maros-megyei-eletrajzi-lexikon","7":"first","8":"instock","9":"shipping-taxable","10":"product-type-simple"},"_links":{"self":[{"href":"https:\/\/uj.adatbank.ro\/lexikon\/wp-json\/wp\/v2\/product\/5197","targetHints":{"allow":["GET"]}}],"collection":[{"href":"https:\/\/uj.adatbank.ro\/lexikon\/wp-json\/wp\/v2\/product"}],"about":[{"href":"https:\/\/uj.adatbank.ro\/lexikon\/wp-json\/wp\/v2\/types\/product"}],"replies":[{"embeddable":true,"href":"https:\/\/uj.adatbank.ro\/lexikon\/wp-json\/wp\/v2\/comments?post=5197"}],"wp:attachment":[{"href":"https:\/\/uj.adatbank.ro\/lexikon\/wp-json\/wp\/v2\/media?parent=5197"}],"wp:term":[{"taxonomy":"product_brand","embeddable":true,"href":"https:\/\/uj.adatbank.ro\/lexikon\/wp-json\/wp\/v2\/product_brand?post=5197"},{"taxonomy":"product_cat","embeddable":true,"href":"https:\/\/uj.adatbank.ro\/lexikon\/wp-json\/wp\/v2\/product_cat?post=5197"},{"taxonomy":"product_tag","embeddable":true,"href":"https:\/\/uj.adatbank.ro\/lexikon\/wp-json\/wp\/v2\/product_tag?post=5197"}],"curies":[{"name":"wp","href":"https:\/\/api.w.org\/{rel}","templated":true}]}}

<p>Garat, 1905. okt. 30. † Buk., 1989. nov. 2.: tanár. – Elemi iskolát a szülőfaluban és Kőhalomban, líc.-ot menekültként a Román Királyságban végzett (1940). A kv.-i egyetemen a román ny. és irodalom szakon kapott diplomát. Marosújváron, Kőhalomban, Nagykárolyban és Szászrégenben a román Petru Maior Líc.-ban romántanár, majd igazgató-tanárként a Ped. Isk.-ban műkődött (1948–51). Mv.-re került, és a Mezőgazdasági Iskolaközpontban tanított (1951–55), azután az Unirea Líc.-ban, végül a Ped. Főisk. lektora lett. Nyugdíjba vonult (1967), később Buk.-be költözött a leányához. <br /><strong>Irod.:</strong> Chertes-Cioată; Costea 1999; Dascăli mureşeni 4.</br></p>

<p>Garat, 1905. okt. 30. † Buk., 1989. nov. 2.: tanár. – Elemi iskolát a szülőfaluban és Kőhalomban, líc.-ot menekültként a Román Királyságban végzett (1940). A kv.-i egyetemen a román ny. és irodalom szakon kapott diplomát. Marosújváron, Kőhalomban, Nagykárolyban és Szászrégenben a román Petru Maior Líc.-ban romántanár, majd igazgató-tanárként a Ped. Isk.-ban műkődött (1948–51). Mv.-re került, [&hellip;]</p>
