{"id":5199,"date":"2025-06-28T17:06:49","date_gmt":"2025-06-28T15:06:49","guid":{"rendered":"https:\/\/uj.adatbank.ro\/lexikon\/termek\/borda-carol-valer-%c2%a7\/"},"modified":"2025-06-28T17:06:49","modified_gmt":"2025-06-28T15:06:49","slug":"borda-carol-valer-%c2%a7","status":"publish","type":"product","link":"https:\/\/uj.adatbank.ro\/lexikon\/termek\/borda-carol-valer-%c2%a7\/","title":{"rendered":"BORDA Carol Valer, \u00a7"},"content":{"rendered":"<p>Telcs, 1914. nov. 15. \u2020 Mv., 1988. aug. 14.: tan\u00edt\u00f3. \u2013 Marosszentgy\u00f6rgy\u00f6n v\u00e9gez elemi iskol\u00e1t, majd Mv.-en tan\u00edt\u00f3k\u00e9pz\u0151t (1925\u201333). Marosszentgy\u00f6rgy\u00f6n kezdett tan\u00edtani (1933. szept. 1. \u2013), majd tanfel\u00fcgyel\u0151 a Maros Megyei Tanfel\u00fcgyel\u0151s\u00e9gen (1934\u201335). Tan\u00edt\u00f3k\u00e9nt dolgozott B\u00e1ndon, Szentann\u00e1n, D\u00e9d\u00e1n (1940. szept.-ig), elmenek\u00fclt Bucsiumcserbbe \u00e9s Gyergy\u00f3holl\u00f3ba (1940\u2013). Mozg\u00f3s\u00edtott\u00e1k a h\u00e1bor\u00faba (1943), majd szovjet hadifogs\u00e1gba esett (1944\u201346). Miut\u00e1n hazaj\u00f6tt tan\u00edtott \u00darh\u00e1z\u00e1n, Domb\u00f3n \u00e9s D\u00edcs\u0151szentm\u00e1rtonban (1946\u201349. aug. 31.), onnan Marosszentgy\u00f6rgyre helyezt\u00e9k, ahol nyugd\u00edjaz\u00e1s\u00e1ig tan\u00edtott (1949. szept. 1. \u2013 1975), k\u00f6zben aligazgat\u00f3 (1965\u201373). Egy ideig a M\u0171vel\u0151d\u00e9si H\u00e1z igazgat\u00f3i tiszts\u00e9g\u00e9t is bet\u00f6lt\u00f6tte, k\u00f3rustag, m\u0171kedvel\u0151 sz\u00edn\u00e9sz is volt. <br \/><strong>Irod.:<\/strong> Opri\u015f; S\u00e2ngeorgiu de Mure\u015f<\/br><\/p>\n","protected":false},"excerpt":{"rendered":"<p>Telcs, 1914. nov. 15. \u2020 Mv., 1988. aug. 14.: tan\u00edt\u00f3. \u2013 Marosszentgy\u00f6rgy\u00f6n v\u00e9gez elemi iskol\u00e1t, majd Mv.-en tan\u00edt\u00f3k\u00e9pz\u0151t (1925\u201333). Marosszentgy\u00f6rgy\u00f6n kezdett tan\u00edtani (1933. szept. 1. \u2013), majd tanfel\u00fcgyel\u0151 a Maros Megyei Tanfel\u00fcgyel\u0151s\u00e9gen (1934\u201335). Tan\u00edt\u00f3k\u00e9nt dolgozott B\u00e1ndon, Szentann\u00e1n, D\u00e9d\u00e1n (1940. szept.-ig), elmenek\u00fclt Bucsiumcserbbe \u00e9s Gyergy\u00f3holl\u00f3ba (1940\u2013). Mozg\u00f3s\u00edtott\u00e1k a h\u00e1bor\u00faba (1943), majd szovjet hadifogs\u00e1gba esett (1944\u201346). Miut\u00e1n [&hellip;]<\/p>\n","protected":false},"featured_media":0,"comment_status":"open","ping_status":"closed","template":"","meta":[],"product_brand":[],"product_cat":[137],"product_tag":[],"class_list":{"0":"post-5199","1":"product","2":"type-product","3":"status-publish","5":"product_cat-maros-megyei-eletrajzi-lexikon","7":"first","8":"instock","9":"shipping-taxable","10":"product-type-simple"},"_links":{"self":[{"href":"https:\/\/uj.adatbank.ro\/lexikon\/wp-json\/wp\/v2\/product\/5199","targetHints":{"allow":["GET"]}}],"collection":[{"href":"https:\/\/uj.adatbank.ro\/lexikon\/wp-json\/wp\/v2\/product"}],"about":[{"href":"https:\/\/uj.adatbank.ro\/lexikon\/wp-json\/wp\/v2\/types\/product"}],"replies":[{"embeddable":true,"href":"https:\/\/uj.adatbank.ro\/lexikon\/wp-json\/wp\/v2\/comments?post=5199"}],"wp:attachment":[{"href":"https:\/\/uj.adatbank.ro\/lexikon\/wp-json\/wp\/v2\/media?parent=5199"}],"wp:term":[{"taxonomy":"product_brand","embeddable":true,"href":"https:\/\/uj.adatbank.ro\/lexikon\/wp-json\/wp\/v2\/product_brand?post=5199"},{"taxonomy":"product_cat","embeddable":true,"href":"https:\/\/uj.adatbank.ro\/lexikon\/wp-json\/wp\/v2\/product_cat?post=5199"},{"taxonomy":"product_tag","embeddable":true,"href":"https:\/\/uj.adatbank.ro\/lexikon\/wp-json\/wp\/v2\/product_tag?post=5199"}],"curies":[{"name":"wp","href":"https:\/\/api.w.org\/{rel}","templated":true}]}}

<p>Telcs, 1914. nov. 15. † Mv., 1988. aug. 14.: tanító. – Marosszentgyörgyön végez elemi iskolát, majd Mv.-en tanítóképzőt (1925–33). Marosszentgyörgyön kezdett tanítani (1933. szept. 1. –), majd tanfelügyelő a Maros Megyei Tanfelügyelőségen (1934–35). Tanítóként dolgozott Bándon, Szentannán, Dédán (1940. szept.-ig), elmenekült Bucsiumcserbbe és Gyergyóhollóba (1940–). Mozgósították a háborúba (1943), majd szovjet hadifogságba esett (1944–46). Miután hazajött tanított Úrházán, Dombón és Dícsőszentmártonban (1946–49. aug. 31.), onnan Marosszentgyörgyre helyezték, ahol nyugdíjazásáig tanított (1949. szept. 1. – 1975), közben aligazgató (1965–73). Egy ideig a Művelődési Ház igazgatói tisztségét is betöltötte, kórustag, műkedvelő színész is volt. <br /><strong>Irod.:</strong> Opriş; Sângeorgiu de Mureş</br></p>

<p>Telcs, 1914. nov. 15. † Mv., 1988. aug. 14.: tanító. – Marosszentgyörgyön végez elemi iskolát, majd Mv.-en tanítóképzőt (1925–33). Marosszentgyörgyön kezdett tanítani (1933. szept. 1. –), majd tanfelügyelő a Maros Megyei Tanfelügyelőségen (1934–35). Tanítóként dolgozott Bándon, Szentannán, Dédán (1940. szept.-ig), elmenekült Bucsiumcserbbe és Gyergyóhollóba (1940–). Mozgósították a háborúba (1943), majd szovjet hadifogságba esett (1944–46). Miután [&hellip;]</p>
