{"id":5200,"date":"2025-06-28T17:06:52","date_gmt":"2025-06-28T15:06:52","guid":{"rendered":"https:\/\/uj.adatbank.ro\/lexikon\/termek\/borda-eugen-%c2%a7\/"},"modified":"2025-06-28T17:06:52","modified_gmt":"2025-06-28T15:06:52","slug":"borda-eugen-%c2%a7","status":"publish","type":"product","link":"https:\/\/uj.adatbank.ro\/lexikon\/termek\/borda-eugen-%c2%a7\/","title":{"rendered":"BORDA Eugen, \u00a7"},"content":{"rendered":"<p>Fels\u0151b\u00f6lk\u00e9ny, 1934. febr. 19., \u2020 Mv., 1994.: tiszt \u00e9s tan\u00e1r. \u2013 Elemi iskol\u00e1t a sz\u00fcl\u0151faluban, tan\u00edt\u00f3k\u00e9pz\u0151 Sz\u00e1szr\u00e9genben, tiszti iskol\u00e1t Szebenben v\u00e9gzett. Tiszk\u00e9nt kezdte p\u00e1lyafut\u00e1s\u00e1t Mv.-en a gyalogos ezredn\u00e9l (1959\u201362), majd tartal\u00e9kba helyezt\u00e9k. A tan\u00fcgyben helyezkedett el. Tan\u00edtott Mv.-en a 8-as sz \u00c1lt. Isk.-ban (1962\u201363), majd a Megyei Tanfel\u00fcgyel\u0151 Oszt.-on a t\u00e1borok\u00e9rt felelt \u00e9s a tan\u00edt\u00f3k munk\u00e1j\u00e1t ir\u00e1ny\u00edtotta (1963\u201368), \u00fajb\u00f3l katedr\u00e1ra ker\u00fclt a 12-es sz. \u00c1lt Isk.-ba. \u00c9lete utols\u00f3 \u00e9veiben eg\u00e9sz- s\u00e9g\u00fcgyi okokb\u00f3l pedag\u00f3gus lett a Kiseg\u00edt\u0151 Isk.-ban, ahonnan nyugd\u00edjba vonult (1990). <br \/><strong>Irod.:<\/strong> Dasc\u0103li mure\u015feni 5.<\/br><\/p>\n","protected":false},"excerpt":{"rendered":"<p>Fels\u0151b\u00f6lk\u00e9ny, 1934. febr. 19., \u2020 Mv., 1994.: tiszt \u00e9s tan\u00e1r. \u2013 Elemi iskol\u00e1t a sz\u00fcl\u0151faluban, tan\u00edt\u00f3k\u00e9pz\u0151 Sz\u00e1szr\u00e9genben, tiszti iskol\u00e1t Szebenben v\u00e9gzett. Tiszk\u00e9nt kezdte p\u00e1lyafut\u00e1s\u00e1t Mv.-en a gyalogos ezredn\u00e9l (1959\u201362), majd tartal\u00e9kba helyezt\u00e9k. A tan\u00fcgyben helyezkedett el. Tan\u00edtott Mv.-en a 8-as sz \u00c1lt. Isk.-ban (1962\u201363), majd a Megyei Tanfel\u00fcgyel\u0151 Oszt.-on a t\u00e1borok\u00e9rt felelt \u00e9s a tan\u00edt\u00f3k [&hellip;]<\/p>\n","protected":false},"featured_media":0,"comment_status":"open","ping_status":"closed","template":"","meta":[],"product_brand":[],"product_cat":[137],"product_tag":[],"class_list":{"0":"post-5200","1":"product","2":"type-product","3":"status-publish","5":"product_cat-maros-megyei-eletrajzi-lexikon","7":"first","8":"instock","9":"shipping-taxable","10":"product-type-simple"},"_links":{"self":[{"href":"https:\/\/uj.adatbank.ro\/lexikon\/wp-json\/wp\/v2\/product\/5200","targetHints":{"allow":["GET"]}}],"collection":[{"href":"https:\/\/uj.adatbank.ro\/lexikon\/wp-json\/wp\/v2\/product"}],"about":[{"href":"https:\/\/uj.adatbank.ro\/lexikon\/wp-json\/wp\/v2\/types\/product"}],"replies":[{"embeddable":true,"href":"https:\/\/uj.adatbank.ro\/lexikon\/wp-json\/wp\/v2\/comments?post=5200"}],"wp:attachment":[{"href":"https:\/\/uj.adatbank.ro\/lexikon\/wp-json\/wp\/v2\/media?parent=5200"}],"wp:term":[{"taxonomy":"product_brand","embeddable":true,"href":"https:\/\/uj.adatbank.ro\/lexikon\/wp-json\/wp\/v2\/product_brand?post=5200"},{"taxonomy":"product_cat","embeddable":true,"href":"https:\/\/uj.adatbank.ro\/lexikon\/wp-json\/wp\/v2\/product_cat?post=5200"},{"taxonomy":"product_tag","embeddable":true,"href":"https:\/\/uj.adatbank.ro\/lexikon\/wp-json\/wp\/v2\/product_tag?post=5200"}],"curies":[{"name":"wp","href":"https:\/\/api.w.org\/{rel}","templated":true}]}}

<p>Felsőbölkény, 1934. febr. 19., † Mv., 1994.: tiszt és tanár. – Elemi iskolát a szülőfaluban, tanítóképző Szászrégenben, tiszti iskolát Szebenben végzett. Tiszként kezdte pályafutását Mv.-en a gyalogos ezrednél (1959–62), majd tartalékba helyezték. A tanügyben helyezkedett el. Tanított Mv.-en a 8-as sz Ált. Isk.-ban (1962–63), majd a Megyei Tanfelügyelő Oszt.-on a táborokért felelt és a tanítók munkáját irányította (1963–68), újból katedrára került a 12-es sz. Ált Isk.-ba. Élete utolsó éveiben egész- ségügyi okokból pedagógus lett a Kisegítő Isk.-ban, ahonnan nyugdíjba vonult (1990). <br /><strong>Irod.:</strong> Dascăli mureşeni 5.</br></p>

<p>Felsőbölkény, 1934. febr. 19., † Mv., 1994.: tiszt és tanár. – Elemi iskolát a szülőfaluban, tanítóképző Szászrégenben, tiszti iskolát Szebenben végzett. Tiszként kezdte pályafutását Mv.-en a gyalogos ezrednél (1959–62), majd tartalékba helyezték. A tanügyben helyezkedett el. Tanított Mv.-en a 8-as sz Ált. Isk.-ban (1962–63), majd a Megyei Tanfelügyelő Oszt.-on a táborokért felelt és a tanítók [&hellip;]</p>
