{"id":5203,"date":"2025-06-28T17:06:58","date_gmt":"2025-06-28T15:06:58","guid":{"rendered":"https:\/\/uj.adatbank.ro\/lexikon\/termek\/borda-mircea-%c2%a7\/"},"modified":"2025-06-28T17:06:58","modified_gmt":"2025-06-28T15:06:58","slug":"borda-mircea-%c2%a7","status":"publish","type":"product","link":"https:\/\/uj.adatbank.ro\/lexikon\/termek\/borda-mircea-%c2%a7\/","title":{"rendered":"BORDA Mircea, \u00a7"},"content":{"rendered":"<p>Fels\u0151b\u00f6lk\u00e9ny, 1938. szept. 2., \u2020 Mv., 2000. m\u00e1j. 31: \u00fajs\u00e1g\u00edr\u00f3, riporter. \u2013 Tanulm\u00e1nyai: elemi iskola a sz\u00fcl\u0151faluban, gimn. Als\u00f3b\u00f6lk\u00e9nyben, l\u00edc. Sz\u00e1szr\u00e9genben a \u201dPetru Maior\u201d L\u00edc.-ban (1958), t\u00f6rt\u00e9nelem-filol\u00f3gia Mv.-en a 3 \u00e9ves Pedag\u00f3giai F\u0151iskol\u00e1n (1964), a kv.-i BBTE Filol\u00f3gia szak (1970). Helyettes tan\u00e1r Fels\u0151orosziban, Soroph\u00e1z\u00e1n, Magyar\u00f3n (1956\u201358), katonai szolg\u00e1latot teljes\u00edtett (1961). A Bel\u00fcgyminiszt\u00e9riumban operat\u00edv dolgoz\u00f3, majd Marossztann\u00e1n \u00e9s Maroskereszt\u00faron kult\u00farigazgat\u00f3 \u00e9s tan\u00e1r. Mv.-en a Szakszervezetek Kult\u00farh\u00e1z\u00e1nak igazgat\u00f3ja (1964\u201368), \u00fajs\u00e1g\u00edr\u00f3 Sepsisztgy\u00f6rgy\u00f6n a Cuv\u00e2ntul Nou c. \u00fajs\u00e1gn\u00e1l (1970\u201371). Ifj\u00fas\u00e1gi tudos\u00edt\u00f3ja a Sc\u00e2nteia Tineretului c. \u00fajs\u00e1gnak (1971\u201389), a Flac\u0103ra szerk.-je (1989\u201390), a Rompres Nemzeti Sajt\u00f3 Iroda Maros megyei tudos\u00edt\u00f3ja (1991\u2013). T\u00e1rsigazgat\u00f3ja a mv.-i \u201ePetru Maior\u201d Kiad\u00f3nak (1991). A Curierul de Transilvania c. lap \u00e9s az Oglinda de Mure\u015f c. lapoknak (1991\u201392). Ter\u00fcleti igazgat\u00f3ja a Pagini Na\u0163ionale \u00e9vk\u00f6nyvnek (1998\u20132000). \u00cdr\u00f3k\u00e9nt El\u0151sz\u00f6r a Steua ro\u015fie c. \u00fajs\u00e1gban jelentkezett riporttal (1961). T\u00f6bb lap munkat\u00e1rsa: Sc\u00e2nteia Tineretului, Sc\u00e2nteia, Via\u0163a Studenteasc\u0103, Rom\u00e2nia literar\u0103, Drum nou (Brass\u00f3), Astra, Vatra, Curentul (Buk.). Munkat\u00e1rsa volt a Mv.-i Ter\u00fcleti R\u00e1di\u00f3nak \u00e9s a Buk.-i R\u00e1di\u00f3nak. \u2013 <strong>F. m.:<\/strong> Oameni cu inimi fierbin\u0163i (Tg. M., 1996); <strong>t\u00e1rssz.:<\/strong> Mun\u0163ii Giurgeului (Marcu Oliviu, R\u00e1tz Zolt\u00e1n-nal, Buc., 1974); A Gyergy\u00f3i-havasok (Marcu Oliviu, R\u00e1tz Zolt\u00e1n-nal, Buc., 1974); Manageri la sf\u00e2r\u015fit de mileniu: interviuri, reportaje cu personalit\u0103\u0163i mure\u015fene (Valentin Bordaval; Tg. M., 1998); Alexandru Todea\u2013F\u00fcl\u00f6p\u2013Avram protopop, episcop, mitropolit, cardinal \u00een Biserica Rom\u00e2n\u0103 Unit\u0103 cu Roma, Greco-Catolic\u0103 (Valentin Bordaval; Tg. M., 1999). <br \/><strong>Irod.:<\/strong> Cosma<\/br><\/p>\n","protected":false},"excerpt":{"rendered":"<p>Fels\u0151b\u00f6lk\u00e9ny, 1938. szept. 2., \u2020 Mv., 2000. m\u00e1j. 31: \u00fajs\u00e1g\u00edr\u00f3, riporter. \u2013 Tanulm\u00e1nyai: elemi iskola a sz\u00fcl\u0151faluban, gimn. Als\u00f3b\u00f6lk\u00e9nyben, l\u00edc. Sz\u00e1szr\u00e9genben a \u201dPetru Maior\u201d L\u00edc.-ban (1958), t\u00f6rt\u00e9nelem-filol\u00f3gia Mv.-en a 3 \u00e9ves Pedag\u00f3giai F\u0151iskol\u00e1n (1964), a kv.-i BBTE Filol\u00f3gia szak (1970). Helyettes tan\u00e1r Fels\u0151orosziban, Soroph\u00e1z\u00e1n, Magyar\u00f3n (1956\u201358), katonai szolg\u00e1latot teljes\u00edtett (1961). A Bel\u00fcgyminiszt\u00e9riumban operat\u00edv dolgoz\u00f3, majd [&hellip;]<\/p>\n","protected":false},"featured_media":0,"comment_status":"open","ping_status":"closed","template":"","meta":[],"product_brand":[],"product_cat":[137],"product_tag":[],"class_list":{"0":"post-5203","1":"product","2":"type-product","3":"status-publish","5":"product_cat-maros-megyei-eletrajzi-lexikon","7":"first","8":"instock","9":"shipping-taxable","10":"product-type-simple"},"_links":{"self":[{"href":"https:\/\/uj.adatbank.ro\/lexikon\/wp-json\/wp\/v2\/product\/5203","targetHints":{"allow":["GET"]}}],"collection":[{"href":"https:\/\/uj.adatbank.ro\/lexikon\/wp-json\/wp\/v2\/product"}],"about":[{"href":"https:\/\/uj.adatbank.ro\/lexikon\/wp-json\/wp\/v2\/types\/product"}],"replies":[{"embeddable":true,"href":"https:\/\/uj.adatbank.ro\/lexikon\/wp-json\/wp\/v2\/comments?post=5203"}],"wp:attachment":[{"href":"https:\/\/uj.adatbank.ro\/lexikon\/wp-json\/wp\/v2\/media?parent=5203"}],"wp:term":[{"taxonomy":"product_brand","embeddable":true,"href":"https:\/\/uj.adatbank.ro\/lexikon\/wp-json\/wp\/v2\/product_brand?post=5203"},{"taxonomy":"product_cat","embeddable":true,"href":"https:\/\/uj.adatbank.ro\/lexikon\/wp-json\/wp\/v2\/product_cat?post=5203"},{"taxonomy":"product_tag","embeddable":true,"href":"https:\/\/uj.adatbank.ro\/lexikon\/wp-json\/wp\/v2\/product_tag?post=5203"}],"curies":[{"name":"wp","href":"https:\/\/api.w.org\/{rel}","templated":true}]}}