{"id":5206,"date":"2025-06-28T17:07:05","date_gmt":"2025-06-28T15:07:05","guid":{"rendered":"https:\/\/uj.adatbank.ro\/lexikon\/termek\/bordas-rozsi-%c2%a7\/"},"modified":"2025-06-28T17:07:05","modified_gmt":"2025-06-28T15:07:05","slug":"bordas-rozsi-%c2%a7","status":"publish","type":"product","link":"https:\/\/uj.adatbank.ro\/lexikon\/termek\/bordas-rozsi-%c2%a7\/","title":{"rendered":"BORD\u00c1S R\u00f3zsi, \u00a7"},"content":{"rendered":"<p>H\u00f3dmez\u0151v\u00e1s\u00e1rhely, 1895. nov. 8., \u2020\u00a0Bp., 1979. \u00e1pr. 3.: sz\u00edn\u00e9sz, primadonna. \u2013 N\u00e9gy polg\u00e1rit v\u00e9gzett, a sz\u00edn\u00e9szetet Sebesty\u00e9n Jen\u0151t\u0151l tanulta, \u00e9s levizsg\u00e1zott a bp.-i Sz\u00edn\u00e9sz Egyes\u00fclet sz\u00edniiskol\u00e1j\u00e1ban. P\u00e1ly\u00e1j\u00e1t Temesv\u00e1ron kezdte (1914), majd Bp.-en l\u00e9pett fel. Mv.-re szerz\u0151d\u00f6tt Szab\u00f3 P\u00e1l t\u00e1rsulat\u00e1hoz (1918), azut\u00e1n Nagyv\u00e1radon l\u00e9pett fel (1920\u201321); Mv.-en \u00e9lt de nem volt \u00e1lland\u00f3 szerz\u0151d\u00e9se, Huzamosabb ideig Nagyv\u00e1radon, Temesv\u00e1rott, Mv.-en szerepelt, vend\u00e9gk\u00e9nt fell\u00e9pett Kv.-on, Nagyv\u00e1radon, Temesv\u00e1ron, Brass\u00f3ban. Megp\u00e1ly\u00e1zta Mv.-en a k\u00f6rzeti igazgat\u00f3 tisztj\u00e9t (1922\u201323-as \u00e9vadra) de Dandea polg\u00e1rmester visszautas\u00edtotta, arra hivatkozva hogy mivel nem rom\u00e1n \u00e1llampolg\u00e1r nem kaphat koncesszi\u00f3t. F\u00e9rjhezment \u00e9s Magyarorsz\u00e1gra t\u00e1vozott (1927). \u2013 <strong>F. sz.:<\/strong> Zorika (Leh\u00e1r: Cig\u00e1nyszerelem); Bessy, Lucy (Jakobi: Le\u00e1nyv\u00e1s\u00e1r); Mariska (Szigligeti: Liliomfi); Szilvia (K\u00e1lm\u00e1n: Cs\u00e1rd\u00e1skir\u00e1lyn\u0151); Gauthier Margit (Dumas: A kam\u00e9li\u00e1s h\u00f6lgy); Alexandra (Moln\u00e1r Ferenc: A hatty\u00fa); Lonti (Moln\u00e1r Ferenc: \u00c9gi, f\u00f6ldi szerelem); T\u00fal a nagy Kriv\u00e1non (\u00f6tvenszer l\u00e9pett fel benne). <br \/><strong>Irod.:<\/strong> K\u00f6t\u0151, MSZL<\/br><\/p>\n","protected":false},"excerpt":{"rendered":"<p>H\u00f3dmez\u0151v\u00e1s\u00e1rhely, 1895. nov. 8., \u2020\u00a0Bp., 1979. \u00e1pr. 3.: sz\u00edn\u00e9sz, primadonna. \u2013 N\u00e9gy polg\u00e1rit v\u00e9gzett, a sz\u00edn\u00e9szetet Sebesty\u00e9n Jen\u0151t\u0151l tanulta, \u00e9s levizsg\u00e1zott a bp.-i Sz\u00edn\u00e9sz Egyes\u00fclet sz\u00edniiskol\u00e1j\u00e1ban. P\u00e1ly\u00e1j\u00e1t Temesv\u00e1ron kezdte (1914), majd Bp.-en l\u00e9pett fel. Mv.-re szerz\u0151d\u00f6tt Szab\u00f3 P\u00e1l t\u00e1rsulat\u00e1hoz (1918), azut\u00e1n Nagyv\u00e1radon l\u00e9pett fel (1920\u201321); Mv.-en \u00e9lt de nem volt \u00e1lland\u00f3 szerz\u0151d\u00e9se, Huzamosabb ideig Nagyv\u00e1radon, [&hellip;]<\/p>\n","protected":false},"featured_media":0,"comment_status":"open","ping_status":"closed","template":"","meta":[],"product_brand":[],"product_cat":[137],"product_tag":[],"class_list":{"0":"post-5206","1":"product","2":"type-product","3":"status-publish","5":"product_cat-maros-megyei-eletrajzi-lexikon","7":"first","8":"instock","9":"shipping-taxable","10":"product-type-simple"},"_links":{"self":[{"href":"https:\/\/uj.adatbank.ro\/lexikon\/wp-json\/wp\/v2\/product\/5206","targetHints":{"allow":["GET"]}}],"collection":[{"href":"https:\/\/uj.adatbank.ro\/lexikon\/wp-json\/wp\/v2\/product"}],"about":[{"href":"https:\/\/uj.adatbank.ro\/lexikon\/wp-json\/wp\/v2\/types\/product"}],"replies":[{"embeddable":true,"href":"https:\/\/uj.adatbank.ro\/lexikon\/wp-json\/wp\/v2\/comments?post=5206"}],"wp:attachment":[{"href":"https:\/\/uj.adatbank.ro\/lexikon\/wp-json\/wp\/v2\/media?parent=5206"}],"wp:term":[{"taxonomy":"product_brand","embeddable":true,"href":"https:\/\/uj.adatbank.ro\/lexikon\/wp-json\/wp\/v2\/product_brand?post=5206"},{"taxonomy":"product_cat","embeddable":true,"href":"https:\/\/uj.adatbank.ro\/lexikon\/wp-json\/wp\/v2\/product_cat?post=5206"},{"taxonomy":"product_tag","embeddable":true,"href":"https:\/\/uj.adatbank.ro\/lexikon\/wp-json\/wp\/v2\/product_tag?post=5206"}],"curies":[{"name":"wp","href":"https:\/\/api.w.org\/{rel}","templated":true}]}}

BORDÁS Rózsi, §

<p>Hódmezővásárhely, 1895. nov. 8., † Bp., 1979. ápr. 3.: színész, primadonna. – Négy polgárit végzett, a színészetet Sebestyén Jenőtől tanulta, és levizsgázott a bp.-i Színész Egyesület színiiskolájában. Pályáját Temesváron kezdte (1914), majd Bp.-en lépett fel. Mv.-re szerződött Szabó Pál társulatához (1918), azután Nagyváradon lépett fel (1920–21); Mv.-en élt de nem volt állandó szerződése, Huzamosabb ideig Nagyváradon, Temesvárott, Mv.-en szerepelt, vendégként fellépett Kv.-on, Nagyváradon, Temesváron, Brassóban. Megpályázta Mv.-en a körzeti igazgató tisztjét (1922–23-as évadra) de Dandea polgármester visszautasította, arra hivatkozva hogy mivel nem román állampolgár nem kaphat koncessziót. Férjhezment és Magyarországra távozott (1927). – <strong>F. sz.:</strong> Zorika (Lehár: Cigányszerelem); Bessy, Lucy (Jakobi: Leányvásár); Mariska (Szigligeti: Liliomfi); Szilvia (Kálmán: Csárdáskirálynő); Gauthier Margit (Dumas: A kaméliás hölgy); Alexandra (Molnár Ferenc: A hattyú); Lonti (Molnár Ferenc: Égi, földi szerelem); Túl a nagy Krivánon (ötvenszer lépett fel benne). <br /><strong>Irod.:</strong> Kötő, MSZL</br></p>

<p>Hódmezővásárhely, 1895. nov. 8., † Bp., 1979. ápr. 3.: színész, primadonna. – Négy polgárit végzett, a színészetet Sebestyén Jenőtől tanulta, és levizsgázott a bp.-i Színész Egyesület színiiskolájában. Pályáját Temesváron kezdte (1914), majd Bp.-en lépett fel. Mv.-re szerződött Szabó Pál társulatához (1918), azután Nagyváradon lépett fel (1920–21); Mv.-en élt de nem volt állandó szerződése, Huzamosabb ideig Nagyváradon, [&hellip;]</p>
