{"id":5209,"date":"2025-06-28T17:07:09","date_gmt":"2025-06-28T15:07:09","guid":{"rendered":"https:\/\/uj.adatbank.ro\/lexikon\/termek\/bordi-geza-bordy-geza\/"},"modified":"2025-06-28T17:07:09","modified_gmt":"2025-06-28T15:07:09","slug":"bordi-geza-bordy-geza","status":"publish","type":"product","link":"https:\/\/uj.adatbank.ro\/lexikon\/termek\/bordi-geza-bordy-geza\/","title":{"rendered":"BORDI G\u00e9za, BORDY G\u00e9za"},"content":{"rendered":"<p>H\u00e9derf\u00e1ja, 1937. \u2020\u00a0Mv., 2023. okt\u00a0: tan\u00e1r. \u2013 Mv.-en tan\u00edtott 78 \u00e9ves kor\u00e1ig a M\u0171v\u00e9szeti l\u00edceumban rajzot, m\u0171v\u00e9szeti rajzot, eszt\u00e9tik\u00e1t, m\u0171szaki rajzot \u00e9s m\u0171v\u00e9szett\u00f6rt\u00e9netet, fontosnak tartva a k\u00e9pz\u00e9s magas sz\u00ednvonal\u00e1t. A k\u00e9pz\u0151m\u0171v\u00e9szeti tagozat vezet\u0151je (1970\u20132009). Nyugd\u00edjaz\u00e1sa ut\u00e1n (2001) is oktatott. M\u0171v\u00e9szett\u00f6rt\u00e9neti k\u00f6tetet \u00edrt a di\u00e1kjainak. Testv\u00e9riskolai kapcsolatokat \u00e9p\u00edtett ki, tanulm\u00e1nyi kir\u00e1ndul\u00e1sokat szervezett. A M\u0171v\u00e9szeti l\u00edceum tev\u00e9kenys\u00e9g\u00e9t a Pedag\u00f3gia l\u00edc.-ban folytatta (1985\u20131989). A l\u00edceum vissza\u00e1ll\u00edt\u00e1s\u00e1t Bukarestben k\u00e9rv\u00e9nyezte meg sikeresen. <br \/><strong>Irod.:<\/strong> Cs\u00edky Szab\u00f3 \u00c1gnes: B\u00facs\u00faz\u00f3 Bordi G\u00e9za tan\u00e1r \u00fart\u00f3l (N\u00e9p\u00fajs\u00e1g, 2023. okt. 21.); Szab\u00f3\u2013K\u00e1llai<\/br><\/p>\n","protected":false},"excerpt":{"rendered":"<p>H\u00e9derf\u00e1ja, 1937. \u2020\u00a0Mv., 2023. okt\u00a0: tan\u00e1r. \u2013 Mv.-en tan\u00edtott 78 \u00e9ves kor\u00e1ig a M\u0171v\u00e9szeti l\u00edceumban rajzot, m\u0171v\u00e9szeti rajzot, eszt\u00e9tik\u00e1t, m\u0171szaki rajzot \u00e9s m\u0171v\u00e9szett\u00f6rt\u00e9netet, fontosnak tartva a k\u00e9pz\u00e9s magas sz\u00ednvonal\u00e1t. A k\u00e9pz\u0151m\u0171v\u00e9szeti tagozat vezet\u0151je (1970\u20132009). Nyugd\u00edjaz\u00e1sa ut\u00e1n (2001) is oktatott. M\u0171v\u00e9szett\u00f6rt\u00e9neti k\u00f6tetet \u00edrt a di\u00e1kjainak. Testv\u00e9riskolai kapcsolatokat \u00e9p\u00edtett ki, tanulm\u00e1nyi kir\u00e1ndul\u00e1sokat szervezett. A M\u0171v\u00e9szeti l\u00edceum tev\u00e9kenys\u00e9g\u00e9t [&hellip;]<\/p>\n","protected":false},"featured_media":0,"comment_status":"open","ping_status":"closed","template":"","meta":[],"product_brand":[],"product_cat":[137],"product_tag":[],"class_list":{"0":"post-5209","1":"product","2":"type-product","3":"status-publish","5":"product_cat-maros-megyei-eletrajzi-lexikon","7":"first","8":"instock","9":"shipping-taxable","10":"product-type-simple"},"_links":{"self":[{"href":"https:\/\/uj.adatbank.ro\/lexikon\/wp-json\/wp\/v2\/product\/5209","targetHints":{"allow":["GET"]}}],"collection":[{"href":"https:\/\/uj.adatbank.ro\/lexikon\/wp-json\/wp\/v2\/product"}],"about":[{"href":"https:\/\/uj.adatbank.ro\/lexikon\/wp-json\/wp\/v2\/types\/product"}],"replies":[{"embeddable":true,"href":"https:\/\/uj.adatbank.ro\/lexikon\/wp-json\/wp\/v2\/comments?post=5209"}],"wp:attachment":[{"href":"https:\/\/uj.adatbank.ro\/lexikon\/wp-json\/wp\/v2\/media?parent=5209"}],"wp:term":[{"taxonomy":"product_brand","embeddable":true,"href":"https:\/\/uj.adatbank.ro\/lexikon\/wp-json\/wp\/v2\/product_brand?post=5209"},{"taxonomy":"product_cat","embeddable":true,"href":"https:\/\/uj.adatbank.ro\/lexikon\/wp-json\/wp\/v2\/product_cat?post=5209"},{"taxonomy":"product_tag","embeddable":true,"href":"https:\/\/uj.adatbank.ro\/lexikon\/wp-json\/wp\/v2\/product_tag?post=5209"}],"curies":[{"name":"wp","href":"https:\/\/api.w.org\/{rel}","templated":true}]}}

BORDI Géza, BORDY Géza

<p>Héderfája, 1937. † Mv., 2023. okt : tanár. – Mv.-en tanított 78 éves koráig a Művészeti líceumban rajzot, művészeti rajzot, esztétikát, műszaki rajzot és művészettörténetet, fontosnak tartva a képzés magas színvonalát. A képzőművészeti tagozat vezetője (1970–2009). Nyugdíjazása után (2001) is oktatott. Művészettörténeti kötetet írt a diákjainak. Testvériskolai kapcsolatokat épített ki, tanulmányi kirándulásokat szervezett. A Művészeti líceum tevékenységét a Pedagógia líc.-ban folytatta (1985–1989). A líceum visszaállítását Bukarestben kérvényezte meg sikeresen. <br /><strong>Irod.:</strong> Csíky Szabó Ágnes: Búcsúzó Bordi Géza tanár úrtól (Népújság, 2023. okt. 21.); Szabó–Kállai</br></p>

<p>Héderfája, 1937. † Mv., 2023. okt : tanár. – Mv.-en tanított 78 éves koráig a Művészeti líceumban rajzot, művészeti rajzot, esztétikát, műszaki rajzot és művészettörténetet, fontosnak tartva a képzés magas színvonalát. A képzőművészeti tagozat vezetője (1970–2009). Nyugdíjazása után (2001) is oktatott. Művészettörténeti kötetet írt a diákjainak. Testvériskolai kapcsolatokat épített ki, tanulmányi kirándulásokat szervezett. A Művészeti líceum tevékenységét [&hellip;]</p>
