{"id":5214,"date":"2025-06-28T17:07:24","date_gmt":"2025-06-28T15:07:24","guid":{"rendered":"https:\/\/uj.adatbank.ro\/lexikon\/termek\/bordy-margit-leszaine-bordy-margit\/"},"modified":"2025-06-28T17:07:24","modified_gmt":"2025-06-28T15:07:24","slug":"bordy-margit-leszaine-bordy-margit","status":"publish","type":"product","link":"https:\/\/uj.adatbank.ro\/lexikon\/termek\/bordy-margit-leszaine-bordy-margit\/","title":{"rendered":"BORDY Margit, L\u00e9szain\u00e9 Bordy Margit"},"content":{"rendered":"<p>Unoka, 1944. okt. 17., \u2020 ? : rajztan\u00e1r, fest\u0151m\u0171v\u00e9sz, k\u00f6lt\u0151. \u2013 <strong>F. m.:<\/strong> H\u00e9t feh\u00e9r (versek, Buk., 1981). <br \/><strong>Irod.:<\/strong> Kusz\u00e1lik; RMKK<\/br><\/p>\n","protected":false},"excerpt":{"rendered":"<p>Unoka, 1944. okt. 17., \u2020 ? : rajztan\u00e1r, fest\u0151m\u0171v\u00e9sz, k\u00f6lt\u0151. \u2013 F. m.: H\u00e9t feh\u00e9r (versek, Buk., 1981). Irod.: Kusz\u00e1lik; RMKK<\/p>\n","protected":false},"featured_media":0,"comment_status":"open","ping_status":"closed","template":"","meta":[],"product_brand":[],"product_cat":[137],"product_tag":[],"class_list":{"0":"post-5214","1":"product","2":"type-product","3":"status-publish","5":"product_cat-maros-megyei-eletrajzi-lexikon","7":"first","8":"instock","9":"shipping-taxable","10":"product-type-simple"},"_links":{"self":[{"href":"https:\/\/uj.adatbank.ro\/lexikon\/wp-json\/wp\/v2\/product\/5214","targetHints":{"allow":["GET"]}}],"collection":[{"href":"https:\/\/uj.adatbank.ro\/lexikon\/wp-json\/wp\/v2\/product"}],"about":[{"href":"https:\/\/uj.adatbank.ro\/lexikon\/wp-json\/wp\/v2\/types\/product"}],"replies":[{"embeddable":true,"href":"https:\/\/uj.adatbank.ro\/lexikon\/wp-json\/wp\/v2\/comments?post=5214"}],"wp:attachment":[{"href":"https:\/\/uj.adatbank.ro\/lexikon\/wp-json\/wp\/v2\/media?parent=5214"}],"wp:term":[{"taxonomy":"product_brand","embeddable":true,"href":"https:\/\/uj.adatbank.ro\/lexikon\/wp-json\/wp\/v2\/product_brand?post=5214"},{"taxonomy":"product_cat","embeddable":true,"href":"https:\/\/uj.adatbank.ro\/lexikon\/wp-json\/wp\/v2\/product_cat?post=5214"},{"taxonomy":"product_tag","embeddable":true,"href":"https:\/\/uj.adatbank.ro\/lexikon\/wp-json\/wp\/v2\/product_tag?post=5214"}],"curies":[{"name":"wp","href":"https:\/\/api.w.org\/{rel}","templated":true}]}}