{"id":5218,"date":"2025-06-28T17:07:32","date_gmt":"2025-06-28T15:07:32","guid":{"rendered":"https:\/\/uj.adatbank.ro\/lexikon\/termek\/bornemisza-andras-nagykaszoni-es-imperfalvi-br\/"},"modified":"2025-06-28T17:07:32","modified_gmt":"2025-06-28T15:07:32","slug":"bornemisza-andras-nagykaszoni-es-imperfalvi-br","status":"publish","type":"product","link":"https:\/\/uj.adatbank.ro\/lexikon\/termek\/bornemisza-andras-nagykaszoni-es-imperfalvi-br\/","title":{"rendered":"BORNEMISZA Andr\u00e1s, nagyk\u00e1szoni \u00e9s imp\u00e9rfalvi br."},"content":{"rendered":"<p>1860. aug. 29., \u2020 V\u00e1rhegy, 1893. j\u00fal. 17. temetve Maross\u00e1rpataki kript\u00e1ba: f\u00f6ldbirtokos. \u2013 Feles\u00e9ge (1883. okt. 10. \u2013) sz\u00e9ki gr. Teleki Polyxena, (S\u00e1rpatak, 1863. okt. 6.- S\u00e1rpatak, 1932. okt. 13.) T. Domokos \u00e9s magyarb\u00e9nyei br. Rad\u00e1k Anna le\u00e1nya. Nem hiteles forr\u00e1sok szerint politiz\u00e1lt, Bp.-en ellens\u00e9gei meggyilkolt\u00e1k. <br \/><strong>Irod.:<\/strong> Berekm\u00e9ri\u2013G\u00e1lfi; Gudenus; Lev\u00e9lt\u00e1ri gy\u00e1szj.<\/br><\/p>\n","protected":false},"excerpt":{"rendered":"<p>1860. aug. 29., \u2020 V\u00e1rhegy, 1893. j\u00fal. 17. temetve Maross\u00e1rpataki kript\u00e1ba: f\u00f6ldbirtokos. \u2013 Feles\u00e9ge (1883. okt. 10. \u2013) sz\u00e9ki gr. Teleki Polyxena, (S\u00e1rpatak, 1863. okt. 6.- S\u00e1rpatak, 1932. okt. 13.) T. Domokos \u00e9s magyarb\u00e9nyei br. Rad\u00e1k Anna le\u00e1nya. Nem hiteles forr\u00e1sok szerint politiz\u00e1lt, Bp.-en ellens\u00e9gei meggyilkolt\u00e1k. Irod.: Berekm\u00e9ri\u2013G\u00e1lfi; Gudenus; Lev\u00e9lt\u00e1ri gy\u00e1szj.<\/p>\n","protected":false},"featured_media":0,"comment_status":"open","ping_status":"closed","template":"","meta":[],"product_brand":[],"product_cat":[137],"product_tag":[],"class_list":{"0":"post-5218","1":"product","2":"type-product","3":"status-publish","5":"product_cat-maros-megyei-eletrajzi-lexikon","7":"first","8":"instock","9":"shipping-taxable","10":"product-type-simple"},"_links":{"self":[{"href":"https:\/\/uj.adatbank.ro\/lexikon\/wp-json\/wp\/v2\/product\/5218","targetHints":{"allow":["GET"]}}],"collection":[{"href":"https:\/\/uj.adatbank.ro\/lexikon\/wp-json\/wp\/v2\/product"}],"about":[{"href":"https:\/\/uj.adatbank.ro\/lexikon\/wp-json\/wp\/v2\/types\/product"}],"replies":[{"embeddable":true,"href":"https:\/\/uj.adatbank.ro\/lexikon\/wp-json\/wp\/v2\/comments?post=5218"}],"wp:attachment":[{"href":"https:\/\/uj.adatbank.ro\/lexikon\/wp-json\/wp\/v2\/media?parent=5218"}],"wp:term":[{"taxonomy":"product_brand","embeddable":true,"href":"https:\/\/uj.adatbank.ro\/lexikon\/wp-json\/wp\/v2\/product_brand?post=5218"},{"taxonomy":"product_cat","embeddable":true,"href":"https:\/\/uj.adatbank.ro\/lexikon\/wp-json\/wp\/v2\/product_cat?post=5218"},{"taxonomy":"product_tag","embeddable":true,"href":"https:\/\/uj.adatbank.ro\/lexikon\/wp-json\/wp\/v2\/product_tag?post=5218"}],"curies":[{"name":"wp","href":"https:\/\/api.w.org\/{rel}","templated":true}]}}