{"id":5219,"date":"2025-06-28T17:07:35","date_gmt":"2025-06-28T15:07:35","guid":{"rendered":"https:\/\/uj.adatbank.ro\/lexikon\/termek\/bornemisza-anna-berhidai-es-petrelini-nemes-bornemissza-anna-apafi-mihalyne-apaffy-mihalyne\/"},"modified":"2025-06-28T17:07:35","modified_gmt":"2025-06-28T15:07:35","slug":"bornemisza-anna-berhidai-es-petrelini-nemes-bornemissza-anna-apafi-mihalyne-apaffy-mihalyne","status":"publish","type":"product","link":"https:\/\/uj.adatbank.ro\/lexikon\/termek\/bornemisza-anna-berhidai-es-petrelini-nemes-bornemissza-anna-apafi-mihalyne-apaffy-mihalyne\/","title":{"rendered":"BORNEMISZA Anna, berhidai \u00e9s petrelini nemes, Bornemissza Anna, Apafi Mih\u00e1lyn\u00e9, Apaffy Mih\u00e1lyn\u00e9"},"content":{"rendered":"<p>1628, \u2020 Ebesfalva, 1688. aug. 3., temet\u00e9se: Almaker\u00e9ken, \u00fajratemetve Kv.-on a Farkas u. Ref. templom: f\u00f6ldbirtokos, fejedelem asszony. \u2013 B. P\u00e1l udvari kapit\u00e1ny le\u00e1nya. I. Apafi Mih\u00e1ly erd\u00e9lyi fejedelem feles\u00e9ge (1650\u2013); II. Apafi Mih\u00e1ly (1676\u20131713) anyja. \u2013 Nagy hat\u00e1ssal volt f\u00e9rj\u00e9re, tev\u00e9kenyen r\u00e9szt vett Erd\u00e9ly politikai \u00e9s gazdas\u00e1gi \u00fcgyeinek int\u00e9z\u00e9s\u00e9ben, kit\u0171n\u0151 szervez\u0151, rendtart\u00f3 \u00e9s gazd\u00e1lkod\u00f3 volt. Befoly\u00e1solta a fejedelem politikai d\u00f6nt\u00e9seit. A bels\u0151 viszonyokban pr\u00f3b\u00e1lt j\u00f3t\u00e9kony, egyens\u00falyoz\u00f3 szerepet j\u00e1tszani. I. Apafi Mih\u00e1lyt\u00f3l a radn\u00f3ti b\u00edrtokot \u00e9s kast\u00e9lyt adom\u00e1nyban kapta (1662), t\u0151le fia II. Apafi Mih\u00e1ly (\u2020 1713) \u00f6r\u00f6k\u00f6lte. A fejedelmi udvar \u00e9s birtokok gazd\u00e1lkod\u00e1s\u00e1r\u00f3l vezetett r\u00e9szletes napl\u00f3i (24 \u00e9ven \u00e1t vezette) Erd\u00e9ly e korabeli gazdas\u00e1gi \u00e9s t\u00e1rsadalmi viszonyaira vonatkoz\u00f3 fontos adatokat tartalmaznak, \u00e9rt\u00e9kes t\u00f6rt\u00e9nelmi forr\u00e1s. Az \u0151 sz\u00e1m\u00e1ra ford\u00edtotta le Keszei J\u00e1nos Rumpold M\u00e1rkus szak\u00e1csk\u00f6nyv\u00e9t. Radn\u00f3ton \u0151r\u00edzte saj\u00e1t k\u00f6nyvt\u00e1r\u00e1t, hal\u00e1la ut\u00e1n a fia \u00f6r\u00f6k\u00f6lte. \u2013 <strong>F. m.:<\/strong> Bornemisza Anna gazdas\u00e1gi napl\u00f3i, 1667\u20131690 (Bp., 1911); Bornemisza Anna szak\u00e1csk\u00f6nyve 1680-b\u00f3l (K\u00f6zz\u00e9teszi Lak\u00f3 Elem\u00e9; Buk., 1982); gy\u0171jtem\u00e9nyes k\u00f6t.: De\u00e1k Farkas: Magyar h\u00f6lgyek levelei (Bp., 1879). <br \/><strong>Irod.:<\/strong> Benk\u0151 K.: Mv.; Bicsok\u2013Orb\u00e1n; Castellum \u00c9rtes\u00edt\u0151 (2000, 3. sz.); Csetri\u2013Szab\u00f3; D\u00f6rnyei 2005; Farkas Em\u0151d: Magyaro. nagyasszonyai (Bp., 1911); Kelemen Lajos 2006; Kov\u00e1cs Andr\u00e1s: A radn\u00f3ti v\u00e1rkast\u00e9ly (Kv., 1994); Kraus: Erd\u00e9lyi kr\u00f3nika; M\u00c9L; Szinnyei; \u00daM\u00c9L; Teleki Mih\u00e1ly levelez\u00e9se (Bp., 1906\u201316); Teleki Mih\u00e1ly udvartart\u00e1si napl\u00f3ja (1673\u20131681) (Kv., 2007); Tr\u00f3cs\u00e1nyi 1988<\/br><\/p>\n","protected":false},"excerpt":{"rendered":"<p>1628, \u2020 Ebesfalva, 1688. aug. 3., temet\u00e9se: Almaker\u00e9ken, \u00fajratemetve Kv.-on a Farkas u. Ref. templom: f\u00f6ldbirtokos, fejedelem asszony. \u2013 B. P\u00e1l udvari kapit\u00e1ny le\u00e1nya. I. Apafi Mih\u00e1ly erd\u00e9lyi fejedelem feles\u00e9ge (1650\u2013); II. Apafi Mih\u00e1ly (1676\u20131713) anyja. \u2013 Nagy hat\u00e1ssal volt f\u00e9rj\u00e9re, tev\u00e9kenyen r\u00e9szt vett Erd\u00e9ly politikai \u00e9s gazdas\u00e1gi \u00fcgyeinek int\u00e9z\u00e9s\u00e9ben, kit\u0171n\u0151 szervez\u0151, rendtart\u00f3 \u00e9s gazd\u00e1lkod\u00f3 [&hellip;]<\/p>\n","protected":false},"featured_media":0,"comment_status":"open","ping_status":"closed","template":"","meta":[],"product_brand":[],"product_cat":[137],"product_tag":[],"class_list":{"0":"post-5219","1":"product","2":"type-product","3":"status-publish","5":"product_cat-maros-megyei-eletrajzi-lexikon","7":"first","8":"instock","9":"shipping-taxable","10":"product-type-simple"},"_links":{"self":[{"href":"https:\/\/uj.adatbank.ro\/lexikon\/wp-json\/wp\/v2\/product\/5219","targetHints":{"allow":["GET"]}}],"collection":[{"href":"https:\/\/uj.adatbank.ro\/lexikon\/wp-json\/wp\/v2\/product"}],"about":[{"href":"https:\/\/uj.adatbank.ro\/lexikon\/wp-json\/wp\/v2\/types\/product"}],"replies":[{"embeddable":true,"href":"https:\/\/uj.adatbank.ro\/lexikon\/wp-json\/wp\/v2\/comments?post=5219"}],"wp:attachment":[{"href":"https:\/\/uj.adatbank.ro\/lexikon\/wp-json\/wp\/v2\/media?parent=5219"}],"wp:term":[{"taxonomy":"product_brand","embeddable":true,"href":"https:\/\/uj.adatbank.ro\/lexikon\/wp-json\/wp\/v2\/product_brand?post=5219"},{"taxonomy":"product_cat","embeddable":true,"href":"https:\/\/uj.adatbank.ro\/lexikon\/wp-json\/wp\/v2\/product_cat?post=5219"},{"taxonomy":"product_tag","embeddable":true,"href":"https:\/\/uj.adatbank.ro\/lexikon\/wp-json\/wp\/v2\/product_tag?post=5219"}],"curies":[{"name":"wp","href":"https:\/\/api.w.org\/{rel}","templated":true}]}}

BORNEMISZA Anna, berhidai és petrelini nemes, Bornemissza Anna, Apafi Mihályné, Apaffy Mihályné

<p>1628, † Ebesfalva, 1688. aug. 3., temetése: Almakeréken, újratemetve Kv.-on a Farkas u. Ref. templom: földbirtokos, fejedelem asszony. – B. Pál udvari kapitány leánya. I. Apafi Mihály erdélyi fejedelem felesége (1650–); II. Apafi Mihály (1676–1713) anyja. – Nagy hatással volt férjére, tevékenyen részt vett Erdély politikai és gazdasági ügyeinek intézésében, kitűnő szervező, rendtartó és gazdálkodó volt. Befolyásolta a fejedelem politikai döntéseit. A belső viszonyokban próbált jótékony, egyensúlyozó szerepet játszani. I. Apafi Mihálytól a radnóti bírtokot és kastélyt adományban kapta (1662), tőle fia II. Apafi Mihály († 1713) örökölte. A fejedelmi udvar és birtokok gazdálkodásáról vezetett részletes naplói (24 éven át vezette) Erdély e korabeli gazdasági és társadalmi viszonyaira vonatkozó fontos adatokat tartalmaznak, értékes történelmi forrás. Az ő számára fordította le Keszei János Rumpold Márkus szakácskönyvét. Radnóton őrízte saját könyvtárát, halála után a fia örökölte. – <strong>F. m.:</strong> Bornemisza Anna gazdasági naplói, 1667–1690 (Bp., 1911); Bornemisza Anna szakácskönyve 1680-ból (Közzéteszi Lakó Elemé; Buk., 1982); gyűjteményes köt.: Deák Farkas: Magyar hölgyek levelei (Bp., 1879). <br /><strong>Irod.:</strong> Benkő K.: Mv.; Bicsok–Orbán; Castellum Értesítő (2000, 3. sz.); Csetri–Szabó; Dörnyei 2005; Farkas Emőd: Magyaro. nagyasszonyai (Bp., 1911); Kelemen Lajos 2006; Kovács András: A radnóti várkastély (Kv., 1994); Kraus: Erdélyi krónika; MÉL; Szinnyei; ÚMÉL; Teleki Mihály levelezése (Bp., 1906–16); Teleki Mihály udvartartási naplója (1673–1681) (Kv., 2007); Trócsányi 1988</br></p>

<p>1628, † Ebesfalva, 1688. aug. 3., temetése: Almakeréken, újratemetve Kv.-on a Farkas u. Ref. templom: földbirtokos, fejedelem asszony. – B. Pál udvari kapitány leánya. I. Apafi Mihály erdélyi fejedelem felesége (1650–); II. Apafi Mihály (1676–1713) anyja. – Nagy hatással volt férjére, tevékenyen részt vett Erdély politikai és gazdasági ügyeinek intézésében, kitűnő szervező, rendtartó és gazdálkodó [&hellip;]</p>
