{"id":5220,"date":"2025-06-28T17:07:38","date_gmt":"2025-06-28T15:07:38","guid":{"rendered":"https:\/\/uj.adatbank.ro\/lexikon\/termek\/bornemisza-boldizsar-kapolnai-bornemissza-boldizsar\/"},"modified":"2025-06-28T17:07:38","modified_gmt":"2025-06-28T15:07:38","slug":"bornemisza-boldizsar-kapolnai-bornemissza-boldizsar","status":"publish","type":"product","link":"https:\/\/uj.adatbank.ro\/lexikon\/termek\/bornemisza-boldizsar-kapolnai-bornemissza-boldizsar\/","title":{"rendered":"BORNEMISZA Boldizs\u00e1r, k\u00e1polnai, Bornemissza Boldizs\u00e1r"},"content":{"rendered":"<p>? \u2020 ? : f\u0151kapit\u00e1ny. \u2013 A K\u00e1polnai B. csal\u00e1d tagja. \u2013 Orsz\u00e1gos f\u0151kapit\u00e1ny volt (1541). Az \u00e1d\u00e1mosi templom kazett\u00e1s festett mennyezet\u00e9n meg\u00f6r\u00f6k\u00edtett c\u00edmer az \u00c1d\u00e1moson is birtokos K\u00e1polnai B. csal\u00e1d\u00e9 (1526). A M. Nemzeti M\u00fazeum v\u00e1s\u00e1rolta meg (1900), majd a N\u00e9prajzi M\u00fazeumba kapott helyet. <br \/><strong>Irod.:<\/strong> Kelemen Lajos; L\u00e9sty\u00e1n \u2013 templomok 2.<\/br><\/p>\n","protected":false},"excerpt":{"rendered":"<p>? \u2020 ? : f\u0151kapit\u00e1ny. \u2013 A K\u00e1polnai B. csal\u00e1d tagja. \u2013 Orsz\u00e1gos f\u0151kapit\u00e1ny volt (1541). Az \u00e1d\u00e1mosi templom kazett\u00e1s festett mennyezet\u00e9n meg\u00f6r\u00f6k\u00edtett c\u00edmer az \u00c1d\u00e1moson is birtokos K\u00e1polnai B. csal\u00e1d\u00e9 (1526). A M. Nemzeti M\u00fazeum v\u00e1s\u00e1rolta meg (1900), majd a N\u00e9prajzi M\u00fazeumba kapott helyet. Irod.: Kelemen Lajos; L\u00e9sty\u00e1n \u2013 templomok 2.<\/p>\n","protected":false},"featured_media":0,"comment_status":"open","ping_status":"closed","template":"","meta":[],"product_brand":[],"product_cat":[137],"product_tag":[],"class_list":{"0":"post-5220","1":"product","2":"type-product","3":"status-publish","5":"product_cat-maros-megyei-eletrajzi-lexikon","7":"first","8":"instock","9":"shipping-taxable","10":"product-type-simple"},"_links":{"self":[{"href":"https:\/\/uj.adatbank.ro\/lexikon\/wp-json\/wp\/v2\/product\/5220","targetHints":{"allow":["GET"]}}],"collection":[{"href":"https:\/\/uj.adatbank.ro\/lexikon\/wp-json\/wp\/v2\/product"}],"about":[{"href":"https:\/\/uj.adatbank.ro\/lexikon\/wp-json\/wp\/v2\/types\/product"}],"replies":[{"embeddable":true,"href":"https:\/\/uj.adatbank.ro\/lexikon\/wp-json\/wp\/v2\/comments?post=5220"}],"wp:attachment":[{"href":"https:\/\/uj.adatbank.ro\/lexikon\/wp-json\/wp\/v2\/media?parent=5220"}],"wp:term":[{"taxonomy":"product_brand","embeddable":true,"href":"https:\/\/uj.adatbank.ro\/lexikon\/wp-json\/wp\/v2\/product_brand?post=5220"},{"taxonomy":"product_cat","embeddable":true,"href":"https:\/\/uj.adatbank.ro\/lexikon\/wp-json\/wp\/v2\/product_cat?post=5220"},{"taxonomy":"product_tag","embeddable":true,"href":"https:\/\/uj.adatbank.ro\/lexikon\/wp-json\/wp\/v2\/product_tag?post=5220"}],"curies":[{"name":"wp","href":"https:\/\/api.w.org\/{rel}","templated":true}]}}