{"id":5226,"date":"2025-06-28T17:07:52","date_gmt":"2025-06-28T15:07:52","guid":{"rendered":"https:\/\/uj.adatbank.ro\/lexikon\/termek\/bornemisza-ilona-sz-boer-ilona\/"},"modified":"2025-06-28T17:07:52","modified_gmt":"2025-06-28T15:07:52","slug":"bornemisza-ilona-sz-boer-ilona","status":"publish","type":"product","link":"https:\/\/uj.adatbank.ro\/lexikon\/termek\/bornemisza-ilona-sz-boer-ilona\/","title":{"rendered":"BORNEMISZA Ilona, sz. Bo\u00e9r Ilona"},"content":{"rendered":"<p>? \u2020\u00a0? : f\u00f6ldbirtokos. \u2013 Gog\u00e1nv\u00e1ralj\u00e1n a birtok\u00e1ban 114 hold \u00e9s 1274 n\u00f6. f\u00f6ld tartozott. A f\u00f6ldoszt\u00e1skor k\u00f6zel 11 hold f\u00f6ldj\u00e9t saj\u00e1tatott\u00e1k ki (1922). A kisaj\u00e1t\u00edtott f\u00f6ldekre \u00e9s bels\u0151s\u00e9gekre rom\u00e1n tannyelv\u0171 iskol\u00e1t, g. kat. templomot, papi \u00e9s k\u00e1ntorlak\u00e1st, ort. par\u00f3ki\u00e1t, csend\u0151r\u00f6rs\u00f6t, stb. \u00e9p\u00edtettek, illetve rom\u00e1n nemzetis\u00e9g\u0171eknek h\u00e1zhelyet b\u00edztos\u00edtottak. A val\u00f3s birtokbav\u00e9telt egy megyei bizotts\u00e1g v\u00e9gleges\u00edtette (1927\u201330). <br \/><strong>Irod.:<\/strong> Prozan<\/br><\/p>\n","protected":false},"excerpt":{"rendered":"<p>? \u2020\u00a0? : f\u00f6ldbirtokos. \u2013 Gog\u00e1nv\u00e1ralj\u00e1n a birtok\u00e1ban 114 hold \u00e9s 1274 n\u00f6. f\u00f6ld tartozott. A f\u00f6ldoszt\u00e1skor k\u00f6zel 11 hold f\u00f6ldj\u00e9t saj\u00e1tatott\u00e1k ki (1922). A kisaj\u00e1t\u00edtott f\u00f6ldekre \u00e9s bels\u0151s\u00e9gekre rom\u00e1n tannyelv\u0171 iskol\u00e1t, g. kat. templomot, papi \u00e9s k\u00e1ntorlak\u00e1st, ort. par\u00f3ki\u00e1t, csend\u0151r\u00f6rs\u00f6t, stb. \u00e9p\u00edtettek, illetve rom\u00e1n nemzetis\u00e9g\u0171eknek h\u00e1zhelyet b\u00edztos\u00edtottak. A val\u00f3s birtokbav\u00e9telt egy megyei bizotts\u00e1g v\u00e9gleges\u00edtette [&hellip;]<\/p>\n","protected":false},"featured_media":0,"comment_status":"open","ping_status":"closed","template":"","meta":[],"product_brand":[],"product_cat":[137],"product_tag":[],"class_list":{"0":"post-5226","1":"product","2":"type-product","3":"status-publish","5":"product_cat-maros-megyei-eletrajzi-lexikon","7":"first","8":"instock","9":"shipping-taxable","10":"product-type-simple"},"_links":{"self":[{"href":"https:\/\/uj.adatbank.ro\/lexikon\/wp-json\/wp\/v2\/product\/5226","targetHints":{"allow":["GET"]}}],"collection":[{"href":"https:\/\/uj.adatbank.ro\/lexikon\/wp-json\/wp\/v2\/product"}],"about":[{"href":"https:\/\/uj.adatbank.ro\/lexikon\/wp-json\/wp\/v2\/types\/product"}],"replies":[{"embeddable":true,"href":"https:\/\/uj.adatbank.ro\/lexikon\/wp-json\/wp\/v2\/comments?post=5226"}],"wp:attachment":[{"href":"https:\/\/uj.adatbank.ro\/lexikon\/wp-json\/wp\/v2\/media?parent=5226"}],"wp:term":[{"taxonomy":"product_brand","embeddable":true,"href":"https:\/\/uj.adatbank.ro\/lexikon\/wp-json\/wp\/v2\/product_brand?post=5226"},{"taxonomy":"product_cat","embeddable":true,"href":"https:\/\/uj.adatbank.ro\/lexikon\/wp-json\/wp\/v2\/product_cat?post=5226"},{"taxonomy":"product_tag","embeddable":true,"href":"https:\/\/uj.adatbank.ro\/lexikon\/wp-json\/wp\/v2\/product_tag?post=5226"}],"curies":[{"name":"wp","href":"https:\/\/api.w.org\/{rel}","templated":true}]}}

BORNEMISZA Ilona, sz. Boér Ilona

<p>? † ? : földbirtokos. – Gogánváralján a birtokában 114 hold és 1274 nö. föld tartozott. A földosztáskor közel 11 hold földjét sajátatották ki (1922). A kisajátított földekre és belsőségekre román tannyelvű iskolát, g. kat. templomot, papi és kántorlakást, ort. parókiát, csendőrörsöt, stb. építettek, illetve román nemzetiségűeknek házhelyet bíztosítottak. A valós birtokbavételt egy megyei bizottság véglegesítette (1927–30). <br /><strong>Irod.:</strong> Prozan</br></p>

<p>? † ? : földbirtokos. – Gogánváralján a birtokában 114 hold és 1274 nö. föld tartozott. A földosztáskor közel 11 hold földjét sajátatották ki (1922). A kisajátított földekre és belsőségekre román tannyelvű iskolát, g. kat. templomot, papi és kántorlakást, ort. parókiát, csendőrörsöt, stb. építettek, illetve román nemzetiségűeknek házhelyet bíztosítottak. A valós birtokbavételt egy megyei bizottság véglegesítette [&hellip;]</p>
